{"id":448,"date":"2017-12-13T08:45:22","date_gmt":"2017-12-13T08:45:22","guid":{"rendered":"https:\/\/blogsaverroes.juntadeandalucia.es\/cepguadix\/?page_id=448"},"modified":"2017-12-13T08:45:22","modified_gmt":"2017-12-13T08:45:22","slug":"fp","status":"publish","type":"page","link":"https:\/\/blogsaverroes.juntadeandalucia.es\/cepguadix\/fp\/","title":{"rendered":"FP"},"content":{"rendered":"<div class=\"pt-cv-wrapper\"><div class=\"pt-cv-view pt-cv-grid pt-cv-colsys\" id=\"pt-cv-view-9cb5df3dh8\"><div data-id=\"pt-cv-page-1\" class=\"pt-cv-page\" data-cvc=\"2\"><div class=\"col-md-6 col-sm-6 col-xs-12 pt-cv-content-item pt-cv-1-col\" ><div class='pt-cv-ifield'><a href=\"https:\/\/blogsaverroes.juntadeandalucia.es\/cepguadix\/2024\/10\/21\/celebramos-los-erasmus-days\/\" class=\"_self pt-cv-href-thumbnail pt-cv-thumb-default\" target=\"_self\" ><img loading=\"lazy\" decoding=\"async\" width=\"150\" height=\"150\" src=\"https:\/\/blogsaverroes.juntadeandalucia.es\/cepguadix\/files\/2026\/04\/ICONO-INTERNACIONALIZACION-v2.png\" class=\"pt-cv-thumbnail\" alt=\"\" \/><\/a>\n<h4 class=\"pt-cv-title\"><a href=\"https:\/\/blogsaverroes.juntadeandalucia.es\/cepguadix\/2024\/10\/21\/celebramos-los-erasmus-days\/\" class=\"_self\" target=\"_self\" >CELEBRAMOS LOS ERASMUS DAYS<\/a><\/h4>\n<div class=\"pt-cv-content\">Entre el 14 y el 18 de octubre se celebran los Erasmus Days, una celebraci\u00f3n internacional para dar a conocer ...<br \/><div class=\"pt-cv-rmwrap\"><a href=\"https:\/\/blogsaverroes.juntadeandalucia.es\/cepguadix\/2024\/10\/21\/celebramos-los-erasmus-days\/\" class=\"_self pt-cv-readmore btn btn-success\" target=\"_self\">Leer M\u00e1s<\/a><\/div><\/div><\/div><\/div>\n<div class=\"col-md-6 col-sm-6 col-xs-12 pt-cv-content-item pt-cv-1-col\" ><div class='pt-cv-ifield'><a href=\"https:\/\/blogsaverroes.juntadeandalucia.es\/cepguadix\/2024\/06\/05\/metodologias-inclusivas-marco-dua\/\" class=\"_self pt-cv-href-thumbnail pt-cv-thumb-default\" target=\"_self\" ><img loading=\"lazy\" decoding=\"async\" width=\"150\" height=\"150\" src=\"https:\/\/blogsaverroes.juntadeandalucia.es\/cepguadix\/files\/2025\/06\/ICONO-METODOLOGIAS.png\" class=\"pt-cv-thumbnail\" alt=\"\" \/><\/a>\n<h4 class=\"pt-cv-title\"><a href=\"https:\/\/blogsaverroes.juntadeandalucia.es\/cepguadix\/2024\/06\/05\/metodologias-inclusivas-marco-dua\/\" class=\"_self\" target=\"_self\" >METODOLOG\u00cdAS INCLUSIVAS MARCO DUA<\/a><\/h4>\n<div class=\"pt-cv-content\">Centro: IES Acci, IES Pedro Antonio de Alarc\u00f3n Localidad: Guadix Etapa: Secundaria, FPB, Bachillerato, Ciclos FP DESCRIPCI\u00d3N: Esta Formaci\u00f3n Intercentros, ...<br \/><div class=\"pt-cv-rmwrap\"><a href=\"https:\/\/blogsaverroes.juntadeandalucia.es\/cepguadix\/2024\/06\/05\/metodologias-inclusivas-marco-dua\/\" class=\"_self pt-cv-readmore btn btn-success\" target=\"_self\">Leer M\u00e1s<\/a><\/div><\/div><\/div><\/div><\/div><\/div><\/div>\n","protected":false},"excerpt":{"rendered":"","protected":false},"author":5139,"featured_media":0,"parent":0,"menu_order":0,"comment_status":"closed","ping_status":"closed","template":"","meta":{"ngg_post_thumbnail":0,"footnotes":""},"aioseo_notices":[],"_links":{"self":[{"href":"https:\/\/blogsaverroes.juntadeandalucia.es\/cepguadix\/wp-json\/wp\/v2\/pages\/448"}],"collection":[{"href":"https:\/\/blogsaverroes.juntadeandalucia.es\/cepguadix\/wp-json\/wp\/v2\/pages"}],"about":[{"href":"https:\/\/blogsaverroes.juntadeandalucia.es\/cepguadix\/wp-json\/wp\/v2\/types\/page"}],"author":[{"embeddable":true,"href":"https:\/\/blogsaverroes.juntadeandalucia.es\/cepguadix\/wp-json\/wp\/v2\/users\/5139"}],"replies":[{"embeddable":true,"href":"https:\/\/blogsaverroes.juntadeandalucia.es\/cepguadix\/wp-json\/wp\/v2\/comments?post=448"}],"version-history":[{"count":1,"href":"https:\/\/blogsaverroes.juntadeandalucia.es\/cepguadix\/wp-json\/wp\/v2\/pages\/448\/revisions"}],"predecessor-version":[{"id":449,"href":"https:\/\/blogsaverroes.juntadeandalucia.es\/cepguadix\/wp-json\/wp\/v2\/pages\/448\/revisions\/449"}],"wp:attachment":[{"href":"https:\/\/blogsaverroes.juntadeandalucia.es\/cepguadix\/wp-json\/wp\/v2\/media?parent=448"}],"curies":[{"name":"wp","href":"https:\/\/api.w.org\/{rel}","templated":true}]}}

<div class="pt-cv-wrapper"><div class="pt-cv-view pt-cv-grid pt-cv-colsys" id="pt-cv-view-9cb5df3dh8"><div data-id="pt-cv-page-1" class="pt-cv-page" data-cvc="2"><div class="col-md-6 col-sm-6 col-xs-12 pt-cv-content-item pt-cv-1-col" ><div class='pt-cv-ifield'><a href="https://blogsaverroes.juntadeandalucia.es/cepguadix/2024/10/21/celebramos-los-erasmus-days/" class="_self pt-cv-href-thumbnail pt-cv-thumb-default" target="_self" ><img loading="lazy" decoding="async" width="150" height="150" src="https://blogsaverroes.juntadeandalucia.es/cepguadix/files/2026/04/ICONO-INTERNACIONALIZACION-v2.png" class="pt-cv-thumbnail" alt="" /></a>
<h4 class="pt-cv-title"><a href="https://blogsaverroes.juntadeandalucia.es/cepguadix/2024/10/21/celebramos-los-erasmus-days/" class="_self" target="_self" >CELEBRAMOS LOS ERASMUS DAYS</a></h4>
<div class="pt-cv-content">Entre el 14 y el 18 de octubre se celebran los Erasmus Days, una celebración internacional para dar a conocer ...<br /><div class="pt-cv-rmwrap"><a href="https://blogsaverroes.juntadeandalucia.es/cepguadix/2024/10/21/celebramos-los-erasmus-days/" class="_self pt-cv-readmore btn btn-success" target="_self">Leer Más</a></div></div></div></div>
<div class="col-md-6 col-sm-6 col-xs-12 pt-cv-content-item pt-cv-1-col" ><div class='pt-cv-ifield'><a href="https://blogsaverroes.juntadeandalucia.es/cepguadix/2024/06/05/metodologias-inclusivas-marco-dua/" class="_self pt-cv-href-thumbnail pt-cv-thumb-default" target="_self" ><img loading="lazy" decoding="async" width="150" height="150" src="https://blogsaverroes.juntadeandalucia.es/cepguadix/files/2025/06/ICONO-METODOLOGIAS.png" class="pt-cv-thumbnail" alt="" /></a>
<h4 class="pt-cv-title"><a href="https://blogsaverroes.juntadeandalucia.es/cepguadix/2024/06/05/metodologias-inclusivas-marco-dua/" class="_self" target="_self" >METODOLOGÍAS INCLUSIVAS MARCO DUA</a></h4>
<div class="pt-cv-content">Centro: IES Acci, IES Pedro Antonio de Alarcón Localidad: Guadix Etapa: Secundaria, FPB, Bachillerato, Ciclos FP DESCRIPCIÓN: Esta Formación Intercentros, ...<br /><div class="pt-cv-rmwrap"><a href="https://blogsaverroes.juntadeandalucia.es/cepguadix/2024/06/05/metodologias-inclusivas-marco-dua/" class="_self pt-cv-readmore btn btn-success" target="_self">Leer Más</a></div></div></div></div></div></div></div>
