{"id":609,"date":"2018-05-11T11:19:46","date_gmt":"2018-05-11T11:19:46","guid":{"rendered":"https:\/\/blogsaverroes.juntadeandalucia.es\/cepguadix\/?page_id=609"},"modified":"2018-05-11T11:19:46","modified_gmt":"2018-05-11T11:19:46","slug":"metodologias","status":"publish","type":"page","link":"https:\/\/blogsaverroes.juntadeandalucia.es\/cepguadix\/metodologias\/","title":{"rendered":"Metodolog\u00edas"},"content":{"rendered":"<div class=\"pt-cv-wrapper\"><div class=\"pt-cv-view pt-cv-grid pt-cv-colsys\" id=\"pt-cv-view-9a6c31ceos\"><div data-id=\"pt-cv-page-1\" class=\"pt-cv-page\" data-cvc=\"2\"><div class=\"col-md-6 col-sm-6 col-xs-12 pt-cv-content-item pt-cv-1-col\" ><div class='pt-cv-ifield'><a href=\"https:\/\/blogsaverroes.juntadeandalucia.es\/cepguadix\/2025\/06\/02\/trabajo-cooperativo-receta-de-lasana\/\" class=\"_self pt-cv-href-thumbnail pt-cv-thumb-default\" target=\"_self\" ><img loading=\"lazy\" decoding=\"async\" width=\"150\" height=\"150\" src=\"https:\/\/blogsaverroes.juntadeandalucia.es\/cepguadix\/files\/2025\/06\/ICONO-METODOLOGIAS.png\" class=\"pt-cv-thumbnail\" alt=\"\" \/><\/a>\n<h4 class=\"pt-cv-title\"><a href=\"https:\/\/blogsaverroes.juntadeandalucia.es\/cepguadix\/2025\/06\/02\/trabajo-cooperativo-receta-de-lasana\/\" class=\"_self\" target=\"_self\" >TRABAJO COOPERATIVO: RECETA DE LASA\u00d1A<\/a><\/h4>\n<div class=\"pt-cv-content\">Centro: IES Montes Orientales Localidad: Iznalloz Etapa: Primaria y Secundaria DESCRIPCI\u00d3N: En el contexto educativo actual, la inclusi\u00f3n es una ...<br \/><div class=\"pt-cv-rmwrap\"><a href=\"https:\/\/blogsaverroes.juntadeandalucia.es\/cepguadix\/2025\/06\/02\/trabajo-cooperativo-receta-de-lasana\/\" class=\"_self pt-cv-readmore btn btn-success\" target=\"_self\">Leer M\u00e1s<\/a><\/div><\/div><\/div><\/div>\n<div class=\"col-md-6 col-sm-6 col-xs-12 pt-cv-content-item pt-cv-1-col\" ><div class='pt-cv-ifield'><a href=\"https:\/\/blogsaverroes.juntadeandalucia.es\/cepguadix\/2025\/05\/28\/las-edades-del-hombre\/\" class=\"_self pt-cv-href-thumbnail pt-cv-thumb-default\" target=\"_self\" ><img loading=\"lazy\" decoding=\"async\" width=\"150\" height=\"150\" src=\"https:\/\/blogsaverroes.juntadeandalucia.es\/cepguadix\/files\/2025\/06\/ICONO-METODOLOGIAS.png\" class=\"pt-cv-thumbnail\" alt=\"\" \/><\/a>\n<h4 class=\"pt-cv-title\"><a href=\"https:\/\/blogsaverroes.juntadeandalucia.es\/cepguadix\/2025\/05\/28\/las-edades-del-hombre\/\" class=\"_self\" target=\"_self\" >LAS EDADES DEL HOMBRE<\/a><\/h4>\n<div class=\"pt-cv-content\">Centro: CEIP Ru\u00edz del Peral Localidad: Guadix Etapa: Infantil y Primaria DESCRIPCI\u00d3N: Este curso escolar, el CEIP Ruiz del Peral ...<br \/><div class=\"pt-cv-rmwrap\"><a href=\"https:\/\/blogsaverroes.juntadeandalucia.es\/cepguadix\/2025\/05\/28\/las-edades-del-hombre\/\" class=\"_self pt-cv-readmore btn btn-success\" target=\"_self\">Leer M\u00e1s<\/a><\/div><\/div><\/div><\/div>\n<div class=\"col-md-6 col-sm-6 col-xs-12 pt-cv-content-item pt-cv-1-col\" ><div class='pt-cv-ifield'><a href=\"https:\/\/blogsaverroes.juntadeandalucia.es\/cepguadix\/2025\/05\/28\/estimulacion-sensorial-y-apoyos-visuales-para-la-intervencion-del-alumnado-neae\/\" class=\"_self pt-cv-href-thumbnail pt-cv-thumb-default\" target=\"_self\" ><img loading=\"lazy\" decoding=\"async\" width=\"150\" height=\"150\" src=\"https:\/\/blogsaverroes.juntadeandalucia.es\/cepguadix\/files\/2025\/06\/ICONO-METODOLOGIAS.png\" class=\"pt-cv-thumbnail\" alt=\"\" \/><\/a>\n<h4 class=\"pt-cv-title\"><a href=\"https:\/\/blogsaverroes.juntadeandalucia.es\/cepguadix\/2025\/05\/28\/estimulacion-sensorial-y-apoyos-visuales-para-la-intervencion-del-alumnado-neae\/\" class=\"_self\" target=\"_self\" >ESTIMULACI\u00d3N SENSORIAL Y APOYOS VISUALES PARA LA INTERVENCI\u00d3N DEL ALUMNADO NEAE<\/a><\/h4>\n<div class=\"pt-cv-content\">Centro: CEIP Andaluc\u00eda Localidad: Benal\u00faa Etapa: Infantil y Primaria DESCRIPCI\u00d3N: Con este Grupo de Trabajo hemos querido dise\u00f1ar un programa ...<br \/><div class=\"pt-cv-rmwrap\"><a href=\"https:\/\/blogsaverroes.juntadeandalucia.es\/cepguadix\/2025\/05\/28\/estimulacion-sensorial-y-apoyos-visuales-para-la-intervencion-del-alumnado-neae\/\" class=\"_self pt-cv-readmore btn btn-success\" target=\"_self\">Leer M\u00e1s<\/a><\/div><\/div><\/div><\/div>\n<div class=\"col-md-6 col-sm-6 col-xs-12 pt-cv-content-item pt-cv-1-col\" ><div class='pt-cv-ifield'><a href=\"https:\/\/blogsaverroes.juntadeandalucia.es\/cepguadix\/2025\/05\/28\/aula-del-futuro\/\" class=\"_self pt-cv-href-thumbnail pt-cv-thumb-default\" target=\"_self\" ><img loading=\"lazy\" decoding=\"async\" width=\"150\" height=\"150\" src=\"https:\/\/blogsaverroes.juntadeandalucia.es\/cepguadix\/files\/2025\/06\/ICONO-METODOLOGIAS.png\" class=\"pt-cv-thumbnail\" alt=\"\" \/><\/a>\n<h4 class=\"pt-cv-title\"><a href=\"https:\/\/blogsaverroes.juntadeandalucia.es\/cepguadix\/2025\/05\/28\/aula-del-futuro\/\" class=\"_self\" target=\"_self\" >AULA DEL FUTURO<\/a><\/h4>\n<div class=\"pt-cv-content\">Centro: CEIP Adelantado Pedro de Mendoza Localidad: Guadix Etapa: Infantil y Primaria DESCRIPCI\u00d3N: El Aula del Futuro es un concepto ...<br \/><div class=\"pt-cv-rmwrap\"><a href=\"https:\/\/blogsaverroes.juntadeandalucia.es\/cepguadix\/2025\/05\/28\/aula-del-futuro\/\" class=\"_self pt-cv-readmore btn btn-success\" target=\"_self\">Leer M\u00e1s<\/a><\/div><\/div><\/div><\/div>\n<div class=\"col-md-6 col-sm-6 col-xs-12 pt-cv-content-item pt-cv-1-col\" ><div class='pt-cv-ifield'><a href=\"https:\/\/blogsaverroes.juntadeandalucia.es\/cepguadix\/2024\/06\/05\/metodologias-inclusivas-marco-dua\/\" class=\"_self pt-cv-href-thumbnail pt-cv-thumb-default\" target=\"_self\" ><img loading=\"lazy\" decoding=\"async\" width=\"150\" height=\"150\" src=\"https:\/\/blogsaverroes.juntadeandalucia.es\/cepguadix\/files\/2025\/06\/ICONO-METODOLOGIAS.png\" class=\"pt-cv-thumbnail\" alt=\"\" \/><\/a>\n<h4 class=\"pt-cv-title\"><a href=\"https:\/\/blogsaverroes.juntadeandalucia.es\/cepguadix\/2024\/06\/05\/metodologias-inclusivas-marco-dua\/\" class=\"_self\" target=\"_self\" >METODOLOG\u00cdAS INCLUSIVAS MARCO DUA<\/a><\/h4>\n<div class=\"pt-cv-content\">Centro: IES Acci, IES Pedro Antonio de Alarc\u00f3n Localidad: Guadix Etapa: Secundaria, FPB, Bachillerato, Ciclos FP DESCRIPCI\u00d3N: Esta Formaci\u00f3n Intercentros, ...<br \/><div class=\"pt-cv-rmwrap\"><a href=\"https:\/\/blogsaverroes.juntadeandalucia.es\/cepguadix\/2024\/06\/05\/metodologias-inclusivas-marco-dua\/\" class=\"_self pt-cv-readmore btn btn-success\" target=\"_self\">Leer M\u00e1s<\/a><\/div><\/div><\/div><\/div>\n<div class=\"col-md-6 col-sm-6 col-xs-12 pt-cv-content-item pt-cv-1-col\" ><div class='pt-cv-ifield'><a href=\"https:\/\/blogsaverroes.juntadeandalucia.es\/cepguadix\/2024\/06\/04\/elaboramos-materiales-digitales-con-exelearning\/\" class=\"_self pt-cv-href-thumbnail pt-cv-thumb-default\" target=\"_self\" ><img loading=\"lazy\" decoding=\"async\" width=\"150\" height=\"150\" src=\"https:\/\/blogsaverroes.juntadeandalucia.es\/cepguadix\/files\/2025\/06\/ICONO-METODOLOGIAS.png\" class=\"pt-cv-thumbnail\" alt=\"\" \/><\/a>\n<h4 class=\"pt-cv-title\"><a href=\"https:\/\/blogsaverroes.juntadeandalucia.es\/cepguadix\/2024\/06\/04\/elaboramos-materiales-digitales-con-exelearning\/\" class=\"_self\" target=\"_self\" >ELABORAMOS MATERIALES DIGITALES CON EXELEARNING<\/a><\/h4>\n<div class=\"pt-cv-content\">Centro: CEPER Los Montes, CEPER Guamenze, Secci\u00f3n de Adultos IES Pedro Antonio de Alarc\u00f3n Localidad: Zona Educativa de Guadix e ...<br \/><div class=\"pt-cv-rmwrap\"><a href=\"https:\/\/blogsaverroes.juntadeandalucia.es\/cepguadix\/2024\/06\/04\/elaboramos-materiales-digitales-con-exelearning\/\" class=\"_self pt-cv-readmore btn btn-success\" target=\"_self\">Leer M\u00e1s<\/a><\/div><\/div><\/div><\/div>\n<div class=\"col-md-6 col-sm-6 col-xs-12 pt-cv-content-item pt-cv-1-col\" ><div class='pt-cv-ifield'><a href=\"https:\/\/blogsaverroes.juntadeandalucia.es\/cepguadix\/2018\/05\/11\/unidades-didacticas-integradas-ceip-san-antonio\/\" class=\"_self pt-cv-href-thumbnail pt-cv-thumb-default\" target=\"_self\" ><img loading=\"lazy\" decoding=\"async\" width=\"150\" height=\"150\" src=\"https:\/\/blogsaverroes.juntadeandalucia.es\/cepguadix\/files\/2025\/06\/ICONO-METODOLOGIAS.png\" class=\"pt-cv-thumbnail\" alt=\"\" \/><\/a>\n<h4 class=\"pt-cv-title\"><a href=\"https:\/\/blogsaverroes.juntadeandalucia.es\/cepguadix\/2018\/05\/11\/unidades-didacticas-integradas-ceip-san-antonio\/\" class=\"_self\" target=\"_self\" >UNIDADES DID\u00c1CTICAS INTEGRADAS (CEIP San Antonio)<\/a><\/h4>\n<div class=\"pt-cv-content\">Centro: CEIP San Antonio Localidad: Alamedilla Etapa: Infantil \/ Primaria DESCRIPCI\u00d3N: Desde el centro se ha apostado desde hace dos ...<br \/><div class=\"pt-cv-rmwrap\"><a href=\"https:\/\/blogsaverroes.juntadeandalucia.es\/cepguadix\/2018\/05\/11\/unidades-didacticas-integradas-ceip-san-antonio\/\" class=\"_self pt-cv-readmore btn btn-success\" target=\"_self\">Leer M\u00e1s<\/a><\/div><\/div><\/div><\/div><\/div><\/div><\/div>\n","protected":false},"excerpt":{"rendered":"","protected":false},"author":5139,"featured_media":0,"parent":0,"menu_order":0,"comment_status":"closed","ping_status":"closed","template":"","meta":{"ngg_post_thumbnail":0,"footnotes":""},"aioseo_notices":[],"_links":{"self":[{"href":"https:\/\/blogsaverroes.juntadeandalucia.es\/cepguadix\/wp-json\/wp\/v2\/pages\/609"}],"collection":[{"href":"https:\/\/blogsaverroes.juntadeandalucia.es\/cepguadix\/wp-json\/wp\/v2\/pages"}],"about":[{"href":"https:\/\/blogsaverroes.juntadeandalucia.es\/cepguadix\/wp-json\/wp\/v2\/types\/page"}],"author":[{"embeddable":true,"href":"https:\/\/blogsaverroes.juntadeandalucia.es\/cepguadix\/wp-json\/wp\/v2\/users\/5139"}],"replies":[{"embeddable":true,"href":"https:\/\/blogsaverroes.juntadeandalucia.es\/cepguadix\/wp-json\/wp\/v2\/comments?post=609"}],"version-history":[{"count":1,"href":"https:\/\/blogsaverroes.juntadeandalucia.es\/cepguadix\/wp-json\/wp\/v2\/pages\/609\/revisions"}],"predecessor-version":[{"id":610,"href":"https:\/\/blogsaverroes.juntadeandalucia.es\/cepguadix\/wp-json\/wp\/v2\/pages\/609\/revisions\/610"}],"wp:attachment":[{"href":"https:\/\/blogsaverroes.juntadeandalucia.es\/cepguadix\/wp-json\/wp\/v2\/media?parent=609"}],"curies":[{"name":"wp","href":"https:\/\/api.w.org\/{rel}","templated":true}]}}

Metodologías

<div class="pt-cv-wrapper"><div class="pt-cv-view pt-cv-grid pt-cv-colsys" id="pt-cv-view-9a6c31ceos"><div data-id="pt-cv-page-1" class="pt-cv-page" data-cvc="2"><div class="col-md-6 col-sm-6 col-xs-12 pt-cv-content-item pt-cv-1-col" ><div class='pt-cv-ifield'><a href="https://blogsaverroes.juntadeandalucia.es/cepguadix/2025/06/02/trabajo-cooperativo-receta-de-lasana/" class="_self pt-cv-href-thumbnail pt-cv-thumb-default" target="_self" ><img loading="lazy" decoding="async" width="150" height="150" src="https://blogsaverroes.juntadeandalucia.es/cepguadix/files/2025/06/ICONO-METODOLOGIAS.png" class="pt-cv-thumbnail" alt="" /></a>
<h4 class="pt-cv-title"><a href="https://blogsaverroes.juntadeandalucia.es/cepguadix/2025/06/02/trabajo-cooperativo-receta-de-lasana/" class="_self" target="_self" >TRABAJO COOPERATIVO: RECETA DE LASAÑA</a></h4>
<div class="pt-cv-content">Centro: IES Montes Orientales Localidad: Iznalloz Etapa: Primaria y Secundaria DESCRIPCIÓN: En el contexto educativo actual, la inclusión es una ...<br /><div class="pt-cv-rmwrap"><a href="https://blogsaverroes.juntadeandalucia.es/cepguadix/2025/06/02/trabajo-cooperativo-receta-de-lasana/" class="_self pt-cv-readmore btn btn-success" target="_self">Leer Más</a></div></div></div></div>
<div class="col-md-6 col-sm-6 col-xs-12 pt-cv-content-item pt-cv-1-col" ><div class='pt-cv-ifield'><a href="https://blogsaverroes.juntadeandalucia.es/cepguadix/2025/05/28/las-edades-del-hombre/" class="_self pt-cv-href-thumbnail pt-cv-thumb-default" target="_self" ><img loading="lazy" decoding="async" width="150" height="150" src="https://blogsaverroes.juntadeandalucia.es/cepguadix/files/2025/06/ICONO-METODOLOGIAS.png" class="pt-cv-thumbnail" alt="" /></a>
<h4 class="pt-cv-title"><a href="https://blogsaverroes.juntadeandalucia.es/cepguadix/2025/05/28/las-edades-del-hombre/" class="_self" target="_self" >LAS EDADES DEL HOMBRE</a></h4>
<div class="pt-cv-content">Centro: CEIP Ruíz del Peral Localidad: Guadix Etapa: Infantil y Primaria DESCRIPCIÓN: Este curso escolar, el CEIP Ruiz del Peral ...<br /><div class="pt-cv-rmwrap"><a href="https://blogsaverroes.juntadeandalucia.es/cepguadix/2025/05/28/las-edades-del-hombre/" class="_self pt-cv-readmore btn btn-success" target="_self">Leer Más</a></div></div></div></div>
<div class="col-md-6 col-sm-6 col-xs-12 pt-cv-content-item pt-cv-1-col" ><div class='pt-cv-ifield'><a href="https://blogsaverroes.juntadeandalucia.es/cepguadix/2025/05/28/estimulacion-sensorial-y-apoyos-visuales-para-la-intervencion-del-alumnado-neae/" class="_self pt-cv-href-thumbnail pt-cv-thumb-default" target="_self" ><img loading="lazy" decoding="async" width="150" height="150" src="https://blogsaverroes.juntadeandalucia.es/cepguadix/files/2025/06/ICONO-METODOLOGIAS.png" class="pt-cv-thumbnail" alt="" /></a>
<h4 class="pt-cv-title"><a href="https://blogsaverroes.juntadeandalucia.es/cepguadix/2025/05/28/estimulacion-sensorial-y-apoyos-visuales-para-la-intervencion-del-alumnado-neae/" class="_self" target="_self" >ESTIMULACIÓN SENSORIAL Y APOYOS VISUALES PARA LA INTERVENCIÓN DEL ALUMNADO NEAE</a></h4>
<div class="pt-cv-content">Centro: CEIP Andalucía Localidad: Benalúa Etapa: Infantil y Primaria DESCRIPCIÓN: Con este Grupo de Trabajo hemos querido diseñar un programa ...<br /><div class="pt-cv-rmwrap"><a href="https://blogsaverroes.juntadeandalucia.es/cepguadix/2025/05/28/estimulacion-sensorial-y-apoyos-visuales-para-la-intervencion-del-alumnado-neae/" class="_self pt-cv-readmore btn btn-success" target="_self">Leer Más</a></div></div></div></div>
<div class="col-md-6 col-sm-6 col-xs-12 pt-cv-content-item pt-cv-1-col" ><div class='pt-cv-ifield'><a href="https://blogsaverroes.juntadeandalucia.es/cepguadix/2025/05/28/aula-del-futuro/" class="_self pt-cv-href-thumbnail pt-cv-thumb-default" target="_self" ><img loading="lazy" decoding="async" width="150" height="150" src="https://blogsaverroes.juntadeandalucia.es/cepguadix/files/2025/06/ICONO-METODOLOGIAS.png" class="pt-cv-thumbnail" alt="" /></a>
<h4 class="pt-cv-title"><a href="https://blogsaverroes.juntadeandalucia.es/cepguadix/2025/05/28/aula-del-futuro/" class="_self" target="_self" >AULA DEL FUTURO</a></h4>
<div class="pt-cv-content">Centro: CEIP Adelantado Pedro de Mendoza Localidad: Guadix Etapa: Infantil y Primaria DESCRIPCIÓN: El Aula del Futuro es un concepto ...<br /><div class="pt-cv-rmwrap"><a href="https://blogsaverroes.juntadeandalucia.es/cepguadix/2025/05/28/aula-del-futuro/" class="_self pt-cv-readmore btn btn-success" target="_self">Leer Más</a></div></div></div></div>
<div class="col-md-6 col-sm-6 col-xs-12 pt-cv-content-item pt-cv-1-col" ><div class='pt-cv-ifield'><a href="https://blogsaverroes.juntadeandalucia.es/cepguadix/2024/06/05/metodologias-inclusivas-marco-dua/" class="_self pt-cv-href-thumbnail pt-cv-thumb-default" target="_self" ><img loading="lazy" decoding="async" width="150" height="150" src="https://blogsaverroes.juntadeandalucia.es/cepguadix/files/2025/06/ICONO-METODOLOGIAS.png" class="pt-cv-thumbnail" alt="" /></a>
<h4 class="pt-cv-title"><a href="https://blogsaverroes.juntadeandalucia.es/cepguadix/2024/06/05/metodologias-inclusivas-marco-dua/" class="_self" target="_self" >METODOLOGÍAS INCLUSIVAS MARCO DUA</a></h4>
<div class="pt-cv-content">Centro: IES Acci, IES Pedro Antonio de Alarcón Localidad: Guadix Etapa: Secundaria, FPB, Bachillerato, Ciclos FP DESCRIPCIÓN: Esta Formación Intercentros, ...<br /><div class="pt-cv-rmwrap"><a href="https://blogsaverroes.juntadeandalucia.es/cepguadix/2024/06/05/metodologias-inclusivas-marco-dua/" class="_self pt-cv-readmore btn btn-success" target="_self">Leer Más</a></div></div></div></div>
<div class="col-md-6 col-sm-6 col-xs-12 pt-cv-content-item pt-cv-1-col" ><div class='pt-cv-ifield'><a href="https://blogsaverroes.juntadeandalucia.es/cepguadix/2024/06/04/elaboramos-materiales-digitales-con-exelearning/" class="_self pt-cv-href-thumbnail pt-cv-thumb-default" target="_self" ><img loading="lazy" decoding="async" width="150" height="150" src="https://blogsaverroes.juntadeandalucia.es/cepguadix/files/2025/06/ICONO-METODOLOGIAS.png" class="pt-cv-thumbnail" alt="" /></a>
<h4 class="pt-cv-title"><a href="https://blogsaverroes.juntadeandalucia.es/cepguadix/2024/06/04/elaboramos-materiales-digitales-con-exelearning/" class="_self" target="_self" >ELABORAMOS MATERIALES DIGITALES CON EXELEARNING</a></h4>
<div class="pt-cv-content">Centro: CEPER Los Montes, CEPER Guamenze, Sección de Adultos IES Pedro Antonio de Alarcón Localidad: Zona Educativa de Guadix e ...<br /><div class="pt-cv-rmwrap"><a href="https://blogsaverroes.juntadeandalucia.es/cepguadix/2024/06/04/elaboramos-materiales-digitales-con-exelearning/" class="_self pt-cv-readmore btn btn-success" target="_self">Leer Más</a></div></div></div></div>
<div class="col-md-6 col-sm-6 col-xs-12 pt-cv-content-item pt-cv-1-col" ><div class='pt-cv-ifield'><a href="https://blogsaverroes.juntadeandalucia.es/cepguadix/2018/05/11/unidades-didacticas-integradas-ceip-san-antonio/" class="_self pt-cv-href-thumbnail pt-cv-thumb-default" target="_self" ><img loading="lazy" decoding="async" width="150" height="150" src="https://blogsaverroes.juntadeandalucia.es/cepguadix/files/2025/06/ICONO-METODOLOGIAS.png" class="pt-cv-thumbnail" alt="" /></a>
<h4 class="pt-cv-title"><a href="https://blogsaverroes.juntadeandalucia.es/cepguadix/2018/05/11/unidades-didacticas-integradas-ceip-san-antonio/" class="_self" target="_self" >UNIDADES DIDÁCTICAS INTEGRADAS (CEIP San Antonio)</a></h4>
<div class="pt-cv-content">Centro: CEIP San Antonio Localidad: Alamedilla Etapa: Infantil / Primaria DESCRIPCIÓN: Desde el centro se ha apostado desde hace dos ...<br /><div class="pt-cv-rmwrap"><a href="https://blogsaverroes.juntadeandalucia.es/cepguadix/2018/05/11/unidades-didacticas-integradas-ceip-san-antonio/" class="_self pt-cv-readmore btn btn-success" target="_self">Leer Más</a></div></div></div></div></div></div></div>
