{"id":775,"date":"2024-01-21T19:19:57","date_gmt":"2024-01-21T18:19:57","guid":{"rendered":"https:\/\/blogsaverroes.juntadeandalucia.es\/cepmotril\/?page_id=775"},"modified":"2024-01-24T11:44:31","modified_gmt":"2024-01-24T10:44:31","slug":"apoyo-a-nuestros-centros","status":"publish","type":"page","link":"https:\/\/blogsaverroes.juntadeandalucia.es\/cepmotril\/?page_id=775","title":{"rendered":"Apoyo a nuestros centros"},"content":{"rendered":"<p><img decoding=\"async\" class=\"size-medium wp-image-799 aligncenter\" src=\"https:\/\/blogsaverroes.juntadeandalucia.es\/cepmotril\/files\/2024\/01\/WhatsApp-Image-2024-01-20-at-12.27.06-2-300x73.jpeg\" alt=\"\" width=\"300\" height=\"73\"><\/p>\n<p>&nbsp;<\/p>\n<p style=\"text-align: center\"><strong>VISITA DE LA DELEGACI\u00d3N ESLOVENA DE LA UNIVERSIT\u00c0 POPULARE CSPODISTRIA KOPER<\/strong><\/p>\n<p style=\"text-align: center\">Como CEP, apoyamos a nuestros centros en todas sus experiencias de movilidad, especialmente con la acogida y recibimiento a las Delegaciones de Profesorado que forman parte de sus intercambios. En esta ocasi\u00f3n, fue un placer participar con uno de nuestros centros m\u00e1s activos en Erasmus, CEPER CEHEL, de Albu\u00f1ol.<\/p>\n<p style=\"text-align: center\"><img fetchpriority=\"high\" fetchpriority=\"high\" decoding=\"async\" class=\"size-medium wp-image-795 aligncenter\" src=\"https:\/\/blogsaverroes.juntadeandalucia.es\/cepmotril\/files\/2024\/01\/Captura-de-Pantalla-2024-01-21-a-las-19.46.52-300x298.png\" alt=\"\" width=\"300\" height=\"298\"><\/p>\n<p style=\"text-align: center\">&nbsp;<\/p>\n<div style=\"width: 1080px;\" class=\"wp-video\"><!--[if lt IE 9]><script>document.createElement('video');<\/script><![endif]-->\n<video class=\"wp-video-shortcode\" id=\"video-775-1\" width=\"1080\" height=\"1920\" preload=\"metadata\" controls=\"controls\"><source type=\"video\/mp4\" src=\"https:\/\/blogsaverroes.juntadeandalucia.es\/cepmotril\/files\/2024\/01\/317061626_3543558035917290_3545513056562209645_n.mp4?_=1\" \/><a href=\"https:\/\/blogsaverroes.juntadeandalucia.es\/cepmotril\/files\/2024\/01\/317061626_3543558035917290_3545513056562209645_n.mp4\">https:\/\/blogsaverroes.juntadeandalucia.es\/cepmotril\/files\/2024\/01\/317061626_3543558035917290_3545513056562209645_n.mp4<\/a><\/video><\/div>\n<p>&nbsp;<\/p>\n<p>&nbsp;<\/p>\n<p style=\"text-align: center\"><strong><br \/>\nVISITA DE LA DELEGACI\u00d3N FRANCESA DEL RECTORADO DE BOURDEAUX<\/strong><\/p>\n<p style=\"text-align: center\">Como resultado de nuestra experiencia de Job Shadowing en Bourdeaux, a finales de junio de 2023, nos visit\u00f3 una Delegaci\u00f3n de Profesionales del Rectorado de Bourdeaux, muy interesados en conocer de primera mano todo el trabajo que venimos realizando en nuestro CEP, para el desarrollo de la Competencia Digital Docente, y su materializaci\u00f3n en el aula.&nbsp;<\/p>\n<div style=\"width: 720px;\" class=\"wp-video\"><video class=\"wp-video-shortcode\" id=\"video-775-2\" width=\"720\" height=\"1280\" preload=\"metadata\" controls=\"controls\"><source type=\"video\/mp4\" src=\"https:\/\/blogsaverroes.juntadeandalucia.es\/cepmotril\/files\/2024\/01\/6040EA131DC974B21C605A72F988D597_video_dashinit.mp4?_=2\" \/><a href=\"https:\/\/blogsaverroes.juntadeandalucia.es\/cepmotril\/files\/2024\/01\/6040EA131DC974B21C605A72F988D597_video_dashinit.mp4\">https:\/\/blogsaverroes.juntadeandalucia.es\/cepmotril\/files\/2024\/01\/6040EA131DC974B21C605A72F988D597_video_dashinit.mp4<\/a><\/video><\/div>\n<p style=\"text-align: center\">&nbsp;<\/p>\n<p style=\"text-align: center\">&nbsp;<\/p>\n<p>&nbsp;<\/p>\n<p>&nbsp;<\/p>\n<p>&nbsp;<\/p>\n","protected":false},"excerpt":{"rendered":"<p>&nbsp; VISITA DE LA DELEGACI\u00d3N ESLOVENA DE LA UNIVERSIT\u00c0 POPULARE CSPODISTRIA KOPER Como CEP, apoyamos a nuestros centros en todas sus experiencias de movilidad, especialmente con la acogida y recibimiento a las Delegaciones de Profesorado que forman parte de sus intercambios. En esta ocasi\u00f3n, fue un placer participar con uno de nuestros centros m\u00e1s activos [&hellip;]<\/p>\n","protected":false},"author":15224,"featured_media":0,"parent":0,"menu_order":0,"comment_status":"closed","ping_status":"closed","template":"","meta":{"_et_pb_use_builder":"","_et_pb_old_content":"","_et_gb_content_width":"","ngg_post_thumbnail":0,"footnotes":""},"aioseo_notices":[],"_links":{"self":[{"href":"https:\/\/blogsaverroes.juntadeandalucia.es\/cepmotril\/index.php?rest_route=\/wp\/v2\/pages\/775"}],"collection":[{"href":"https:\/\/blogsaverroes.juntadeandalucia.es\/cepmotril\/index.php?rest_route=\/wp\/v2\/pages"}],"about":[{"href":"https:\/\/blogsaverroes.juntadeandalucia.es\/cepmotril\/index.php?rest_route=\/wp\/v2\/types\/page"}],"author":[{"embeddable":true,"href":"https:\/\/blogsaverroes.juntadeandalucia.es\/cepmotril\/index.php?rest_route=\/wp\/v2\/users\/15224"}],"replies":[{"embeddable":true,"href":"https:\/\/blogsaverroes.juntadeandalucia.es\/cepmotril\/index.php?rest_route=%2Fwp%2Fv2%2Fcomments&post=775"}],"version-history":[{"count":7,"href":"https:\/\/blogsaverroes.juntadeandalucia.es\/cepmotril\/index.php?rest_route=\/wp\/v2\/pages\/775\/revisions"}],"predecessor-version":[{"id":823,"href":"https:\/\/blogsaverroes.juntadeandalucia.es\/cepmotril\/index.php?rest_route=\/wp\/v2\/pages\/775\/revisions\/823"}],"wp:attachment":[{"href":"https:\/\/blogsaverroes.juntadeandalucia.es\/cepmotril\/index.php?rest_route=%2Fwp%2Fv2%2Fmedia&parent=775"}],"curies":[{"name":"wp","href":"https:\/\/api.w.org\/{rel}","templated":true}]}}

<p><img decoding="async" class="size-medium wp-image-799 aligncenter" src="https://blogsaverroes.juntadeandalucia.es/cepmotril/files/2024/01/WhatsApp-Image-2024-01-20-at-12.27.06-2-300x73.jpeg" alt="" width="300" height="73"></p>
<p>&nbsp;</p>
<p style="text-align: center"><strong>VISITA DE LA DELEGACIÓN ESLOVENA DE LA UNIVERSITÀ POPULARE CSPODISTRIA KOPER</strong></p>
<p style="text-align: center">Como CEP, apoyamos a nuestros centros en todas sus experiencias de movilidad, especialmente con la acogida y recibimiento a las Delegaciones de Profesorado que forman parte de sus intercambios. En esta ocasión, fue un placer participar con uno de nuestros centros más activos en Erasmus, CEPER CEHEL, de Albuñol.</p>
<p style="text-align: center"><img fetchpriority="high" fetchpriority="high" decoding="async" class="size-medium wp-image-795 aligncenter" src="https://blogsaverroes.juntadeandalucia.es/cepmotril/files/2024/01/Captura-de-Pantalla-2024-01-21-a-las-19.46.52-300x298.png" alt="" width="300" height="298"></p>
<p style="text-align: center">&nbsp;</p>
<div style="width: 1080px;" class="wp-video"><!--[if lt IE 9]><script>document.createElement('video');</script><![endif]-->
<video class="wp-video-shortcode" id="video-775-1" width="1080" height="1920" preload="metadata" controls="controls"><source type="video/mp4" src="https://blogsaverroes.juntadeandalucia.es/cepmotril/files/2024/01/317061626_3543558035917290_3545513056562209645_n.mp4?_=1" /><a href="https://blogsaverroes.juntadeandalucia.es/cepmotril/files/2024/01/317061626_3543558035917290_3545513056562209645_n.mp4">https://blogsaverroes.juntadeandalucia.es/cepmotril/files/2024/01/317061626_3543558035917290_3545513056562209645_n.mp4</a></video></div>
<p>&nbsp;</p>
<p>&nbsp;</p>
<p style="text-align: center"><strong><br />
VISITA DE LA DELEGACIÓN FRANCESA DEL RECTORADO DE BOURDEAUX</strong></p>
<p style="text-align: center">Como resultado de nuestra experiencia de Job Shadowing en Bourdeaux, a finales de junio de 2023, nos visitó una Delegación de Profesionales del Rectorado de Bourdeaux, muy interesados en conocer de primera mano todo el trabajo que venimos realizando en nuestro CEP, para el desarrollo de la Competencia Digital Docente, y su materialización en el aula.&nbsp;</p>
<div style="width: 720px;" class="wp-video"><video class="wp-video-shortcode" id="video-775-2" width="720" height="1280" preload="metadata" controls="controls"><source type="video/mp4" src="https://blogsaverroes.juntadeandalucia.es/cepmotril/files/2024/01/6040EA131DC974B21C605A72F988D597_video_dashinit.mp4?_=2" /><a href="https://blogsaverroes.juntadeandalucia.es/cepmotril/files/2024/01/6040EA131DC974B21C605A72F988D597_video_dashinit.mp4">https://blogsaverroes.juntadeandalucia.es/cepmotril/files/2024/01/6040EA131DC974B21C605A72F988D597_video_dashinit.mp4</a></video></div>
<p style="text-align: center">&nbsp;</p>
<p style="text-align: center">&nbsp;</p>
<p>&nbsp;</p>
<p>&nbsp;</p>
<p>&nbsp;</p>

<p>&nbsp; VISITA DE LA DELEGACIÓN ESLOVENA DE LA UNIVERSITÀ POPULARE CSPODISTRIA KOPER Como CEP, apoyamos a nuestros centros en todas sus experiencias de movilidad, especialmente con la acogida y recibimiento a las Delegaciones de Profesorado que forman parte de sus intercambios. En esta ocasión, fue un placer participar con uno de nuestros centros más activos [&hellip;]</p>
