{"id":330,"date":"2020-02-11T13:07:32","date_gmt":"2020-02-11T12:07:32","guid":{"rendered":"http:\/\/blogsaverroes.juntadeandalucia.es\/pre\/nuevoceipv2\/?page_id=330"},"modified":"2026-04-20T10:20:58","modified_gmt":"2026-04-20T09:20:58","slug":"pagina-de-inicio","status":"publish","type":"page","link":"https:\/\/blogsaverroes.juntadeandalucia.es\/cepralmaden\/","title":{"rendered":"P\u00e1gina de Inicio"},"content":{"rendered":"\t\t<div data-elementor-type=\"wp-page\" data-elementor-id=\"330\" class=\"elementor elementor-330\">\n\t\t\t\t<div class=\"elementor-element elementor-element-740b17e e-flex e-con-boxed e-con e-parent\" data-id=\"740b17e\" data-element_type=\"container\" data-settings=\"{&quot;background_background&quot;:&quot;classic&quot;}\">\n\t\t\t\t\t<div class=\"e-con-inner\">\n\t\t\t\t<div class=\"elementor-element elementor-element-32a4039 e-transform elementor-widget elementor-widget-image\" data-id=\"32a4039\" data-element_type=\"widget\" data-settings=\"{&quot;_transform_rotateZ_effect&quot;:{&quot;unit&quot;:&quot;px&quot;,&quot;size&quot;:&quot;3&quot;,&quot;sizes&quot;:[]},&quot;_transform_rotateZ_effect_tablet&quot;:{&quot;unit&quot;:&quot;deg&quot;,&quot;size&quot;:&quot;&quot;,&quot;sizes&quot;:[]},&quot;_transform_rotateZ_effect_mobile&quot;:{&quot;unit&quot;:&quot;deg&quot;,&quot;size&quot;:&quot;&quot;,&quot;sizes&quot;:[]}}\" data-widget_type=\"image.default\">\n\t\t\t\t<div class=\"elementor-widget-container\">\n\t\t\t\t\t\t\t\t\t\t\t\t\t\t\t<img decoding=\"async\" src=\"https:\/\/blogsaverroes.juntadeandalucia.es\/cepralmaden\/files\/elementor\/thumbs\/ChatGPT-Image-7-abr-2025-09_37_51-r3zyj4l4o5ws26txvfp707xuco1lj6ajqrlubpo3rk.png\" title=\"\" alt=\"\" loading=\"lazy\" \/>\t\t\t\t\t\t\t\t\t\t\t\t\t\t\t<\/div>\n\t\t\t\t<\/div>\n\t\t\t\t\t<\/div>\n\t\t\t\t<\/div>\n\t\t<div class=\"elementor-element elementor-element-b581110 e-flex e-con-boxed e-con e-parent\" data-id=\"b581110\" data-element_type=\"container\">\n\t\t\t\t\t<div class=\"e-con-inner\">\n\t\t\t\t<div class=\"elementor-element elementor-element-bf61355 elementor-widget elementor-widget-spacer\" data-id=\"bf61355\" data-element_type=\"widget\" data-widget_type=\"spacer.default\">\n\t\t\t\t<div class=\"elementor-widget-container\">\n\t\t\t\t\t\t\t<div class=\"elementor-spacer\">\n\t\t\t<div class=\"elementor-spacer-inner\"><\/div>\n\t\t<\/div>\n\t\t\t\t\t\t<\/div>\n\t\t\t\t<\/div>\n\t\t\t\t\t<\/div>\n\t\t\t\t<\/div>\n\t\t<div class=\"elementor-element elementor-element-d301b0d e-flex e-con-boxed e-con e-parent\" data-id=\"d301b0d\" data-element_type=\"container\" data-settings=\"{&quot;background_background&quot;:&quot;classic&quot;}\">\n\t\t\t\t\t<div class=\"e-con-inner\">\n\t\t\t\t<div class=\"elementor-element elementor-element-9144cb9 elementor-arrows-position-inside elementor-widget elementor-widget-image-carousel\" data-id=\"9144cb9\" data-element_type=\"widget\" data-settings=\"{&quot;slides_to_show&quot;:&quot;1&quot;,&quot;navigation&quot;:&quot;arrows&quot;,&quot;autoplay&quot;:&quot;yes&quot;,&quot;pause_on_hover&quot;:&quot;yes&quot;,&quot;pause_on_interaction&quot;:&quot;yes&quot;,&quot;autoplay_speed&quot;:5000,&quot;infinite&quot;:&quot;yes&quot;,&quot;effect&quot;:&quot;slide&quot;,&quot;speed&quot;:500}\" data-widget_type=\"image-carousel.default\">\n\t\t\t\t<div class=\"elementor-widget-container\">\n\t\t\t\t\t\t\t<div class=\"elementor-image-carousel-wrapper swiper\" role=\"region\" aria-roledescription=\"carousel\" aria-label=\"Carrusel de im\u00e1genes\" dir=\"ltr\">\n\t\t\t<div class=\"elementor-image-carousel swiper-wrapper swiper-image-stretch\" aria-live=\"off\">\n\t\t\t\t\t\t\t\t<div class=\"swiper-slide\" role=\"group\" aria-roledescription=\"slide\" aria-label=\"1 de 2\"><figure class=\"swiper-slide-inner\"><img decoding=\"async\" class=\"swiper-slide-image\" src=\"https:\/\/blogsaverroes.juntadeandalucia.es\/cepralmaden\/files\/2025\/06\/1745321111662-1-1024x768.jpg\" alt=\"\" \/><\/figure><\/div><div class=\"swiper-slide\" role=\"group\" aria-roledescription=\"slide\" aria-label=\"2 de 2\"><figure class=\"swiper-slide-inner\"><img decoding=\"async\" class=\"swiper-slide-image\" src=\"https:\/\/blogsaverroes.juntadeandalucia.es\/cepralmaden\/files\/2025\/06\/1745321111656-1-1024x768.jpg\" alt=\"\" \/><\/figure><\/div>\t\t\t<\/div>\n\t\t\t\t\t\t\t\t\t\t\t\t<div class=\"elementor-swiper-button elementor-swiper-button-prev\" role=\"button\" tabindex=\"0\">\n\t\t\t\t\t\t<svg aria-hidden=\"true\" class=\"e-font-icon-svg e-fas-chevron-left\" viewBox=\"0 0 320 512\" xmlns=\"http:\/\/www.w3.org\/2000\/svg\"><path d=\"M34.52 239.03L228.87 44.69c9.37-9.37 24.57-9.37 33.94 0l22.67 22.67c9.36 9.36 9.37 24.52.04 33.9L131.49 256l154.02 154.75c9.34 9.38 9.32 24.54-.04 33.9l-22.67 22.67c-9.37 9.37-24.57 9.37-33.94 0L34.52 272.97c-9.37-9.37-9.37-24.57 0-33.94z\"><\/path><\/svg>\t\t\t\t\t<\/div>\n\t\t\t\t\t<div class=\"elementor-swiper-button elementor-swiper-button-next\" role=\"button\" tabindex=\"0\">\n\t\t\t\t\t\t<svg aria-hidden=\"true\" class=\"e-font-icon-svg e-eicon-chevron-right\" viewBox=\"0 0 1000 1000\" xmlns=\"http:\/\/www.w3.org\/2000\/svg\"><path d=\"M696 533C708 521 713 504 713 487 713 471 708 454 696 446L400 146C388 133 375 125 354 125 338 125 325 129 313 142 300 154 292 171 292 187 292 204 296 221 308 233L563 492 304 771C292 783 288 800 288 817 288 833 296 850 308 863 321 871 338 875 354 875 371 875 388 867 400 854L696 533Z\"><\/path><\/svg>\t\t\t\t\t<\/div>\n\t\t\t\t\n\t\t\t\t\t\t\t\t\t<\/div>\n\t\t\t\t\t\t<\/div>\n\t\t\t\t<\/div>\n\t\t\t\t<div class=\"elementor-element elementor-element-20b2f90 elementor-widget elementor-widget-spacer\" data-id=\"20b2f90\" data-element_type=\"widget\" data-widget_type=\"spacer.default\">\n\t\t\t\t<div class=\"elementor-widget-container\">\n\t\t\t\t\t\t\t<div class=\"elementor-spacer\">\n\t\t\t<div class=\"elementor-spacer-inner\"><\/div>\n\t\t<\/div>\n\t\t\t\t\t\t<\/div>\n\t\t\t\t<\/div>\n\t\t\t\t\t<\/div>\n\t\t\t\t<\/div>\n\t\t<div class=\"elementor-element elementor-element-61bd56c e-con-full e-flex e-con e-parent\" data-id=\"61bd56c\" data-element_type=\"container\" data-settings=\"{&quot;background_background&quot;:&quot;classic&quot;}\">\n\t\t\t\t<div class=\"elementor-element elementor-element-65678af elementor-widget elementor-widget-text-editor\" data-id=\"65678af\" data-element_type=\"widget\" data-widget_type=\"text-editor.default\">\n\t\t\t\t<div class=\"elementor-widget-container\">\n\t\t\t\t\t\t\t\t\t<p dir=\"ltr\"><strong><span style=\"font-family: verdana, geneva, sans-serif\"><span style=\"font-size: 16pt;color: #000000\">Nos Presentamos<\/span><\/span><\/strong><\/p><p dir=\"ltr\" style=\"line-height: 1.38;margin-top: 0pt;margin-bottom: 0pt;text-align: justify\"><strong><span style=\"font-size: 12pt;font-family: verdana, geneva, sans-serif;background-color: transparent;font-style: normal;font-variant: normal;text-decoration: none;vertical-align: baseline;color: #ffffff\"><span style=\"color: #000000\">En el coraz\u00f3n de Ja\u00e9n, el C.E.PR Almad\u00e9n es un colegio p\u00fablico dedicado a la educaci\u00f3n primaria, comprometido con el desarrollo integral de nuestros alumnos y alumnas. Con una rica historia como la antigua Escuela Masculina de Pr\u00e1cticas, hemos evolucionado para ofrecer una educaci\u00f3n moderna y de calidad en un entorno cercano y estimulante.<\/span><\/span><\/strong><\/p><p dir=\"ltr\" style=\"line-height: 1.38;margin-top: 0pt;margin-bottom: 0pt;text-align: justify\"><strong><span style=\"font-size: 12pt;font-family: verdana, geneva, sans-serif;background-color: transparent;font-style: normal;font-variant: normal;text-decoration: none;vertical-align: baseline;color: #000000\">Somos un centro pluriling\u00fce que ofrece a nuestros alumnado la oportunidad de crecer aprendiendo en franc\u00e9s e ingl\u00e9s desde sus primeros a\u00f1os. Nuestro equipo de profesionales trabaja para despertar la curiosidad, fomentar el pensamiento cr\u00edtico y cultivar los valores que acompa\u00f1ar\u00e1n a nuestros ni\u00f1os y ni\u00f1as a lo largo de su vida.<\/span><\/strong><\/p><p dir=\"ltr\" style=\"line-height: 1.38;margin-top: 0pt;margin-bottom: 0pt;text-align: justify\"><strong><span style=\"font-size: 12pt;font-family: verdana, geneva, sans-serif;background-color: transparent;font-style: normal;font-variant: normal;text-decoration: none;vertical-align: baseline;color: #000000\">En el C.E.PR Almad\u00e9n, creemos en una educaci\u00f3n inclusiva y personalizada, donde cada ni\u00f1o y ni\u00f1a es \u00fanico y especial. Ofrecemos un espacio seguro y acogedor donde aprender, jugar y crecer juntos.<\/span><\/strong><\/p><p dir=\"ltr\" style=\"line-height: 1.38;margin-top: 0pt;margin-bottom: 0pt;text-align: justify\"><strong><span style=\"font-size: 12pt;font-family: verdana, geneva, sans-serif;background-color: transparent;font-style: normal;font-variant: normal;text-decoration: none;vertical-align: baseline;color: #000000\">Te invitamos a explorar nuestra web para descubrir nuestro proyecto educativo, conocer nuestras instalaciones y las numerosas actividades que enriquecen el d\u00eda a d\u00eda de nuestros estudiantes. \u00a1Acomp\u00e1\u00f1anos en esta maravillosa aventura de aprender y crecer en el C.E.PR Almad\u00e9n.<\/span><\/strong><\/p>\t\t\t\t\t\t\t\t<\/div>\n\t\t\t\t<\/div>\n\t\t\t\t<\/div>\n\t\t<div class=\"elementor-element elementor-element-c187c92 e-con-full e-flex e-con e-parent\" data-id=\"c187c92\" data-element_type=\"container\" data-settings=\"{&quot;background_background&quot;:&quot;classic&quot;}\">\n\t\t\t\t<div class=\"elementor-element elementor-element-bc0ad66 elementor-widget elementor-widget-text-editor\" data-id=\"bc0ad66\" data-element_type=\"widget\" data-widget_type=\"text-editor.default\">\n\t\t\t\t<div class=\"elementor-widget-container\">\n\t\t\t\t\t\t\t\t\t<p dir=\"ltr\"><strong><span style=\"font-family: verdana, geneva, sans-serif\"><span style=\"font-size: 16pt;color: #000000\">Nos Presentamos<\/span><\/span><\/strong><\/p><p dir=\"ltr\" style=\"line-height: 1.38;margin-top: 0pt;margin-bottom: 0pt;text-align: justify\"><strong><span style=\"font-size: 12pt;font-family: verdana, geneva, sans-serif;background-color: transparent;font-style: normal;font-variant: normal;text-decoration: none;vertical-align: baseline;color: #ffffff\"><span style=\"color: #000000\">En el coraz\u00f3n de Ja\u00e9n, el C.E.PR Almad\u00e9n es un colegio p\u00fablico dedicado a la educaci\u00f3n primaria, comprometido con el desarrollo integral de nuestros alumnos y alumnas. Con una rica historia como la antigua Escuela Masculina de Pr\u00e1cticas, hemos evolucionado para ofrecer una educaci\u00f3n moderna y de calidad en un entorno cercano y estimulante.<\/span><\/span><\/strong><\/p><p dir=\"ltr\" style=\"line-height: 1.38;margin-top: 0pt;margin-bottom: 0pt;text-align: justify\"><strong><span style=\"font-size: 12pt;font-family: verdana, geneva, sans-serif;background-color: transparent;font-style: normal;font-variant: normal;text-decoration: none;vertical-align: baseline;color: #000000\">Somos un centro pluriling\u00fce que ofrece a nuestros alumnado la oportunidad de crecer aprendiendo en franc\u00e9s e ingl\u00e9s desde sus primeros a\u00f1os. Nuestro equipo de profesionales trabaja para despertar la curiosidad, fomentar el pensamiento cr\u00edtico y cultivar los valores que acompa\u00f1ar\u00e1n a nuestros ni\u00f1os y ni\u00f1as a lo largo de su vida.<\/span><\/strong><\/p><p dir=\"ltr\" style=\"line-height: 1.38;margin-top: 0pt;margin-bottom: 0pt;text-align: justify\"><strong><span style=\"font-size: 12pt;font-family: verdana, geneva, sans-serif;background-color: transparent;font-style: normal;font-variant: normal;text-decoration: none;vertical-align: baseline;color: #000000\">En el C.E.PR Almad\u00e9n, creemos en una educaci\u00f3n inclusiva y personalizada, donde cada ni\u00f1o y ni\u00f1a es \u00fanico y especial. Ofrecemos un espacio seguro y acogedor donde aprender, jugar y crecer juntos.<\/span><\/strong><\/p><p dir=\"ltr\" style=\"line-height: 1.38;margin-top: 0pt;margin-bottom: 0pt;text-align: justify\"><strong><span style=\"font-size: 12pt;font-family: verdana, geneva, sans-serif;background-color: transparent;font-style: normal;font-variant: normal;text-decoration: none;vertical-align: baseline;color: #000000\">Te invitamos a explorar nuestra web para descubrir nuestro proyecto educativo, conocer nuestras instalaciones y las numerosas actividades que enriquecen el d\u00eda a d\u00eda de nuestros estudiantes. \u00a1Acomp\u00e1\u00f1anos en esta maravillosa aventura de aprender y crecer en el C.E.PR Almad\u00e9n.<\/span><\/strong><\/p>\t\t\t\t\t\t\t\t<\/div>\n\t\t\t\t<\/div>\n\t\t\t\t<\/div>\n\t\t<div class=\"elementor-element elementor-element-7e9f9e1 e-flex e-con-boxed e-con e-parent\" data-id=\"7e9f9e1\" data-element_type=\"container\">\n\t\t\t\t\t<div class=\"e-con-inner\">\n\t\t\t\t<div class=\"elementor-element elementor-element-d2626e4 elementor-widget elementor-widget-html\" data-id=\"d2626e4\" data-element_type=\"widget\" data-widget_type=\"html.default\">\n\t\t\t\t<div class=\"elementor-widget-container\">\n\t\t\t\t\t<div style=\"width: 100%\"><div style=\"position: relative;padding-bottom: 56.25%;padding-top: 0;height: 0\"><iframe frameborder=\"0\" width=\"1200\" height=\"400\" src=\"https:\/\/view.genially.com\/680756fab2e1c5364e924c32\" scrolling=\"yes\"><\/iframe> <\/div> <\/div>\t\t\t\t<\/div>\n\t\t\t\t<\/div>\n\t\t\t\t\t<\/div>\n\t\t\t\t<\/div>\n\t\t<div class=\"elementor-element elementor-element-11a50ec e-flex e-con-boxed e-con e-parent\" data-id=\"11a50ec\" data-element_type=\"container\">\n\t\t\t\t\t<div class=\"e-con-inner\">\n\t\t\t\t<div class=\"elementor-element elementor-element-da49489 elementor-widget elementor-widget-spacer\" data-id=\"da49489\" data-element_type=\"widget\" data-widget_type=\"spacer.default\">\n\t\t\t\t<div class=\"elementor-widget-container\">\n\t\t\t\t\t\t\t<div class=\"elementor-spacer\">\n\t\t\t<div class=\"elementor-spacer-inner\"><\/div>\n\t\t<\/div>\n\t\t\t\t\t\t<\/div>\n\t\t\t\t<\/div>\n\t\t\t\t\t<\/div>\n\t\t\t\t<\/div>\n\t\t<div class=\"elementor-element elementor-element-258a223 e-flex e-con-boxed e-con e-parent\" data-id=\"258a223\" data-element_type=\"container\" data-settings=\"{&quot;background_background&quot;:&quot;slideshow&quot;,&quot;background_slideshow_gallery&quot;:[{&quot;id&quot;:&quot;2461&quot;,&quot;url&quot;:&quot;https:\\\/\\\/blogsaverroes.juntadeandalucia.es\\\/cepralmaden\\\/files\\\/2025\\\/04\\\/premium_photo-1675788311502-7b0d1aa79d8e-scaled.jpg&quot;}],&quot;background_slideshow_loop&quot;:&quot;yes&quot;,&quot;background_slideshow_slide_duration&quot;:5000,&quot;background_slideshow_slide_transition&quot;:&quot;fade&quot;,&quot;background_slideshow_transition_duration&quot;:500}\">\n\t\t\t\t\t<div class=\"e-con-inner\">\n\t\t<div class=\"elementor-element elementor-element-667a34e e-con-full e-flex e-con e-child\" data-id=\"667a34e\" data-element_type=\"container\">\n\t\t\t\t<div class=\"elementor-element elementor-element-6eba273 e-transform elementor-widget elementor-widget-image\" data-id=\"6eba273\" data-element_type=\"widget\" data-settings=\"{&quot;_transform_rotateZ_effect&quot;:{&quot;unit&quot;:&quot;px&quot;,&quot;size&quot;:&quot;-5&quot;,&quot;sizes&quot;:[]},&quot;_transform_rotateZ_effect_tablet&quot;:{&quot;unit&quot;:&quot;deg&quot;,&quot;size&quot;:&quot;&quot;,&quot;sizes&quot;:[]},&quot;_transform_rotateZ_effect_mobile&quot;:{&quot;unit&quot;:&quot;deg&quot;,&quot;size&quot;:&quot;&quot;,&quot;sizes&quot;:[]}}\" data-widget_type=\"image.default\">\n\t\t\t\t<div class=\"elementor-widget-container\">\n\t\t\t\t\t\t\t\t\t\t\t\t\t\t\t\t<a href=\"https:\/\/blogsaverroes.juntadeandalucia.es\/cepralmaden\/novedades\">\n\t\t\t\t\t\t\t<img fetchpriority=\"high\" fetchpriority=\"high\" decoding=\"async\" width=\"401\" height=\"354\" src=\"https:\/\/blogsaverroes.juntadeandalucia.es\/cepralmaden\/files\/2025\/05\/20250529_1212_Redes_Sociales_remix_01jwdrcz66e3argjvm6wpy4ajz-removebg-preview-1.png\" class=\"attachment-2048x2048 size-2048x2048 wp-image-3867\" alt=\"\" srcset=\"https:\/\/blogsaverroes.juntadeandalucia.es\/cepralmaden\/files\/2025\/05\/20250529_1212_Redes_Sociales_remix_01jwdrcz66e3argjvm6wpy4ajz-removebg-preview-1.png 401w, https:\/\/blogsaverroes.juntadeandalucia.es\/cepralmaden\/files\/2025\/05\/20250529_1212_Redes_Sociales_remix_01jwdrcz66e3argjvm6wpy4ajz-removebg-preview-1-300x265.png 300w\" sizes=\"(max-width: 401px) 100vw, 401px\" \/>\t\t\t\t\t\t\t\t<\/a>\n\t\t\t\t\t\t\t\t\t\t\t\t\t\t\t<\/div>\n\t\t\t\t<\/div>\n\t\t\t\t<\/div>\n\t\t<div class=\"elementor-element elementor-element-d17adca e-con-full e-flex e-con e-child\" data-id=\"d17adca\" data-element_type=\"container\">\n\t\t\t\t<div class=\"elementor-element elementor-element-5cf3b7f e-transform e-transform elementor-widget__width-initial elementor-widget elementor-widget-image\" data-id=\"5cf3b7f\" data-element_type=\"widget\" data-settings=\"{&quot;_transform_rotateZ_effect&quot;:{&quot;unit&quot;:&quot;px&quot;,&quot;size&quot;:&quot;20&quot;,&quot;sizes&quot;:[]},&quot;_transform_scale_effect&quot;:{&quot;unit&quot;:&quot;px&quot;,&quot;size&quot;:&quot;0.9&quot;,&quot;sizes&quot;:[]},&quot;_transform_rotateZ_effect_tablet&quot;:{&quot;unit&quot;:&quot;deg&quot;,&quot;size&quot;:&quot;&quot;,&quot;sizes&quot;:[]},&quot;_transform_rotateZ_effect_mobile&quot;:{&quot;unit&quot;:&quot;deg&quot;,&quot;size&quot;:&quot;&quot;,&quot;sizes&quot;:[]},&quot;_transform_scale_effect_tablet&quot;:{&quot;unit&quot;:&quot;px&quot;,&quot;size&quot;:&quot;&quot;,&quot;sizes&quot;:[]},&quot;_transform_scale_effect_mobile&quot;:{&quot;unit&quot;:&quot;px&quot;,&quot;size&quot;:&quot;&quot;,&quot;sizes&quot;:[]}}\" data-widget_type=\"image.default\">\n\t\t\t\t<div class=\"elementor-widget-container\">\n\t\t\t\t\t\t\t\t\t\t\t\t\t\t\t\t<a href=\"https:\/\/blogsaverroes.juntadeandalucia.es\/cepralmaden\/visita-virtual\">\n\t\t\t\t\t\t\t<img decoding=\"async\" width=\"926\" height=\"916\" src=\"https:\/\/blogsaverroes.juntadeandalucia.es\/cepralmaden\/files\/2025\/04\/silla3.png\" class=\"attachment-large size-large wp-image-2721\" alt=\"\" srcset=\"https:\/\/blogsaverroes.juntadeandalucia.es\/cepralmaden\/files\/2025\/04\/silla3.png 926w, https:\/\/blogsaverroes.juntadeandalucia.es\/cepralmaden\/files\/2025\/04\/silla3-480x475.png 480w\" sizes=\"(min-width: 0px) and (max-width: 480px) 480px, (min-width: 481px) 926px, 100vw\" \/>\t\t\t\t\t\t\t\t<\/a>\n\t\t\t\t\t\t\t\t\t\t\t\t\t\t\t<\/div>\n\t\t\t\t<\/div>\n\t\t\t\t<\/div>\n\t\t\t\t\t<\/div>\n\t\t\t\t<\/div>\n\t\t<div class=\"elementor-element elementor-element-8bdc2a1 e-con-full e-flex e-con e-parent\" data-id=\"8bdc2a1\" data-element_type=\"container\">\n\t\t\t\t<div class=\"elementor-element elementor-element-7eaf919 elementor-widget elementor-widget-spacer\" data-id=\"7eaf919\" data-element_type=\"widget\" data-widget_type=\"spacer.default\">\n\t\t\t\t<div class=\"elementor-widget-container\">\n\t\t\t\t\t\t\t<div class=\"elementor-spacer\">\n\t\t\t<div class=\"elementor-spacer-inner\"><\/div>\n\t\t<\/div>\n\t\t\t\t\t\t<\/div>\n\t\t\t\t<\/div>\n\t\t\t\t<div class=\"elementor-element elementor-element-c943697 elementor-widget elementor-widget-image\" data-id=\"c943697\" data-element_type=\"widget\" data-widget_type=\"image.default\">\n\t\t\t\t<div class=\"elementor-widget-container\">\n\t\t\t\t\t\t\t\t\t\t\t\t\t\t\t<img decoding=\"async\" width=\"1024\" height=\"172\" src=\"https:\/\/blogsaverroes.juntadeandalucia.es\/cepralmaden\/files\/2026\/04\/Texto-1024x172.png\" class=\"attachment-large size-large wp-image-4866\" alt=\"FONDOS EUROPEOS\" srcset=\"https:\/\/blogsaverroes.juntadeandalucia.es\/cepralmaden\/files\/2026\/04\/Texto-980x165.png 980w, https:\/\/blogsaverroes.juntadeandalucia.es\/cepralmaden\/files\/2026\/04\/Texto-480x81.png 480w\" sizes=\"(min-width: 0px) and (max-width: 480px) 480px, (min-width: 481px) and (max-width: 980px) 980px, (min-width: 981px) 1024px, 100vw\" \/>\t\t\t\t\t\t\t\t\t\t\t\t\t\t\t<\/div>\n\t\t\t\t<\/div>\n\t\t\t\t<\/div>\n\t\t<div class=\"elementor-element elementor-element-0e45a42 e-flex e-con-boxed e-con e-parent\" data-id=\"0e45a42\" data-element_type=\"container\">\n\t\t\t\t\t<div class=\"e-con-inner\">\n\t\t\t\t\t<\/div>\n\t\t\t\t<\/div>\n\t\t\t\t<\/div>\n\t\t","protected":false},"excerpt":{"rendered":"<p>Nos Presentamos En el coraz\u00f3n de Ja\u00e9n, el C.E.PR Almad\u00e9n es un colegio p\u00fablico dedicado a la educaci\u00f3n primaria, comprometido con el desarrollo integral de nuestros alumnos y alumnas. Con una rica historia como la antigua Escuela Masculina de Pr\u00e1cticas, hemos evolucionado para ofrecer una educaci\u00f3n moderna y de calidad en un entorno cercano y [&hellip;]<\/p>\n","protected":false},"author":7051,"featured_media":1969,"parent":0,"menu_order":0,"comment_status":"closed","ping_status":"closed","template":"","meta":{"_et_pb_use_builder":"off","_et_pb_old_content":"","_et_gb_content_width":"","ngg_post_thumbnail":0,"footnotes":""},"aioseo_notices":[],"_links":{"self":[{"href":"https:\/\/blogsaverroes.juntadeandalucia.es\/cepralmaden\/wp-json\/wp\/v2\/pages\/330"}],"collection":[{"href":"https:\/\/blogsaverroes.juntadeandalucia.es\/cepralmaden\/wp-json\/wp\/v2\/pages"}],"about":[{"href":"https:\/\/blogsaverroes.juntadeandalucia.es\/cepralmaden\/wp-json\/wp\/v2\/types\/page"}],"author":[{"embeddable":true,"href":"https:\/\/blogsaverroes.juntadeandalucia.es\/cepralmaden\/wp-json\/wp\/v2\/users\/7051"}],"replies":[{"embeddable":true,"href":"https:\/\/blogsaverroes.juntadeandalucia.es\/cepralmaden\/wp-json\/wp\/v2\/comments?post=330"}],"version-history":[{"count":468,"href":"https:\/\/blogsaverroes.juntadeandalucia.es\/cepralmaden\/wp-json\/wp\/v2\/pages\/330\/revisions"}],"predecessor-version":[{"id":4869,"href":"https:\/\/blogsaverroes.juntadeandalucia.es\/cepralmaden\/wp-json\/wp\/v2\/pages\/330\/revisions\/4869"}],"wp:featuredmedia":[{"embeddable":true,"href":"https:\/\/blogsaverroes.juntadeandalucia.es\/cepralmaden\/wp-json\/wp\/v2\/media\/1969"}],"wp:attachment":[{"href":"https:\/\/blogsaverroes.juntadeandalucia.es\/cepralmaden\/wp-json\/wp\/v2\/media?parent=330"}],"curies":[{"name":"wp","href":"https:\/\/api.w.org\/{rel}","templated":true}]}}