{"id":1301,"date":"2020-05-11T20:51:54","date_gmt":"2020-05-11T19:51:54","guid":{"rendered":"https:\/\/blogsaverroes.juntadeandalucia.es\/ceprandresmanjon\/?page_id=1301"},"modified":"2024-09-23T12:38:27","modified_gmt":"2024-09-23T11:38:27","slug":"equipo-docente-curso-22-23","status":"publish","type":"page","link":"https:\/\/blogsaverroes.juntadeandalucia.es\/ceprandresmanjon\/equipo-docente-curso-22-23\/","title":{"rendered":"Equipo Docente &#8211; Curso 24\/25"},"content":{"rendered":"<p style=\"text-align: center\">Cualquier duda o sugerencia, pueden escribirnos o pedir cita a trav\u00e9s de la agenda escolar o iPasen. Tengan en cuenta que el horario para la tutor\u00eda est\u00e1 establecido todos los lunes lectivos de 16:00 a 17:00 horas.<\/p>\n<p align=\"center\"><img loading=\"lazy\" decoding=\"async\" class=\"aligncenter wp-image-765\" src=\"https:\/\/blogsaverroes.juntadeandalucia.es\/ceprandresmanjon\/files\/2020\/03\/Profesores-300x168.jpg\" alt=\"\" width=\"400\" height=\"224\" srcset=\"https:\/\/blogsaverroes.juntadeandalucia.es\/ceprandresmanjon\/files\/2020\/03\/Profesores-300x168.jpg 300w, https:\/\/blogsaverroes.juntadeandalucia.es\/ceprandresmanjon\/files\/2020\/03\/Profesores-768x430.jpg 768w, https:\/\/blogsaverroes.juntadeandalucia.es\/ceprandresmanjon\/files\/2020\/03\/Profesores-24x13.jpg 24w, https:\/\/blogsaverroes.juntadeandalucia.es\/ceprandresmanjon\/files\/2020\/03\/Profesores-36x20.jpg 36w, https:\/\/blogsaverroes.juntadeandalucia.es\/ceprandresmanjon\/files\/2020\/03\/Profesores-48x27.jpg 48w, https:\/\/blogsaverroes.juntadeandalucia.es\/ceprandresmanjon\/files\/2020\/03\/Profesores.jpg 1000w\" sizes=\"(max-width: 400px) 100vw, 400px\" \/><\/p>\n<p align=\"center\">&nbsp;<\/p>\n<p align=\"center\"><span style=\"font-size: 14pt\"><strong>1\u00ba Primaria: <\/strong><\/span><\/p>\n<p align=\"center\">D\u00ba Jose Antonio Saavedra Barranco.<\/p>\n<p align=\"center\">Tutor\u00eda: lunes lectivos de 16:00 a 17:00h con cita previa.<\/p>\n<p align=\"center\"><strong>&nbsp;<\/strong><\/p>\n<p align=\"center\"><span style=\"font-size: 14pt\"><strong>2\u00ba Primaria: <\/strong><\/span><\/p>\n<p align=\"center\">D\u00aa Manuel Casado Vicente.<\/p>\n<p align=\"center\">Tutor\u00eda: lunes lectivos de 16:00 a 17:00h con cita previa.<\/p>\n<p align=\"center\">&nbsp;<\/p>\n<p align=\"center\"><span style=\"font-size: 14pt\"><strong> 3\u00ba Primaria:<\/strong><\/span><\/p>\n<p align=\"center\">D\u00aa Mar\u00eda Inmaculada S\u00e1nchez Fern\u00e1ndez.<\/p>\n<p align=\"center\">Tutor\u00eda: lunes lectivos de 16:00 a 17:00h con cita previa.<\/p>\n<p align=\"center\">&nbsp;<\/p>\n<p align=\"center\"><span style=\"font-size: 14pt\"><strong>4\u00ba Primaria:<\/strong><\/span><\/p>\n<p align=\"center\">D\u00aa Arturo Jes\u00fas Ubi\u00f1a P\u00e9rez.<\/p>\n<p align=\"center\">Tutor\u00eda: lunes lectivos de 16:00 a 17:00h con cita previa.<\/p>\n<p align=\"center\"><strong>&nbsp;<\/strong><\/p>\n<p align=\"center\"><span style=\"font-size: 14pt\"><strong>5\u00ba Primaria:<\/strong><\/span><\/p>\n<p align=\"center\">D. Miguel Martos Delgado.<\/p>\n<p align=\"center\">Tutor\u00eda: lunes lectivos de 16:00 a 17:00h con cita previa.<\/p>\n<p align=\"center\"><strong>&nbsp;<\/strong><\/p>\n<p align=\"center\"><span style=\"font-size: 14pt\"><strong>6\u00ba Primaria:<\/strong><\/span><\/p>\n<p align=\"center\">D\u00aa Noemi de la Cruz Alf\u00e9rez Tinoco.<\/p>\n<p align=\"center\">Tutor\u00eda: lunes lectivos de 16:00 a 17:00h con cita previa.<\/p>\n<p align=\"center\"><strong>&nbsp;<\/strong><\/p>\n<p align=\"center\"><span style=\"font-size: 14pt\"><strong>Ingl\u00e9s: <\/strong><\/span><\/p>\n<p align=\"center\">D. Miguel Martos Delgado.<\/p>\n<p align=\"center\">Tutor\u00eda: lunes lectivos de 16:00 a 17:00h con cita previa.<\/p>\n<p align=\"center\"><strong>&nbsp;<\/strong><\/p>\n<p align=\"center\"><span style=\"font-size: 14pt\"><strong>Franc\u00e9s:<\/strong><\/span><\/p>\n<p align=\"center\">D\u00aa Noemi de la Cruz Alf\u00e9rez Tinoco.<\/p>\n<p align=\"center\">Tutor\u00eda: lunes lectivos de 16:00 a 17:00h con cita previa.<\/p>\n<p align=\"center\">&nbsp;<\/p>\n<p align=\"center\"><span style=\"font-size: 14pt\"><strong>Refuerzo Educativo: <\/strong><\/span><\/p>\n<p align=\"center\">D\u00aa Sandra S\u00e1nchez Cabrera.<\/p>\n<p align=\"center\">Tutor\u00eda: lunes lectivos de 16:00 a 17:00h con cita previa.<\/p>\n<p align=\"center\">&nbsp;<\/p>\n<p align=\"center\"><span style=\"font-size: 14pt\"><strong>Pedagog\u00eda Terap\u00e9utica: <\/strong><\/span><\/p>\n<p align=\"center\">D\u00aa Ana Amat Gonz\u00e1lez.<\/p>\n<p align=\"center\">D\u00aa Tania Molina Amador&nbsp;<\/p>\n<p align=\"center\">Tutor\u00eda: lunes lectivos de 16:00 a 17:00h con cita previa.<\/p>\n<p align=\"center\">&nbsp;<\/p>\n<p align=\"center\"><span style=\"font-size: 14pt\"><strong>Religi\u00f3n: <\/strong><\/span><\/p>\n<p align=\"center\">D\u00aa . Mar\u00eda Jos\u00e9 Gea Linares<\/p>\n<p align=\"center\">Tutor\u00eda: lunes lectivos de 16:00 a 17:00h con cita previa.<\/p>\n<p align=\"center\">&nbsp;<\/p>\n<p align=\"center\"><span style=\"font-size: 14pt\"><strong>M\u00fasica: <\/strong><\/span><\/p>\n<p align=\"center\">D\u00aa Araceli Garc\u00eda Hidalgo.<\/p>\n<p align=\"center\">Tutor\u00eda: lunes lectivos de 16:00 a 17:00h con cita previa.<\/p>\n<p align=\"center\">&nbsp;<\/p>\n<p align=\"center\"><span style=\"font-size: 14pt\"><strong>Educaci\u00f3n F\u00edsica: <\/strong><\/span><\/p>\n<p align=\"center\">D\u00ba Manuel Callej\u00f3n Morales.<\/p>\n<p align=\"center\">Tutor\u00eda: lunes lectivos de 16:00 a 17:00h con cita previa.<\/p>\n","protected":false},"excerpt":{"rendered":"<p>Cualquier duda o sugerencia, pueden escribirnos o pedir cita a trav\u00e9s de la agenda escolar o iPasen. Tengan en cuenta que el horario para la tutor\u00eda est\u00e1 establecido todos los lunes lectivos de 16:00&#46;&#46;&#46;<\/p>\n","protected":false},"author":6420,"featured_media":0,"parent":0,"menu_order":0,"comment_status":"closed","ping_status":"closed","template":"","meta":{"ngg_post_thumbnail":0,"footnotes":""},"aioseo_notices":[],"_links":{"self":[{"href":"https:\/\/blogsaverroes.juntadeandalucia.es\/ceprandresmanjon\/wp-json\/wp\/v2\/pages\/1301"}],"collection":[{"href":"https:\/\/blogsaverroes.juntadeandalucia.es\/ceprandresmanjon\/wp-json\/wp\/v2\/pages"}],"about":[{"href":"https:\/\/blogsaverroes.juntadeandalucia.es\/ceprandresmanjon\/wp-json\/wp\/v2\/types\/page"}],"author":[{"embeddable":true,"href":"https:\/\/blogsaverroes.juntadeandalucia.es\/ceprandresmanjon\/wp-json\/wp\/v2\/users\/6420"}],"replies":[{"embeddable":true,"href":"https:\/\/blogsaverroes.juntadeandalucia.es\/ceprandresmanjon\/wp-json\/wp\/v2\/comments?post=1301"}],"version-history":[{"count":27,"href":"https:\/\/blogsaverroes.juntadeandalucia.es\/ceprandresmanjon\/wp-json\/wp\/v2\/pages\/1301\/revisions"}],"predecessor-version":[{"id":2950,"href":"https:\/\/blogsaverroes.juntadeandalucia.es\/ceprandresmanjon\/wp-json\/wp\/v2\/pages\/1301\/revisions\/2950"}],"wp:attachment":[{"href":"https:\/\/blogsaverroes.juntadeandalucia.es\/ceprandresmanjon\/wp-json\/wp\/v2\/media?parent=1301"}],"curies":[{"name":"wp","href":"https:\/\/api.w.org\/{rel}","templated":true}]}}

<p style="text-align: center">Cualquier duda o sugerencia, pueden escribirnos o pedir cita a través de la agenda escolar o iPasen. Tengan en cuenta que el horario para la tutoría está establecido todos los lunes lectivos de 16:00 a 17:00 horas.</p>
<p align="center"><img loading="lazy" decoding="async" class="aligncenter wp-image-765" src="https://blogsaverroes.juntadeandalucia.es/ceprandresmanjon/files/2020/03/Profesores-300x168.jpg" alt="" width="400" height="224" srcset="https://blogsaverroes.juntadeandalucia.es/ceprandresmanjon/files/2020/03/Profesores-300x168.jpg 300w, https://blogsaverroes.juntadeandalucia.es/ceprandresmanjon/files/2020/03/Profesores-768x430.jpg 768w, https://blogsaverroes.juntadeandalucia.es/ceprandresmanjon/files/2020/03/Profesores-24x13.jpg 24w, https://blogsaverroes.juntadeandalucia.es/ceprandresmanjon/files/2020/03/Profesores-36x20.jpg 36w, https://blogsaverroes.juntadeandalucia.es/ceprandresmanjon/files/2020/03/Profesores-48x27.jpg 48w, https://blogsaverroes.juntadeandalucia.es/ceprandresmanjon/files/2020/03/Profesores.jpg 1000w" sizes="(max-width: 400px) 100vw, 400px" /></p>
<p align="center">&nbsp;</p>
<p align="center"><span style="font-size: 14pt"><strong>1º Primaria: </strong></span></p>
<p align="center">Dº Jose Antonio Saavedra Barranco.</p>
<p align="center">Tutoría: lunes lectivos de 16:00 a 17:00h con cita previa.</p>
<p align="center"><strong>&nbsp;</strong></p>
<p align="center"><span style="font-size: 14pt"><strong>2º Primaria: </strong></span></p>
<p align="center">Dª Manuel Casado Vicente.</p>
<p align="center">Tutoría: lunes lectivos de 16:00 a 17:00h con cita previa.</p>
<p align="center">&nbsp;</p>
<p align="center"><span style="font-size: 14pt"><strong> 3º Primaria:</strong></span></p>
<p align="center">Dª María Inmaculada Sánchez Fernández.</p>
<p align="center">Tutoría: lunes lectivos de 16:00 a 17:00h con cita previa.</p>
<p align="center">&nbsp;</p>
<p align="center"><span style="font-size: 14pt"><strong>4º Primaria:</strong></span></p>
<p align="center">Dª Arturo Jesús Ubiña Pérez.</p>
<p align="center">Tutoría: lunes lectivos de 16:00 a 17:00h con cita previa.</p>
<p align="center"><strong>&nbsp;</strong></p>
<p align="center"><span style="font-size: 14pt"><strong>5º Primaria:</strong></span></p>
<p align="center">D. Miguel Martos Delgado.</p>
<p align="center">Tutoría: lunes lectivos de 16:00 a 17:00h con cita previa.</p>
<p align="center"><strong>&nbsp;</strong></p>
<p align="center"><span style="font-size: 14pt"><strong>6º Primaria:</strong></span></p>
<p align="center">Dª Noemi de la Cruz Alférez Tinoco.</p>
<p align="center">Tutoría: lunes lectivos de 16:00 a 17:00h con cita previa.</p>
<p align="center"><strong>&nbsp;</strong></p>
<p align="center"><span style="font-size: 14pt"><strong>Inglés: </strong></span></p>
<p align="center">D. Miguel Martos Delgado.</p>
<p align="center">Tutoría: lunes lectivos de 16:00 a 17:00h con cita previa.</p>
<p align="center"><strong>&nbsp;</strong></p>
<p align="center"><span style="font-size: 14pt"><strong>Francés:</strong></span></p>
<p align="center">Dª Noemi de la Cruz Alférez Tinoco.</p>
<p align="center">Tutoría: lunes lectivos de 16:00 a 17:00h con cita previa.</p>
<p align="center">&nbsp;</p>
<p align="center"><span style="font-size: 14pt"><strong>Refuerzo Educativo: </strong></span></p>
<p align="center">Dª Sandra Sánchez Cabrera.</p>
<p align="center">Tutoría: lunes lectivos de 16:00 a 17:00h con cita previa.</p>
<p align="center">&nbsp;</p>
<p align="center"><span style="font-size: 14pt"><strong>Pedagogía Terapéutica: </strong></span></p>
<p align="center">Dª Ana Amat González.</p>
<p align="center">Dª Tania Molina Amador&nbsp;</p>
<p align="center">Tutoría: lunes lectivos de 16:00 a 17:00h con cita previa.</p>
<p align="center">&nbsp;</p>
<p align="center"><span style="font-size: 14pt"><strong>Religión: </strong></span></p>
<p align="center">Dª . María José Gea Linares</p>
<p align="center">Tutoría: lunes lectivos de 16:00 a 17:00h con cita previa.</p>
<p align="center">&nbsp;</p>
<p align="center"><span style="font-size: 14pt"><strong>Música: </strong></span></p>
<p align="center">Dª Araceli García Hidalgo.</p>
<p align="center">Tutoría: lunes lectivos de 16:00 a 17:00h con cita previa.</p>
<p align="center">&nbsp;</p>
<p align="center"><span style="font-size: 14pt"><strong>Educación Física: </strong></span></p>
<p align="center">Dº Manuel Callejón Morales.</p>
<p align="center">Tutoría: lunes lectivos de 16:00 a 17:00h con cita previa.</p>

<p>Cualquier duda o sugerencia, pueden escribirnos o pedir cita a través de la agenda escolar o iPasen. Tengan en cuenta que el horario para la tutoría está establecido todos los lunes lectivos de 16:00&#46;&#46;&#46;</p>
