{"id":1492,"date":"2020-05-17T12:08:28","date_gmt":"2020-05-17T11:08:28","guid":{"rendered":"https:\/\/blogsaverroes.juntadeandalucia.es\/ceprandresmanjon\/?page_id=1492"},"modified":"2020-05-17T12:24:10","modified_gmt":"2020-05-17T11:24:10","slug":"revista-escolar","status":"publish","type":"page","link":"https:\/\/blogsaverroes.juntadeandalucia.es\/ceprandresmanjon\/revista-escolar\/","title":{"rendered":"REVISTA"},"content":{"rendered":"<p><a href=\"https:\/\/blogsaverroes.juntadeandalucia.es\/ceprandresmanjon\/files\/2020\/05\/Comunicaci\u00f3n-Innovamos.pdf\" target=\"_blank\" rel=\"noopener noreferrer\"><img loading=\"lazy\" decoding=\"async\" width=\"183\" height=\"227\" class=\"alignleft wp-image-1498\" alt=\"\" src=\"https:\/\/blogsaverroes.juntadeandalucia.es\/ceprandresmanjon\/files\/2020\/05\/Proyecto-Innovaci\u00f3n-Comunicaci\u00f3n-Innovamos.png\" srcset=\"https:\/\/blogsaverroes.juntadeandalucia.es\/ceprandresmanjon\/files\/2020\/05\/Proyecto-Innovaci\u00f3n-Comunicaci\u00f3n-Innovamos.png 1290w, https:\/\/blogsaverroes.juntadeandalucia.es\/ceprandresmanjon\/files\/2020\/05\/Proyecto-Innovaci\u00f3n-Comunicaci\u00f3n-Innovamos-242x300.png 242w, https:\/\/blogsaverroes.juntadeandalucia.es\/ceprandresmanjon\/files\/2020\/05\/Proyecto-Innovaci\u00f3n-Comunicaci\u00f3n-Innovamos-768x953.png 768w, https:\/\/blogsaverroes.juntadeandalucia.es\/ceprandresmanjon\/files\/2020\/05\/Proyecto-Innovaci\u00f3n-Comunicaci\u00f3n-Innovamos-826x1024.png 826w, https:\/\/blogsaverroes.juntadeandalucia.es\/ceprandresmanjon\/files\/2020\/05\/Proyecto-Innovaci\u00f3n-Comunicaci\u00f3n-Innovamos-19x24.png 19w, https:\/\/blogsaverroes.juntadeandalucia.es\/ceprandresmanjon\/files\/2020\/05\/Proyecto-Innovaci\u00f3n-Comunicaci\u00f3n-Innovamos-29x36.png 29w, https:\/\/blogsaverroes.juntadeandalucia.es\/ceprandresmanjon\/files\/2020\/05\/Proyecto-Innovaci\u00f3n-Comunicaci\u00f3n-Innovamos-39x48.png 39w\" sizes=\"(max-width: 183px) 100vw, 183px\" \/>LA LECTURA DIGITAL EN EDUCACI\u00d3N PRIMARIA: DOS PALMERAS<\/a><\/p>\n<p><span style=\"font-family: helvetica,arial,sans-serif\">Desde el curso 2017\/18, como resultado del Proyecto de Innovaci\u00f3n Educativa en colaboraci\u00f3n con la Universidad de Almer\u00eda en cuestiones relativas a innovar dentro del \u00e1mbito educativo, venimos publicando nuestra Revista Escolar \u00abDos Palmeras\u00bb. Esta publicaci\u00f3n digital resumen algunas de las actividades y eventos que realizamos a lo largo de cada curso escolar, y que se difunde entre la Comunidad Educativa en junio con una peque\u00f1a tirada de 50 ejemplares f\u00edsicos.&nbsp;<\/span><\/p>\n<div data-url=\"https:\/\/issuu.com\/dospalmerasdigital\/docs\/peri_dico_dos_palmeras_final\" style=\"width: 500px; height: 353px;\" class=\"issuuembed\"><\/div>\n<p><script type=\"text\/javascript\" src=\"\/\/e.issuu.com\/embed.js\" async=\"true\"><\/script><\/p>\n<div data-url=\"https:\/\/issuu.com\/dospalmerasdigital\/docs\/dos_palmeras_-_revista_escolar_inte\" style=\"width: 500px; height: 353px;\" class=\"issuuembed\"><\/div>\n<p><script type=\"text\/javascript\" src=\"\/\/e.issuu.com\/embed.js\" async=\"true\"><\/script><\/p>\n<p>&nbsp;<\/p>\n<p>&nbsp;<\/p>\n","protected":false},"excerpt":{"rendered":"<p>LA LECTURA DIGITAL EN EDUCACI\u00d3N PRIMARIA: DOS PALMERAS Desde el curso 2017\/18, como resultado del Proyecto de Innovaci\u00f3n Educativa en colaboraci\u00f3n con la Universidad de Almer\u00eda en cuestiones relativas a innovar dentro del \u00e1mbito&#46;&#46;&#46;<\/p>\n","protected":false},"author":6420,"featured_media":0,"parent":0,"menu_order":0,"comment_status":"closed","ping_status":"closed","template":"","meta":{"ngg_post_thumbnail":0,"footnotes":""},"aioseo_notices":[],"_links":{"self":[{"href":"https:\/\/blogsaverroes.juntadeandalucia.es\/ceprandresmanjon\/wp-json\/wp\/v2\/pages\/1492"}],"collection":[{"href":"https:\/\/blogsaverroes.juntadeandalucia.es\/ceprandresmanjon\/wp-json\/wp\/v2\/pages"}],"about":[{"href":"https:\/\/blogsaverroes.juntadeandalucia.es\/ceprandresmanjon\/wp-json\/wp\/v2\/types\/page"}],"author":[{"embeddable":true,"href":"https:\/\/blogsaverroes.juntadeandalucia.es\/ceprandresmanjon\/wp-json\/wp\/v2\/users\/6420"}],"replies":[{"embeddable":true,"href":"https:\/\/blogsaverroes.juntadeandalucia.es\/ceprandresmanjon\/wp-json\/wp\/v2\/comments?post=1492"}],"version-history":[{"count":9,"href":"https:\/\/blogsaverroes.juntadeandalucia.es\/ceprandresmanjon\/wp-json\/wp\/v2\/pages\/1492\/revisions"}],"predecessor-version":[{"id":1507,"href":"https:\/\/blogsaverroes.juntadeandalucia.es\/ceprandresmanjon\/wp-json\/wp\/v2\/pages\/1492\/revisions\/1507"}],"wp:attachment":[{"href":"https:\/\/blogsaverroes.juntadeandalucia.es\/ceprandresmanjon\/wp-json\/wp\/v2\/media?parent=1492"}],"curies":[{"name":"wp","href":"https:\/\/api.w.org\/{rel}","templated":true}]}}