{"id":2001,"date":"2020-06-21T21:03:34","date_gmt":"2020-06-21T20:03:34","guid":{"rendered":"https:\/\/blogsaverroes.juntadeandalucia.es\/ceprandresmanjon\/?page_id=2001"},"modified":"2026-04-17T10:43:00","modified_gmt":"2026-04-17T09:43:00","slug":"red-escuela-espacio-de-paz","status":"publish","type":"page","link":"https:\/\/blogsaverroes.juntadeandalucia.es\/ceprandresmanjon\/programas\/red-escuela-espacio-de-paz\/","title":{"rendered":"Escuela Espacio de Paz"},"content":{"rendered":"<p style=\"text-align: center\"><span style=\"font-size: 18pt\"><strong>\ud83c\udf74&nbsp; VIII concurso de MasterChef \ud83c\udf74<\/strong><\/span><\/p>\n<p><span style=\"font-size: 18pt\"><span style=\"font-size: 12pt\">El 15 de abril, nuestro alumnado de 5\u00ba y 6\u00ba ha vivido una experiencia inolvidable participando en el VIII concurso de MasterChef.<\/span> <\/span>Ha sido una jornada llena de ilusi\u00f3n, aprendizaje, compa\u00f1erismo y mucha creatividad en la cocina y en el deporte.<\/p>\n<p>Estamos muy orgullosos del esfuerzo, la actitud y el entusiasmo que han demostrado en todo momento.<\/p>\n<p>Queremos agradecer de coraz\u00f3n a nuestro alumnado y a las familias participantes por su implicaci\u00f3n \ud83d\udc9b<\/p>\n<p>Porque, m\u00e1s all\u00e1 de cualquier resultado, el mayor premio era estar hoy all\u00ed, disfrutando, aprendiendo y creciendo juntos \u2728<\/p>\n<p>\u00a1Enhorabuena a tod@s!<br \/>\n<img loading=\"lazy\" decoding=\"async\" class=\"aligncenter size-full wp-image-3039\" src=\"https:\/\/blogsaverroes.juntadeandalucia.es\/ceprandresmanjon\/files\/2026\/04\/Master-chef-1.jpg\" alt=\"\" width=\"641\" height=\"867\" srcset=\"https:\/\/blogsaverroes.juntadeandalucia.es\/ceprandresmanjon\/files\/2026\/04\/Master-chef-1.jpg 641w, https:\/\/blogsaverroes.juntadeandalucia.es\/ceprandresmanjon\/files\/2026\/04\/Master-chef-1-222x300.jpg 222w\" sizes=\"(max-width: 641px) 100vw, 641px\" \/><\/p>\n<p>&nbsp;<\/p>\n<p style=\"text-align: center\"><strong><span style=\"font-size: 18pt\">CHARLAS VIOG\u00c9N<\/span><\/strong><\/p>\n<p style=\"text-align: center\">Seguimos trabajando la educaci\u00f3n contra la violencia de g\u00e9nero y la igualdad. El 25 de marzo, tuvieron lugar las charlas de Viog\u00e9n que la Polic\u00eda Local imparte al tercer ciclo.<\/p>\n<p><img loading=\"lazy\" decoding=\"async\" class=\"aligncenter size-full wp-image-3053\" src=\"https:\/\/blogsaverroes.juntadeandalucia.es\/ceprandresmanjon\/files\/2026\/04\/unnamed-29.jpg\" alt=\"\" width=\"360\" height=\"640\" srcset=\"https:\/\/blogsaverroes.juntadeandalucia.es\/ceprandresmanjon\/files\/2026\/04\/unnamed-29.jpg 360w, https:\/\/blogsaverroes.juntadeandalucia.es\/ceprandresmanjon\/files\/2026\/04\/unnamed-29-169x300.jpg 169w\" sizes=\"(max-width: 360px) 100vw, 360px\" \/><\/p>\n<p>&nbsp;<\/p>\n<p style=\"text-align: center\"><strong><span style=\"font-size: 18pt\">GUARDIANES DEL AGUA<\/span><\/strong><\/p>\n<p style=\"text-align: center\">En 3\u00b0 hemos trabajado el 22 de marzo: D\u00eda del agua. Ese bien tan preciado y necesario que tenemos que cuidar. Para ello, hemos creado a los guardianes del agua \ud83d\udca7 Su misi\u00f3n ser\u00e1 velar por el uso responsable de este recurso.<\/p>\n<p style=\"text-align: center\"><a href=\"https:\/\/www.instagram.com\/p\/DWZomAaDeZt\/?hl=es&amp;img_index=1\">https:\/\/www.instagram.com\/p\/DWZomAaDeZt\/?hl=es&amp;img_index=1<\/a><strong><img loading=\"lazy\" decoding=\"async\" class=\"aligncenter size-full wp-image-3019\" src=\"https:\/\/blogsaverroes.juntadeandalucia.es\/ceprandresmanjon\/files\/2026\/04\/GUARDIANES-DEL-AGUA-EN-ACCION.jpg\" alt=\"\" width=\"785\" height=\"833\" srcset=\"https:\/\/blogsaverroes.juntadeandalucia.es\/ceprandresmanjon\/files\/2026\/04\/GUARDIANES-DEL-AGUA-EN-ACCION.jpg 785w, https:\/\/blogsaverroes.juntadeandalucia.es\/ceprandresmanjon\/files\/2026\/04\/GUARDIANES-DEL-AGUA-EN-ACCION-283x300.jpg 283w, https:\/\/blogsaverroes.juntadeandalucia.es\/ceprandresmanjon\/files\/2026\/04\/GUARDIANES-DEL-AGUA-EN-ACCION-768x815.jpg 768w\" sizes=\"(max-width: 785px) 100vw, 785px\" \/><\/strong><\/p>\n<p>&nbsp;<\/p>\n<p style=\"text-align: center\"><span style=\"font-size: 18pt\"><strong>D\u00cdA INTERNACIONAL DE LA MUJER (8 DE MARZO) &#8211; Taller de ciencia y convivencia 2026<\/strong><\/span><\/p>\n<p style=\"text-align: center\">El 6 de marzo, el alumnado celebr\u00f3 el d\u00eda de la mujer\ud83e\uddcd\u200d\u2640\ufe0fdisfrutando de talleres cient\u00edficos\ud83d\udc69\u200d\ud83d\udd2c\ud83d\udd2c y Scape Room \ud83d\udca8 muy divertidos. <a class=\"x1i10hfl xjbqb8w x1ejq31n x18oe1m7 x1sy0etr xstzfhl x972fbf x10w94by x1qhh985 x14e42zd x9f619 x1ypdohk xt0psk2 x3ct3a4 xdj266r x14z9mp xat24cr x1lziwak xexx8yu xyri2b x18d9i69 x1c1uobl x16tdsg8 x1hl2dhg xggy1nq x1a2a7pz _aa9_ _a6hd\" role=\"link\" href=\"https:\/\/www.instagram.com\/explore\/tags\/8demarzo\/?hl=es\">#8demarzo<\/a>&nbsp;<a class=\"x1i10hfl xjbqb8w x1ejq31n x18oe1m7 x1sy0etr xstzfhl x972fbf x10w94by x1qhh985 x14e42zd x9f619 x1ypdohk xt0psk2 x3ct3a4 xdj266r x14z9mp xat24cr x1lziwak xexx8yu xyri2b x18d9i69 x1c1uobl x16tdsg8 x1hl2dhg xggy1nq x1a2a7pz _aa9_ _a6hd\" role=\"link\" href=\"https:\/\/www.instagram.com\/explore\/tags\/diadelamujer%E2%9D%A4%EF%B8%8F\/?hl=es\">#diadelamujer\u2764\ufe0f<\/a><\/p>\n<p style=\"text-align: center\"><a href=\"https:\/\/www.instagram.com\/p\/DVo5cr4jSOB\/?hl=es&amp;img_index=1\">https:\/\/www.instagram.com\/p\/DVo5cr4jSOB\/?hl=es&amp;img_index=1<\/a><\/p>\n<p style=\"text-align: center\"><strong><img loading=\"lazy\" decoding=\"async\" class=\"aligncenter size-full wp-image-3020\" src=\"https:\/\/blogsaverroes.juntadeandalucia.es\/ceprandresmanjon\/files\/2026\/04\/TALLER-DE-CIENCIA.jpg\" alt=\"\" width=\"812\" height=\"430\" srcset=\"https:\/\/blogsaverroes.juntadeandalucia.es\/ceprandresmanjon\/files\/2026\/04\/TALLER-DE-CIENCIA.jpg 812w, https:\/\/blogsaverroes.juntadeandalucia.es\/ceprandresmanjon\/files\/2026\/04\/TALLER-DE-CIENCIA-300x159.jpg 300w, https:\/\/blogsaverroes.juntadeandalucia.es\/ceprandresmanjon\/files\/2026\/04\/TALLER-DE-CIENCIA-768x407.jpg 768w\" sizes=\"(max-width: 812px) 100vw, 812px\" \/><\/strong><\/p>\n<p style=\"text-align: center\">Adem\u00e1s, el alumnado de 3\u00ba de primaria, elabor\u00f3 sus propias pulseras para reivindicar la igualdad. Junt@s podemos lograrlo.<\/p>\n<p><img loading=\"lazy\" decoding=\"async\" class=\"size-full wp-image-3048 aligncenter\" src=\"https:\/\/blogsaverroes.juntadeandalucia.es\/ceprandresmanjon\/files\/2026\/04\/unnamed-28.jpg\" alt=\"\" width=\"360\" height=\"640\" srcset=\"https:\/\/blogsaverroes.juntadeandalucia.es\/ceprandresmanjon\/files\/2026\/04\/unnamed-28.jpg 360w, https:\/\/blogsaverroes.juntadeandalucia.es\/ceprandresmanjon\/files\/2026\/04\/unnamed-28-169x300.jpg 169w\" sizes=\"(max-width: 360px) 100vw, 360px\" \/><\/p>\n<p>&nbsp;<\/p>\n<p style=\"text-align: center\"><strong><span style=\"font-size: 18pt\">\ud83d\udd4a\ufe0f \u262e\ufe0f D\u00cdA ESCOLAR DE LA NO VIOLENCIA Y LA PAZ \u262e\ufe0f \ud83d\udd4a\ufe0f<\/span><\/strong><\/p>\n<p>&nbsp;<\/p>\n<p><img loading=\"lazy\" decoding=\"async\" class=\"wp-image-3055 aligncenter\" src=\"https:\/\/blogsaverroes.juntadeandalucia.es\/ceprandresmanjon\/files\/2026\/04\/unnamed-30.jpg\" alt=\"\" width=\"705\" height=\"703\" srcset=\"https:\/\/blogsaverroes.juntadeandalucia.es\/ceprandresmanjon\/files\/2026\/04\/unnamed-30.jpg 1290w, https:\/\/blogsaverroes.juntadeandalucia.es\/ceprandresmanjon\/files\/2026\/04\/unnamed-30-300x300.jpg 300w, https:\/\/blogsaverroes.juntadeandalucia.es\/ceprandresmanjon\/files\/2026\/04\/unnamed-30-1024x1022.jpg 1024w, https:\/\/blogsaverroes.juntadeandalucia.es\/ceprandresmanjon\/files\/2026\/04\/unnamed-30-150x150.jpg 150w, https:\/\/blogsaverroes.juntadeandalucia.es\/ceprandresmanjon\/files\/2026\/04\/unnamed-30-768x766.jpg 768w, https:\/\/blogsaverroes.juntadeandalucia.es\/ceprandresmanjon\/files\/2026\/04\/unnamed-30-80x80.jpg 80w, https:\/\/blogsaverroes.juntadeandalucia.es\/ceprandresmanjon\/files\/2026\/04\/unnamed-30-320x320.jpg 320w\" sizes=\"(max-width: 705px) 100vw, 705px\" \/><\/p>\n<p>&nbsp;<\/p>\n<h1 style=\"text-align: center\"><span style=\"font-size: 18pt\">Actuaci\u00f3n de \u00bb Las manos del mundo\u00bb&nbsp;<\/span><\/h1>\n<div style=\"width: 848px;\" class=\"wp-video\"><!--[if lt IE 9]><script>document.createElement('video');<\/script><![endif]-->\n<video class=\"wp-video-shortcode\" id=\"video-2001-1\" width=\"848\" height=\"478\" preload=\"metadata\" controls=\"controls\"><source type=\"video\/mp4\" src=\"https:\/\/blogsaverroes.juntadeandalucia.es\/ceprandresmanjon\/files\/2026\/04\/VID-20260130-WA0043.mp4?_=1\" \/><a href=\"https:\/\/blogsaverroes.juntadeandalucia.es\/ceprandresmanjon\/files\/2026\/04\/VID-20260130-WA0043.mp4\">https:\/\/blogsaverroes.juntadeandalucia.es\/ceprandresmanjon\/files\/2026\/04\/VID-20260130-WA0043.mp4<\/a><\/video><\/div>\n<p><a href=\"https:\/\/www.instagram.com\/p\/DUI0kmyjcIA\/?hl=es&amp;img_index=1\">https:\/\/www.instagram.com\/p\/DUI0kmyjcIA\/?hl=es&amp;img_index=1<\/a><\/p>\n<p><a href=\"https:\/\/www.instagram.com\/p\/DUI1Lw9DboA\/?hl=es&amp;img_index=1\">https:\/\/www.instagram.com\/p\/DUI1Lw9DboA\/?hl=es&amp;img_index=1<\/a><\/p>\n<h1 style=\"text-align: center\"><strong><span style=\"font-size: 18pt\">Carrera solidaria \u00abSave the Children\u00bb curso 2025\/2026<\/span><\/strong><\/h1>\n<h1 style=\"text-align: left\"><img loading=\"lazy\" decoding=\"async\" class=\"aligncenter size-full wp-image-3012\" src=\"https:\/\/blogsaverroes.juntadeandalucia.es\/ceprandresmanjon\/files\/2026\/04\/carera-solidaria-1-1.jpg\" alt=\"Carrera solidaria Save The Children\" width=\"873\" height=\"459\" srcset=\"https:\/\/blogsaverroes.juntadeandalucia.es\/ceprandresmanjon\/files\/2026\/04\/carera-solidaria-1-1.jpg 873w, https:\/\/blogsaverroes.juntadeandalucia.es\/ceprandresmanjon\/files\/2026\/04\/carera-solidaria-1-1-300x158.jpg 300w, https:\/\/blogsaverroes.juntadeandalucia.es\/ceprandresmanjon\/files\/2026\/04\/carera-solidaria-1-1-768x404.jpg 768w\" sizes=\"(max-width: 873px) 100vw, 873px\" \/><\/h1>\n<p><img loading=\"lazy\" decoding=\"async\" class=\"size-full wp-image-3015 aligncenter\" src=\"https:\/\/blogsaverroes.juntadeandalucia.es\/ceprandresmanjon\/files\/2026\/04\/unnamed-27.jpg\" alt=\"\" width=\"360\" height=\"640\" srcset=\"https:\/\/blogsaverroes.juntadeandalucia.es\/ceprandresmanjon\/files\/2026\/04\/unnamed-27.jpg 360w, https:\/\/blogsaverroes.juntadeandalucia.es\/ceprandresmanjon\/files\/2026\/04\/unnamed-27-169x300.jpg 169w\" sizes=\"(max-width: 360px) 100vw, 360px\" \/><\/p>\n<p>&nbsp;<\/p>\n<p>Gracias a todo el alumnado por participar. Seguimos sumando.<\/p>\n<p><a href=\"https:\/\/www.instagram.com\/p\/DUIe2M9jcZp\/?utm_source=ig_web_copy_link&amp;igsh=MzRlODBiNWFlZA==\">https:\/\/www.instagram.com\/p\/DUIe2M9jcZp\/?utm_source=ig_web_copy_link&amp;igsh=MzRlODBiNWFlZA==<\/a><\/p>\n<p>&nbsp;<\/p>\n<p style=\"text-align: center\"><strong><span style=\"font-size: 18pt\">25 de noviembre de 2025<\/span><\/strong><\/p>\n<p style=\"text-align: center\">Otro a\u00f1o m\u00e1s, celebramos el D\u00cdA CONTRA LA VIOLENCIA DE G\u00c9NERO.<\/p>\n<p style=\"text-align: center\">\u2640\ufe0fSeguimos sumando, seguimos concienciando \ud83d\udcaa<\/p>\n<p style=\"text-align: center\"><a href=\"https:\/\/www.instagram.com\/p\/DRhgXkEDRZ4\/?hl=es&amp;img_index=1\">https:\/\/www.instagram.com\/p\/DRhgXkEDRZ4\/?hl=es&amp;img_index=1<\/a><\/p>\n<p>&nbsp;<\/p>\n<h1 style=\"text-align: justify\"><img loading=\"lazy\" decoding=\"async\" class=\"aligncenter size-full wp-image-2990\" src=\"https:\/\/blogsaverroes.juntadeandalucia.es\/ceprandresmanjon\/files\/2026\/04\/igualdad.jpg\" alt=\"\" width=\"629\" height=\"783\" srcset=\"https:\/\/blogsaverroes.juntadeandalucia.es\/ceprandresmanjon\/files\/2026\/04\/igualdad.jpg 629w, https:\/\/blogsaverroes.juntadeandalucia.es\/ceprandresmanjon\/files\/2026\/04\/igualdad-241x300.jpg 241w\" sizes=\"(max-width: 629px) 100vw, 629px\" \/><br \/>\n<img loading=\"lazy\" decoding=\"async\" class=\"aligncenter size-full wp-image-2989\" src=\"https:\/\/blogsaverroes.juntadeandalucia.es\/ceprandresmanjon\/files\/2026\/04\/igualdad-1.jpg\" alt=\"\" width=\"655\" height=\"817\" srcset=\"https:\/\/blogsaverroes.juntadeandalucia.es\/ceprandresmanjon\/files\/2026\/04\/igualdad-1.jpg 655w, https:\/\/blogsaverroes.juntadeandalucia.es\/ceprandresmanjon\/files\/2026\/04\/igualdad-1-241x300.jpg 241w\" sizes=\"(max-width: 655px) 100vw, 655px\" \/><\/h1>\n<p>&nbsp;<\/p>\n<p><strong>JORNADA DE H\u00c1BITOS SALUDABLES CURSO 2025\/2026<\/strong><\/p>\n<p>Durante el mes de noviembre, nuestro alumnado ha disfrutado de una jornada de h\u00e1bitos saludables en el Pabell\u00f3n Municipal de Deportes en la que se ha impartido un taller sobre alimentaci\u00f3n saludable, han elaborado un desayuno y han realizado distintas actividades deportivas.<\/p>\n<p>\u00a1Se lo han pasado genial!<\/p>\n<p><a href=\"https:\/\/www.instagram.com\/p\/DQxU88fDWc7\/?utm_source=ig_web_button_share_sheet&amp;igsh=MzRlODBiNWFlZA==\">https:\/\/www.instagram.com\/p\/DQxU88fDWc7\/?utm_source=ig_web_button_share_sheet&amp;igsh=MzRlODBiNWFlZA==<\/a><\/p>\n<h1><img loading=\"lazy\" decoding=\"async\" class=\"aligncenter size-full wp-image-2992\" src=\"https:\/\/blogsaverroes.juntadeandalucia.es\/ceprandresmanjon\/files\/2026\/04\/unnamed-26.jpg\" alt=\"\" width=\"365\" height=\"640\" srcset=\"https:\/\/blogsaverroes.juntadeandalucia.es\/ceprandresmanjon\/files\/2026\/04\/unnamed-26.jpg 365w, https:\/\/blogsaverroes.juntadeandalucia.es\/ceprandresmanjon\/files\/2026\/04\/unnamed-26-171x300.jpg 171w\" sizes=\"(max-width: 365px) 100vw, 365px\" \/><\/h1>\n<p><iframe loading=\"lazy\" title=\"DIA ESCOLAR DE LA NO VIOLENCIA Y DE LA PAZ 2021\" width=\"500\" height=\"281\" src=\"https:\/\/www.youtube.com\/embed\/VvKLQmmpqTg?feature=oembed&#038;wmode=opaque\" frameborder=\"0\" allow=\"accelerometer; autoplay; clipboard-write; encrypted-media; gyroscope; picture-in-picture; web-share\" referrerpolicy=\"strict-origin-when-cross-origin\" allowfullscreen><\/iframe><\/p>\n<p style=\"text-align: justify\"><span style=\"text-decoration: underline\">La <b>Red<\/b> <strong>Andaluza<\/strong> \u00ab<strong>Escuela&nbsp;<\/strong><b>Espacio de Paz<\/b>\u00ab<\/span> es una <b>red<\/b> de <strong>centros educativos<\/strong> que se comprometen expl\u00edcita y voluntariamente a <strong>trabajar<\/strong> en la promoci\u00f3n de la<strong> Cultura<\/strong> de <b>Paz<\/b> y a compartir experiencias y recursos con otros centros.<span style=\"text-decoration: underline\"><img loading=\"lazy\" decoding=\"async\" class=\"wp-image-2187 alignright\" src=\"https:\/\/blogsaverroes.juntadeandalucia.es\/ceprandresmanjon\/files\/2020\/07\/ESCUELA-ESPACIO-DE-PAZ.jpg\" alt=\"\" width=\"211\" height=\"139\" srcset=\"https:\/\/blogsaverroes.juntadeandalucia.es\/ceprandresmanjon\/files\/2020\/07\/ESCUELA-ESPACIO-DE-PAZ.jpg 512w, https:\/\/blogsaverroes.juntadeandalucia.es\/ceprandresmanjon\/files\/2020\/07\/ESCUELA-ESPACIO-DE-PAZ-300x196.jpg 300w, https:\/\/blogsaverroes.juntadeandalucia.es\/ceprandresmanjon\/files\/2020\/07\/ESCUELA-ESPACIO-DE-PAZ-24x16.jpg 24w, https:\/\/blogsaverroes.juntadeandalucia.es\/ceprandresmanjon\/files\/2020\/07\/ESCUELA-ESPACIO-DE-PAZ-36x24.jpg 36w, https:\/\/blogsaverroes.juntadeandalucia.es\/ceprandresmanjon\/files\/2020\/07\/ESCUELA-ESPACIO-DE-PAZ-48x31.jpg 48w\" sizes=\"(max-width: 211px) 100vw, 211px\" \/><\/span><\/p>\n<p style=\"text-align: justify\">La <strong>promoci\u00f3n<\/strong> de la convivencia y la difusi\u00f3n de la <strong>Cultura de Paz<\/strong> suponen el <strong>aprendizaje<\/strong> de una ciudadan\u00eda <strong>democr\u00e1tica<\/strong>, la <strong>educaci\u00f3n<\/strong> para la <strong>paz<\/strong>, los <strong>derechos humanos<\/strong>, la <strong>democracia<\/strong> y la <strong>tolerancia<\/strong>, y la <strong>prevenci\u00f3n<\/strong> de la <strong>violencia<\/strong>.<\/p>\n<p><strong style=\"text-align: justify\"><img loading=\"lazy\" decoding=\"async\" class=\"alignleft wp-image-2190\" src=\"https:\/\/blogsaverroes.juntadeandalucia.es\/ceprandresmanjon\/files\/2020\/07\/Logo-Convivencia.png\" alt=\"\" width=\"226\" height=\"200\" srcset=\"https:\/\/blogsaverroes.juntadeandalucia.es\/ceprandresmanjon\/files\/2020\/07\/Logo-Convivencia.png 531w, https:\/\/blogsaverroes.juntadeandalucia.es\/ceprandresmanjon\/files\/2020\/07\/Logo-Convivencia-300x266.png 300w, https:\/\/blogsaverroes.juntadeandalucia.es\/ceprandresmanjon\/files\/2020\/07\/Logo-Convivencia-24x21.png 24w, https:\/\/blogsaverroes.juntadeandalucia.es\/ceprandresmanjon\/files\/2020\/07\/Logo-Convivencia-36x32.png 36w, https:\/\/blogsaverroes.juntadeandalucia.es\/ceprandresmanjon\/files\/2020\/07\/Logo-Convivencia-48x43.png 48w\" sizes=\"(max-width: 226px) 100vw, 226px\" \/><\/strong><\/p>\n<p><strong style=\"text-align: justify\">&nbsp;<\/strong><strong style=\"text-align: justify\"><span style=\"text-decoration: underline\">La Red Andaluza \u00abEscuela: Espacio de Paz\u00bb<\/span><\/strong><span style=\"text-align: justify\"> adem\u00e1s de ser bien acogida por los <\/span><strong style=\"text-align: justify\">centros andaluces<\/strong><span style=\"text-align: justify\">, tiene&nbsp; reconocimiento fuera de nuestra <\/span><strong style=\"text-align: justify\">Comunidad<\/strong><span style=\"text-align: justify\"> tanto a<\/span><strong style=\"text-align: justify\"> nivel estatal<\/strong><span style=\"text-align: justify\"> como a <\/span><strong style=\"text-align: justify\">nivel internacional.<\/strong><\/p>\n<p style=\"text-align: justify\"><span style=\"text-decoration: underline\"><strong>La Red Andaluza \u00abEscuela: Espacio de Paz\u00bb<\/strong><\/span> es un ejemplo de organizaci\u00f3n que <strong>aprende<\/strong>, que <strong>evoluciona<\/strong> y se <strong>adapta<\/strong> a nuevos contextos manteniendo sus <strong>objetivos<\/strong> fundamentales y procurando la mejora de los procesos.<\/p>\n<p style=\"text-align: justify\">En el <strong>funcionamiento<\/strong> de la <strong>Red<\/strong> hemos de destacar adem\u00e1s de las buenas <strong>pr\u00e1cticas<\/strong> de los<strong> centros educativos<\/strong>, la labor del <strong>profesorado<\/strong> y la implicaci\u00f3n de toda la <strong>Comunidad<\/strong> <strong>Educativa<\/strong>, que la posibilitan y la sostienen.<\/p>\n","protected":false},"excerpt":{"rendered":"<p>\ud83c\udf74&nbsp; VIII concurso de MasterChef \ud83c\udf74 El 15 de abril, nuestro alumnado de 5\u00ba y 6\u00ba ha vivido una experiencia inolvidable participando en el VIII concurso de MasterChef. Ha sido una jornada llena de&#46;&#46;&#46;<\/p>\n","protected":false},"author":6420,"featured_media":0,"parent":1470,"menu_order":0,"comment_status":"closed","ping_status":"closed","template":"","meta":{"ngg_post_thumbnail":0,"footnotes":""},"aioseo_notices":[],"_links":{"self":[{"href":"https:\/\/blogsaverroes.juntadeandalucia.es\/ceprandresmanjon\/wp-json\/wp\/v2\/pages\/2001"}],"collection":[{"href":"https:\/\/blogsaverroes.juntadeandalucia.es\/ceprandresmanjon\/wp-json\/wp\/v2\/pages"}],"about":[{"href":"https:\/\/blogsaverroes.juntadeandalucia.es\/ceprandresmanjon\/wp-json\/wp\/v2\/types\/page"}],"author":[{"embeddable":true,"href":"https:\/\/blogsaverroes.juntadeandalucia.es\/ceprandresmanjon\/wp-json\/wp\/v2\/users\/6420"}],"replies":[{"embeddable":true,"href":"https:\/\/blogsaverroes.juntadeandalucia.es\/ceprandresmanjon\/wp-json\/wp\/v2\/comments?post=2001"}],"version-history":[{"count":48,"href":"https:\/\/blogsaverroes.juntadeandalucia.es\/ceprandresmanjon\/wp-json\/wp\/v2\/pages\/2001\/revisions"}],"predecessor-version":[{"id":3062,"href":"https:\/\/blogsaverroes.juntadeandalucia.es\/ceprandresmanjon\/wp-json\/wp\/v2\/pages\/2001\/revisions\/3062"}],"up":[{"embeddable":true,"href":"https:\/\/blogsaverroes.juntadeandalucia.es\/ceprandresmanjon\/wp-json\/wp\/v2\/pages\/1470"}],"wp:attachment":[{"href":"https:\/\/blogsaverroes.juntadeandalucia.es\/ceprandresmanjon\/wp-json\/wp\/v2\/media?parent=2001"}],"curies":[{"name":"wp","href":"https:\/\/api.w.org\/{rel}","templated":true}]}}