{"id":2323,"date":"2020-09-08T16:45:51","date_gmt":"2020-09-08T15:45:51","guid":{"rendered":"https:\/\/blogsaverroes.juntadeandalucia.es\/ceprandresmanjon\/?page_id=2323"},"modified":"2022-11-15T10:38:40","modified_gmt":"2022-11-15T09:38:40","slug":"protocolo-covid-19","status":"publish","type":"page","link":"https:\/\/blogsaverroes.juntadeandalucia.es\/ceprandresmanjon\/familias\/protocolo-covid-19\/","title":{"rendered":"RECOMENDACIONES COVID-19"},"content":{"rendered":"<p style=\"text-align: center\"><img loading=\"lazy\" decoding=\"async\" class=\"wp-image-2341 aligncenter\" src=\"https:\/\/blogsaverroes.juntadeandalucia.es\/ceprandresmanjon\/files\/2020\/09\/Protocolo-COVID19-img.jpg\" alt=\"\" width=\"568\" height=\"284\" srcset=\"https:\/\/blogsaverroes.juntadeandalucia.es\/ceprandresmanjon\/files\/2020\/09\/Protocolo-COVID19-img.jpg 1600w, https:\/\/blogsaverroes.juntadeandalucia.es\/ceprandresmanjon\/files\/2020\/09\/Protocolo-COVID19-img-300x150.jpg 300w, https:\/\/blogsaverroes.juntadeandalucia.es\/ceprandresmanjon\/files\/2020\/09\/Protocolo-COVID19-img-1024x512.jpg 1024w, https:\/\/blogsaverroes.juntadeandalucia.es\/ceprandresmanjon\/files\/2020\/09\/Protocolo-COVID19-img-768x384.jpg 768w, https:\/\/blogsaverroes.juntadeandalucia.es\/ceprandresmanjon\/files\/2020\/09\/Protocolo-COVID19-img-1536x768.jpg 1536w, https:\/\/blogsaverroes.juntadeandalucia.es\/ceprandresmanjon\/files\/2020\/09\/Protocolo-COVID19-img-24x12.jpg 24w, https:\/\/blogsaverroes.juntadeandalucia.es\/ceprandresmanjon\/files\/2020\/09\/Protocolo-COVID19-img-36x18.jpg 36w, https:\/\/blogsaverroes.juntadeandalucia.es\/ceprandresmanjon\/files\/2020\/09\/Protocolo-COVID19-img-48x24.jpg 48w\" sizes=\"(max-width: 568px) 100vw, 568px\" \/><\/p>\n<p style=\"text-align: center\">Teniendo en cuenta la situaci\u00f3n epidemiol\u00f3gica, la estrategia de vacunaci\u00f3n frente a la COVID-19,&nbsp; la revisi\u00f3n de la evidencia cient\u00edfica disponible, las lecciones aprendidas y el consenso de que se deben preservar los centros educativos abiertos por su impacto en la salud, el bienestar emocional, la equidad y el progreso educativo en la infancia y adolescencia, se ha considerado oportuno dotarnos de unas recomendaciones b\u00e1sicas para el curso escolar 2022\/2023, sin menoscabo que nuevas situaciones o cambios significativos en la epidemiolog\u00eda de la COVID-19 a lo largo del presente curso escolar requieran una revisi\u00f3n de las mismas o la adopci\u00f3n de medidas espec\u00edficas.<\/p>\n<p style=\"text-align: center\">Para ello, se ha elaborado un nuevo protocolo de recomendaciones COVID-19, que ser\u00e1 el documento que recoger\u00e1 todas las recomendaciones de prevenci\u00f3n y protecci\u00f3n, acordes a la evoluci\u00f3n y situaci\u00f3n actual de la crisis sanitaria provocada por el impacto de la COVID-19.<\/p>\n<p>&nbsp;<\/p>\n<p style=\"text-align: center\"><a href=\"https:\/\/blogsaverroes.juntadeandalucia.es\/ceprandresmanjon\/files\/2022\/11\/Protocolo-COVID-2022-2023.pdf\" target=\"_blank\" rel=\"noopener noreferrer\"><strong><span style=\"font-size: 18pt\">Recomendaciones COVID-19<\/span><\/strong><\/a><\/p>\n<p style=\"text-align: center\">&nbsp;<\/p>\n<p>&nbsp;<\/p>\n<p style=\"text-align: center\">&nbsp;<\/p>\n<p style=\"text-align: center\">&nbsp;<\/p>\n","protected":false},"excerpt":{"rendered":"<p>Teniendo en cuenta la situaci\u00f3n epidemiol\u00f3gica, la estrategia de vacunaci\u00f3n frente a la COVID-19,&nbsp; la revisi\u00f3n de la evidencia cient\u00edfica disponible, las lecciones aprendidas y el consenso de que se deben preservar los centros&#46;&#46;&#46;<\/p>\n","protected":false},"author":6420,"featured_media":0,"parent":2096,"menu_order":0,"comment_status":"closed","ping_status":"closed","template":"","meta":{"ngg_post_thumbnail":0,"footnotes":""},"aioseo_notices":[],"_links":{"self":[{"href":"https:\/\/blogsaverroes.juntadeandalucia.es\/ceprandresmanjon\/wp-json\/wp\/v2\/pages\/2323"}],"collection":[{"href":"https:\/\/blogsaverroes.juntadeandalucia.es\/ceprandresmanjon\/wp-json\/wp\/v2\/pages"}],"about":[{"href":"https:\/\/blogsaverroes.juntadeandalucia.es\/ceprandresmanjon\/wp-json\/wp\/v2\/types\/page"}],"author":[{"embeddable":true,"href":"https:\/\/blogsaverroes.juntadeandalucia.es\/ceprandresmanjon\/wp-json\/wp\/v2\/users\/6420"}],"replies":[{"embeddable":true,"href":"https:\/\/blogsaverroes.juntadeandalucia.es\/ceprandresmanjon\/wp-json\/wp\/v2\/comments?post=2323"}],"version-history":[{"count":20,"href":"https:\/\/blogsaverroes.juntadeandalucia.es\/ceprandresmanjon\/wp-json\/wp\/v2\/pages\/2323\/revisions"}],"predecessor-version":[{"id":2815,"href":"https:\/\/blogsaverroes.juntadeandalucia.es\/ceprandresmanjon\/wp-json\/wp\/v2\/pages\/2323\/revisions\/2815"}],"up":[{"embeddable":true,"href":"https:\/\/blogsaverroes.juntadeandalucia.es\/ceprandresmanjon\/wp-json\/wp\/v2\/pages\/2096"}],"wp:attachment":[{"href":"https:\/\/blogsaverroes.juntadeandalucia.es\/ceprandresmanjon\/wp-json\/wp\/v2\/media?parent=2323"}],"curies":[{"name":"wp","href":"https:\/\/api.w.org\/{rel}","templated":true}]}}

<p style="text-align: center"><img loading="lazy" decoding="async" class="wp-image-2341 aligncenter" src="https://blogsaverroes.juntadeandalucia.es/ceprandresmanjon/files/2020/09/Protocolo-COVID19-img.jpg" alt="" width="568" height="284" srcset="https://blogsaverroes.juntadeandalucia.es/ceprandresmanjon/files/2020/09/Protocolo-COVID19-img.jpg 1600w, https://blogsaverroes.juntadeandalucia.es/ceprandresmanjon/files/2020/09/Protocolo-COVID19-img-300x150.jpg 300w, https://blogsaverroes.juntadeandalucia.es/ceprandresmanjon/files/2020/09/Protocolo-COVID19-img-1024x512.jpg 1024w, https://blogsaverroes.juntadeandalucia.es/ceprandresmanjon/files/2020/09/Protocolo-COVID19-img-768x384.jpg 768w, https://blogsaverroes.juntadeandalucia.es/ceprandresmanjon/files/2020/09/Protocolo-COVID19-img-1536x768.jpg 1536w, https://blogsaverroes.juntadeandalucia.es/ceprandresmanjon/files/2020/09/Protocolo-COVID19-img-24x12.jpg 24w, https://blogsaverroes.juntadeandalucia.es/ceprandresmanjon/files/2020/09/Protocolo-COVID19-img-36x18.jpg 36w, https://blogsaverroes.juntadeandalucia.es/ceprandresmanjon/files/2020/09/Protocolo-COVID19-img-48x24.jpg 48w" sizes="(max-width: 568px) 100vw, 568px" /></p>
<p style="text-align: center">Teniendo en cuenta la situación epidemiológica, la estrategia de vacunación frente a la COVID-19,&nbsp; la revisión de la evidencia científica disponible, las lecciones aprendidas y el consenso de que se deben preservar los centros educativos abiertos por su impacto en la salud, el bienestar emocional, la equidad y el progreso educativo en la infancia y adolescencia, se ha considerado oportuno dotarnos de unas recomendaciones básicas para el curso escolar 2022/2023, sin menoscabo que nuevas situaciones o cambios significativos en la epidemiología de la COVID-19 a lo largo del presente curso escolar requieran una revisión de las mismas o la adopción de medidas específicas.</p>
<p style="text-align: center">Para ello, se ha elaborado un nuevo protocolo de recomendaciones COVID-19, que será el documento que recogerá todas las recomendaciones de prevención y protección, acordes a la evolución y situación actual de la crisis sanitaria provocada por el impacto de la COVID-19.</p>
<p>&nbsp;</p>
<p style="text-align: center"><a href="https://blogsaverroes.juntadeandalucia.es/ceprandresmanjon/files/2022/11/Protocolo-COVID-2022-2023.pdf" target="_blank" rel="noopener noreferrer"><strong><span style="font-size: 18pt">Recomendaciones COVID-19</span></strong></a></p>
<p style="text-align: center">&nbsp;</p>
<p>&nbsp;</p>
<p style="text-align: center">&nbsp;</p>
<p style="text-align: center">&nbsp;</p>

<p>Teniendo en cuenta la situación epidemiológica, la estrategia de vacunación frente a la COVID-19,&nbsp; la revisión de la evidencia científica disponible, las lecciones aprendidas y el consenso de que se deben preservar los centros&#46;&#46;&#46;</p>
