{"id":585,"date":"2022-06-25T11:42:07","date_gmt":"2022-06-25T10:42:07","guid":{"rendered":"https:\/\/blogsaverroes.juntadeandalucia.es\/ceprbuenavistasevilla\/?page_id=585"},"modified":"2022-09-07T06:10:01","modified_gmt":"2022-09-07T05:10:01","slug":"aula-matinal-2","status":"publish","type":"page","link":"https:\/\/blogsaverroes.juntadeandalucia.es\/ceprbuenavistasevilla\/aula-matinal-2\/","title":{"rendered":"Aula matinal"},"content":{"rendered":"<p>[et_pb_section fb_built=&#8221;1&#8243; admin_label=&#8221;Page Header&#8221; _builder_version=&#8221;3.22&#8243; background_image=&#8221;https:\/\/blogsaverroes.juntadeandalucia.es\/ceprbuenavistasevilla\/files\/2022\/09\/circle-background-pattern.png&#8221; custom_padding=&#8221;67px|0px|13.2px|0px|false|false&#8221; animation_style=&#8221;zoom&#8221; animation_intensity_zoom=&#8221;4%&#8221; global_colors_info=&#8221;{}&#8221;][et_pb_row _builder_version=&#8221;3.25&#8243; background_size=&#8221;initial&#8221; background_position=&#8221;top_left&#8221; background_repeat=&#8221;repeat&#8221; custom_padding=&#8221;|||&#8221; animation_style=&#8221;slide&#8221; animation_direction=&#8221;top&#8221; animation_intensity_slide=&#8221;3%&#8221; global_colors_info=&#8221;{}&#8221;][et_pb_column type=&#8221;4_4&#8243; _builder_version=&#8221;3.25&#8243; custom_padding=&#8221;|||&#8221; global_colors_info=&#8221;{}&#8221; custom_padding__hover=&#8221;|||&#8221;][et_pb_text _builder_version=&#8221;3.27.4&#8243; text_font=&#8221;||||||||&#8221; header_font=&#8221;Montserrat|700||on|||||dotted&#8221; header_text_color=&#8221;#353740&#8243; header_font_size=&#8221;60px&#8221; header_line_height=&#8221;1.3em&#8221; background_size=&#8221;initial&#8221; background_position=&#8221;top_left&#8221; background_repeat=&#8221;repeat&#8221; custom_margin=&#8221;|||&#8221; animation_style=&#8221;fade&#8221; header_font_size_last_edited=&#8221;off|desktop&#8221; locked=&#8221;off&#8221; global_colors_info=&#8221;{}&#8221;]<\/p>\n<h1>aula matinal<\/h1>\n<p>[\/et_pb_text][et_pb_divider show_divider=&#8221;off&#8221; disabled_on=&#8221;on|on|off&#8221; _builder_version=&#8221;3.2&#8243; max_width=&#8221;120px&#8221; animation_style=&#8221;slide&#8221; animation_direction=&#8221;top&#8221; animation_intensity_slide=&#8221;30%&#8221; global_colors_info=&#8221;{}&#8221;][\/et_pb_divider][\/et_pb_column][\/et_pb_row][\/et_pb_section][et_pb_section fb_built=&#8221;1&#8243; admin_label=&#8221;About Us Section&#8221; _builder_version=&#8221;4.14.5&#8243; background_image=&#8221;https:\/\/blogsaverroes.juntadeandalucia.es\/ceprbuenavistasevilla\/files\/2022\/09\/aula-matinal2.png&#8221; custom_margin=&#8221;|5%||5%&#8221; custom_margin_tablet=&#8221;&#8221; custom_margin_phone=&#8221;|0px||0px&#8221; custom_margin_last_edited=&#8221;on|phone&#8221; custom_padding=&#8221;10%||4px|||&#8221; animation_style=&#8221;zoom&#8221; animation_direction=&#8221;top&#8221; animation_intensity_zoom=&#8221;5%&#8221; box_shadow_style=&#8221;preset7&#8243; box_shadow_horizontal=&#8221;0px&#8221; box_shadow_vertical=&#8221;-200px&#8221; box_shadow_color=&#8221;#ffffff&#8221; global_colors_info=&#8221;{}&#8221;][et_pb_row column_structure=&#8221;2_3,1_3&#8243; admin_label=&#8221;About Us Area&#8221; _builder_version=&#8221;3.25&#8243; background_size=&#8221;initial&#8221; background_position=&#8221;top_left&#8221; background_repeat=&#8221;repeat&#8221; custom_padding=&#8221;27px|0px|0px|0px&#8221; global_colors_info=&#8221;{}&#8221;][et_pb_column type=&#8221;2_3&#8243; _builder_version=&#8221;3.25&#8243; custom_padding=&#8221;|||&#8221; global_colors_info=&#8221;{}&#8221; custom_padding__hover=&#8221;|||&#8221;][et_pb_text admin_label=&#8221;Title&#8221; _builder_version=&#8221;3.27.4&#8243; text_font=&#8221;Montserrat||||||||&#8221; text_text_color=&#8221;#747d88&#8243; text_font_size=&#8221;16px&#8221; text_line_height=&#8221;1.9em&#8221; header_font=&#8221;||||||||&#8221; header_text_align=&#8221;left&#8221; header_2_font=&#8221;Montserrat|700||on|||||&#8221; header_2_font_size=&#8221;42px&#8221; header_2_line_height=&#8221;1.3em&#8221; background_color=&#8221;#f7f7f7&#8243; background_size=&#8221;initial&#8221; background_position=&#8221;top_left&#8221; background_repeat=&#8221;repeat&#8221; max_width=&#8221;700px&#8221; module_alignment=&#8221;left&#8221; custom_margin=&#8221;|||&#8221; custom_padding=&#8221;10%|3.6%|10%|10%||&#8221; animation_style=&#8221;slide&#8221; animation_direction=&#8221;bottom&#8221; animation_intensity_slide=&#8221;4%&#8221; animation_starting_opacity=&#8221;100%&#8221; box_shadow_style=&#8221;preset1&#8243; box_shadow_vertical=&#8221;15px&#8221; box_shadow_blur=&#8221;45px&#8221; box_shadow_color=&#8221;rgba(0,0,0,0.15)&#8221; locked=&#8221;off&#8221; global_colors_info=&#8221;{}&#8221;]<\/p>\n<h2>Solicitud de bonificaci\u00f3n<\/h2>\n<p>Del <strong>1 al 7 de septiembre<\/strong>\u00a0se establece el plazo de\u00a0<strong>solicitud de BONIFICACI\u00d3N<\/strong>\u00a0de los servicios complementarios de\u00a0<strong>aula matinal, comedor escolar y actividades extraescolares<\/strong>.<\/p>\n<p>\u00a0 \u00a0 \u00a0Para su tramitaci\u00f3n usted puede:<\/p>\n<p>a)\u00a0<strong>Solicitud telem\u00e1tica<\/strong>\u00a0 (<strong>preferentemente<\/strong>) desde la secretar\u00eda virtual de la Consejer\u00eda de Educaci\u00f3n y Deporte accediendo a trav\u00e9s del siguiente enlace. Recuerde que necesitar\u00e1 su clave iANDe (alojada en comunicaciones de PASEN)\u00a0 o un certificado digital.<\/p>\n<p style=\"text-align: center\"><span style=\"font-size: 12pt\"><strong><a href=\"https:\/\/www.juntadeandalucia.es\/educacion\/secretariavirtual\/accesoTramite\/381\/\" target=\"_blank\" rel=\"noopener noreferrer\">Secretar\u00eda Virtual de Educaci\u00f3n\u00a0<\/a><\/strong><\/span><\/p>\n<p style=\"text-align: left\">Para ayudarle en el proceso, puede ver el siguiente tutorial:<\/p>\n<p style=\"text-align: center\"><iframe loading=\"lazy\" src=\"https:\/\/www.youtube.com\/embed\/0gkPSOMvkFU\" width=\"560\" height=\"315\" frameborder=\"0\"><\/iframe><\/p>\n<p>b)\u00a0<strong>Solicitud presencial<\/strong>. Puede acudir al centro de 12:00 a 14:00, solicitar el Anexo V y entregarlo en secretar\u00eda.<\/p>\n<p>[\/et_pb_text][et_pb_button button_url=&#8221;https:\/\/drive.google.com\/file\/d\/1H9wuCKa7KwyxDp-vm-R9qz1HbLLVqbWT\/view?usp=sharing&#8221; button_text=&#8221;Descargar Anexo V&#8221; _builder_version=&#8221;4.14.5&#8243; _module_preset=&#8221;default&#8221; global_colors_info=&#8221;{}&#8221;][\/et_pb_button][\/et_pb_column][et_pb_column type=&#8221;1_3&#8243; _builder_version=&#8221;3.25&#8243; custom_padding=&#8221;|||&#8221; global_colors_info=&#8221;{}&#8221; custom_padding__hover=&#8221;|||&#8221;][\/et_pb_column][\/et_pb_row][\/et_pb_section][et_pb_section fb_built=&#8221;1&#8243; admin_label=&#8221;Team Member Section&#8221; _builder_version=&#8221;3.22&#8243; custom_padding=&#8221;0px||60px|||&#8221; global_colors_info=&#8221;{}&#8221;][et_pb_row admin_label=&#8221;Service Section Title&#8221; _builder_version=&#8221;3.25&#8243; background_size=&#8221;initial&#8221; background_position=&#8221;top_left&#8221; background_repeat=&#8221;repeat&#8221; custom_margin=&#8221;||40px|&#8221; animation_style=&#8221;fade&#8221; animation_direction=&#8221;top&#8221; saved_tabs=&#8221;all&#8221; global_colors_info=&#8221;{}&#8221;][et_pb_column type=&#8221;4_4&#8243; _builder_version=&#8221;3.25&#8243; custom_padding=&#8221;|||&#8221; global_colors_info=&#8221;{}&#8221; custom_padding__hover=&#8221;|||&#8221;][et_pb_text admin_label=&#8221;Subtitle&#8221; _builder_version=&#8221;3.27.4&#8243; text_font=&#8221;Montserrat||||&#8221; text_text_color=&#8221;#747d88&#8243; text_font_size=&#8221;16px&#8221; text_line_height=&#8221;1.8em&#8221; header_font=&#8221;||||||||&#8221; background_size=&#8221;initial&#8221; background_position=&#8221;top_left&#8221; background_repeat=&#8221;repeat&#8221; text_orientation=&#8221;center&#8221; max_width=&#8221;1096px&#8221; module_alignment=&#8221;center&#8221; custom_margin=&#8221;|||138px||&#8221; animation_style=&#8221;slide&#8221; animation_direction=&#8221;bottom&#8221; animation_delay=&#8221;100ms&#8221; animation_intensity_slide=&#8221;4%&#8221; global_colors_info=&#8221;{}&#8221;]<\/p>\n<p style=\"text-align: justify\">La direcci\u00f3n del centro deber\u00e1 grabar los datos de<strong> todos los miembros de la unidad familiar,<\/strong> <strong>incluido el\/la menor solicitante.<\/strong>\u00a0Comprobar\u00e1, por tanto, que en la solicitud de bonificaci\u00f3n\/gratuidad todos los miembros de la unidad familiar <u>mayores de 16 a\u00f1os a fecha de 31 de diciembre de 2021, <\/u>identificados por su NIF o NIE, han autorizado a la Consejer\u00eda competente en materia de educaci\u00f3n para obtener de la AEAT la informaci\u00f3n de car\u00e1cter tributario necesaria.\u00a0<\/p>\n<p style=\"text-align: justify\">En ausencia de alguna de las autorizaciones o NIF\/NIE de los mayores de 16 a\u00f1os,\u00a0 el sistema de informaci\u00f3n S\u00e9neca le asignar\u00e1 bonificaci\u00f3n 0<\/p>\n<p style=\"text-align: justify\">Todos los datos, tanto de ingresos como de situaciones familiares o miembros de la unidad familiar, estar\u00e1n <strong>referidos a 31 de diciembre de 2021<\/strong>. De esta forma, el sistema no permitir\u00e1 la grabaci\u00f3n de nacidos con posterioridad al d\u00eda indicado.<\/p>\n<p style=\"text-align: justify\">Todas las circunstancias que figuran en el apartado Solicitud de Bonificaci\u00f3n <strong><u>deber\u00e1n estar documentadas<\/u><\/strong> para su posterior comprobaci\u00f3n si llegara el caso. La documentaci\u00f3n acreditativa correspondiente a cada circunstancia puede consultarse en el ANEXO I.<\/p>\n<p dir=\"ltr\" style=\"text-align: left\">\n<p>[\/et_pb_text][et_pb_button button_url=&#8221;https:\/\/drive.google.com\/file\/d\/1mOpZLkIoPM3jw8xabSnfLFfGGxRYW1cd\/view?usp=sharing&#8221; button_text=&#8221;Informaci\u00f3n sobre los documentos a certificar&#8221; _builder_version=&#8221;4.14.5&#8243; _module_preset=&#8221;default&#8221; hover_enabled=&#8221;0&#8243; global_colors_info=&#8221;{}&#8221; sticky_enabled=&#8221;0&#8243;][\/et_pb_button][\/et_pb_column][\/et_pb_row][et_pb_row column_structure=&#8221;1_2,1_2&#8243; _builder_version=&#8221;4.14.5&#8243; _module_preset=&#8221;default&#8221; global_colors_info=&#8221;{}&#8221;][et_pb_column type=&#8221;1_2&#8243; _builder_version=&#8221;4.14.5&#8243; _module_preset=&#8221;default&#8221; global_colors_info=&#8221;{}&#8221;][et_pb_text _builder_version=&#8221;4.14.5&#8243; _module_preset=&#8221;default&#8221; global_colors_info=&#8221;{}&#8221;]<\/p>\n<p>&nbsp;<\/p>\n<table style=\"width: 572px;height: 748px\">\n<tbody>\n<tr>\n<td style=\"width: 550px;text-align: left\" colspan=\"2\"><strong style=\"text-align: center\"><span style=\"color: #0000ff\">Fechas previstas<\/span><\/strong><\/td>\n<\/tr>\n<tr>\n<td style=\"width: 102px;text-align: center\">Primera semana de octubre<\/td>\n<td style=\"text-align: justify;width: 427px\">\n<p>Comunicaci\u00f3n de la direcci\u00f3n del centro a los solicitantes, de las bonificaciones e incidencias de las solicitudes, con indicaci\u00f3n del plazo de alegaciones mediante la publicaci\u00f3n en el tabl\u00f3n de anuncios del centro \u201c<span style=\"color: #0000ff\">LISTADO DE BONIFICACIONES PROVISIONALES<\/span>\u201d (sin incidencias).<\/p>\n<p>&nbsp;<\/p>\n<p>En este listado se asignar\u00e1 bonificaci\u00f3n 0 a todas las solicitudes que presenten incidencias en el \u201cLISTADO DE PERSONAS SOLICITANTES CON ALGUNA INCIDENCIA\u201d, que no es publicable.<\/p>\n<p>El plazo de <span style=\"text-decoration: underline\">alegaciones<\/span> ser\u00e1 de <span style=\"text-decoration: underline\">diez d\u00edas h\u00e1biles,<\/span> ante la direcci\u00f3n del centro. Las direcciones de los centros desestimar\u00e1n todas las alegaciones que se realicen fuera de los plazos establecidos. Fuera del plazo de alegaciones, las recibidas ser\u00e1n denegadas por fuera de plazo.<\/p>\n<p>La notificaci\u00f3n a las familia ser\u00e1 individual, <strong>con acuse de recibo, obligatorio para que la notificaci\u00f3n tenga validez jur\u00eddica en caso de presentar recurso.<\/strong><\/p>\n<\/td>\n<\/tr>\n<tr>\n<td style=\"width: 102px;text-align: center\">A partir del 19 de\u00a0 Octubre<\/td>\n<td style=\"width: 427px;text-align: justify\">\n<p>Comunicaci\u00f3n individualizada de las bonificaciones definitivas\u00a0 otorgadas por resoluci\u00f3n de la persona titular de la Delegaci\u00f3n Territorial.<\/p>\n<p>&nbsp;<\/p>\n<p>El plazo del <span style=\"text-decoration: underline\">recurso de reposici\u00f3n ser\u00e1 de un mes<\/span>, a partir de la fecha de notificaci\u00f3n, ante la persona titular de la Delegaci\u00f3n Territorial.<\/p>\n<p>Deber\u00e1 presentarse preferentemente en el centro: modelo proporcionado por el centro, copia de la solicitud y recib\u00ed de la comunicaci\u00f3n, firmada.<\/p>\n<\/td>\n<\/tr>\n<\/tbody>\n<\/table>\n<p>[\/et_pb_text][\/et_pb_column][et_pb_column type=&#8221;1_2&#8243; _builder_version=&#8221;4.14.5&#8243; _module_preset=&#8221;default&#8221; global_colors_info=&#8221;{}&#8221;][et_pb_button button_url=&#8221;https:\/\/drive.google.com\/file\/d\/1MeK7L0CS9kLXdt8WIYhSPPtbxI4GsSQM\/view?usp=sharing&#8221; button_text=&#8221;Precio servicios complementarios 19-7-2022&#8243; _builder_version=&#8221;4.14.5&#8243; _module_preset=&#8221;default&#8221; custom_padding=&#8221;|||97px||&#8221; global_colors_info=&#8221;{}&#8221;][\/et_pb_button][et_pb_divider _builder_version=&#8221;4.14.5&#8243; _module_preset=&#8221;default&#8221; global_colors_info=&#8221;{}&#8221;][\/et_pb_divider][et_pb_button button_url=&#8221;https:\/\/drive.google.com\/file\/d\/1tNowADpJfnQJuJ0PVh17SozQj1ahWITt\/view?usp=sharing&#8221; button_text=&#8221;Tabla de bonificaciones 22-23&#8243; _builder_version=&#8221;4.14.5&#8243; _module_preset=&#8221;default&#8221; custom_padding=&#8221;|||100px||&#8221; global_colors_info=&#8221;{}&#8221;][\/et_pb_button][\/et_pb_column][\/et_pb_row][\/et_pb_section]<\/p>\n","protected":false},"excerpt":{"rendered":"<p>aula matinalSolicitud de bonificaci\u00f3n Del 1 al 7 de septiembre\u00a0se establece el plazo de\u00a0solicitud de BONIFICACI\u00d3N\u00a0de los servicios complementarios de\u00a0aula matinal, comedor escolar y actividades extraescolares. \u00a0 \u00a0 \u00a0Para su tramitaci\u00f3n usted puede: a)\u00a0Solicitud telem\u00e1tica\u00a0 (preferentemente) desde la secretar\u00eda virtual de la Consejer\u00eda de Educaci\u00f3n y Deporte accediendo a trav\u00e9s del siguiente enlace. Recuerde que [&hellip;]<\/p>\n","protected":false},"author":15380,"featured_media":0,"parent":0,"menu_order":0,"comment_status":"closed","ping_status":"closed","template":"","meta":{"_et_pb_use_builder":"on","_et_pb_old_content":"","_et_gb_content_width":"","ngg_post_thumbnail":0,"footnotes":""},"aioseo_notices":[],"_links":{"self":[{"href":"https:\/\/blogsaverroes.juntadeandalucia.es\/ceprbuenavistasevilla\/wp-json\/wp\/v2\/pages\/585"}],"collection":[{"href":"https:\/\/blogsaverroes.juntadeandalucia.es\/ceprbuenavistasevilla\/wp-json\/wp\/v2\/pages"}],"about":[{"href":"https:\/\/blogsaverroes.juntadeandalucia.es\/ceprbuenavistasevilla\/wp-json\/wp\/v2\/types\/page"}],"author":[{"embeddable":true,"href":"https:\/\/blogsaverroes.juntadeandalucia.es\/ceprbuenavistasevilla\/wp-json\/wp\/v2\/users\/15380"}],"replies":[{"embeddable":true,"href":"https:\/\/blogsaverroes.juntadeandalucia.es\/ceprbuenavistasevilla\/wp-json\/wp\/v2\/comments?post=585"}],"version-history":[{"count":8,"href":"https:\/\/blogsaverroes.juntadeandalucia.es\/ceprbuenavistasevilla\/wp-json\/wp\/v2\/pages\/585\/revisions"}],"predecessor-version":[{"id":1040,"href":"https:\/\/blogsaverroes.juntadeandalucia.es\/ceprbuenavistasevilla\/wp-json\/wp\/v2\/pages\/585\/revisions\/1040"}],"wp:attachment":[{"href":"https:\/\/blogsaverroes.juntadeandalucia.es\/ceprbuenavistasevilla\/wp-json\/wp\/v2\/media?parent=585"}],"curies":[{"name":"wp","href":"https:\/\/api.w.org\/{rel}","templated":true}]}}