{"id":1397,"date":"2020-03-17T18:21:36","date_gmt":"2020-03-17T17:21:36","guid":{"rendered":"http:\/\/ceprfedericogarcialorca.es\/?page_id=1397"},"modified":"2020-03-17T18:21:36","modified_gmt":"2020-03-17T17:21:36","slug":"admision","status":"publish","type":"page","link":"https:\/\/blogsaverroes.juntadeandalucia.es\/ceprfedericogarcialorca\/admision\/","title":{"rendered":"ADMISI\u00d3N"},"content":{"rendered":"\n<figure class=\"wp-block-image is-resized\"><img loading=\"lazy\" decoding=\"async\" src=\"https:\/\/blogsaverroes.juntadeandalucia.es\/ceprfedericogarcialorca\/files\/2020\/03\/Captura-de-pantalla-2020-03-17-a-las-17.58.02.png\" alt=\"\" class=\"wp-image-1398\" width=\"583\" height=\"132\" srcset=\"https:\/\/blogsaverroes.juntadeandalucia.es\/ceprfedericogarcialorca\/files\/2020\/03\/Captura-de-pantalla-2020-03-17-a-las-17.58.02.png 359w, https:\/\/blogsaverroes.juntadeandalucia.es\/ceprfedericogarcialorca\/files\/2020\/03\/Captura-de-pantalla-2020-03-17-a-las-17.58.02-300x68.png 300w, https:\/\/blogsaverroes.juntadeandalucia.es\/ceprfedericogarcialorca\/files\/2020\/03\/Captura-de-pantalla-2020-03-17-a-las-17.58.02-24x5.png 24w, https:\/\/blogsaverroes.juntadeandalucia.es\/ceprfedericogarcialorca\/files\/2020\/03\/Captura-de-pantalla-2020-03-17-a-las-17.58.02-36x8.png 36w, https:\/\/blogsaverroes.juntadeandalucia.es\/ceprfedericogarcialorca\/files\/2020\/03\/Captura-de-pantalla-2020-03-17-a-las-17.58.02-48x11.png 48w\" sizes=\"(max-width: 583px) 100vw, 583px\" \/><\/figure>\n\n\n\n<p>ADMISIONES 2020 \/ 2021<\/p>\n\n\n\n<h3 class=\"wp-block-heading\">Acceso a Admisi\u00f3n para cursar las Ense\u00f1anzas Educaci\u00f3n Primaria.<\/h3>\n\n\n\n<p>Tenemos 3 opciones para presentar la solicitud sin necesidad de desplazarse al centro educativo:                                                                                                                                                      &#8211; Con certificado digital.                                                                                                                                                                         &#8211; Con su DNI (NIF \/ Pasaporte) y N\u00ba de tel\u00e9fono.                                                                                            &#8211; Con cl@ve (Identidad electr\u00f3nica para las administraciones)         <\/p>\n\n\n\n<p>Acceder a Secretaria Virtual:<\/p>\n\n\n\n<p><a href=\"https:\/\/www.juntadeandalucia.es\/educacion\/secretariavirtual\/accesoTramite\/439\/\">https:\/\/www.juntadeandalucia.es\/educacion\/secretariavirtual\/accesoTramite\/439\/<\/a>                                                                     <\/p>\n\n\n\n<p>O bien elija ya la opci\u00f3n de su SOLICITUD DE ADMISI\u00d3N:<\/p>\n\n\n\n<figure class=\"wp-block-image is-resized\"><img loading=\"lazy\" decoding=\"async\" src=\"https:\/\/blogsaverroes.juntadeandalucia.es\/ceprfedericogarcialorca\/files\/2020\/03\/Captura-de-pantalla-2020-03-17-a-las-18.00.48.png\" alt=\"\" class=\"wp-image-1399\" width=\"420\" height=\"151\" srcset=\"https:\/\/blogsaverroes.juntadeandalucia.es\/ceprfedericogarcialorca\/files\/2020\/03\/Captura-de-pantalla-2020-03-17-a-las-18.00.48.png 355w, https:\/\/blogsaverroes.juntadeandalucia.es\/ceprfedericogarcialorca\/files\/2020\/03\/Captura-de-pantalla-2020-03-17-a-las-18.00.48-300x107.png 300w, https:\/\/blogsaverroes.juntadeandalucia.es\/ceprfedericogarcialorca\/files\/2020\/03\/Captura-de-pantalla-2020-03-17-a-las-18.00.48-24x9.png 24w, https:\/\/blogsaverroes.juntadeandalucia.es\/ceprfedericogarcialorca\/files\/2020\/03\/Captura-de-pantalla-2020-03-17-a-las-18.00.48-36x13.png 36w, https:\/\/blogsaverroes.juntadeandalucia.es\/ceprfedericogarcialorca\/files\/2020\/03\/Captura-de-pantalla-2020-03-17-a-las-18.00.48-48x17.png 48w\" sizes=\"(max-width: 420px) 100vw, 420px\" \/><\/figure>\n\n\n\n<p><em>Podr\u00e1 presentar la solicitud sin necesidad de desplazarse al centro educativo. Para ello necesitar\u00e1 tener instalado en el navegador su <strong>CERTIFICADO DIGITAL<\/strong>. Si no dispone de certificado digital, puede consultar c\u00f3mo obtenerlo en la web de la FNMT.<\/em><a href=\"https:\/\/www.juntadeandalucia.es\/educacion\/secretariavirtual\/certificado\/resultado-autenticacion\/?resCode=21\"> <\/a><a href=\"https:\/\/www.juntadeandalucia.es\/educacion\/secretariavirtual\/certificado\/resultado-autenticacion\/?resCode=21\">https:\/\/www.juntadeandalucia.es\/educacion\/secretariavirtual\/certificado\/resultado-autenticacion\/?resCode=21<\/a><\/p>\n\n\n\n<figure class=\"wp-block-image is-resized\"><img loading=\"lazy\" decoding=\"async\" src=\"https:\/\/blogsaverroes.juntadeandalucia.es\/ceprfedericogarcialorca\/files\/2020\/03\/Captura-de-pantalla-2020-03-17-a-las-18.06.15.png\" alt=\"\" class=\"wp-image-1400\" width=\"315\" height=\"120\" srcset=\"https:\/\/blogsaverroes.juntadeandalucia.es\/ceprfedericogarcialorca\/files\/2020\/03\/Captura-de-pantalla-2020-03-17-a-las-18.06.15.png 268w, https:\/\/blogsaverroes.juntadeandalucia.es\/ceprfedericogarcialorca\/files\/2020\/03\/Captura-de-pantalla-2020-03-17-a-las-18.06.15-24x9.png 24w, https:\/\/blogsaverroes.juntadeandalucia.es\/ceprfedericogarcialorca\/files\/2020\/03\/Captura-de-pantalla-2020-03-17-a-las-18.06.15-36x14.png 36w, https:\/\/blogsaverroes.juntadeandalucia.es\/ceprfedericogarcialorca\/files\/2020\/03\/Captura-de-pantalla-2020-03-17-a-las-18.06.15-48x18.png 48w\" sizes=\"(max-width: 315px) 100vw, 315px\" \/><\/figure>\n\n\n\n<p><em>Podr\u00e1 presentar la solicitud sin necesidad de desplazarse al centro educativo, sin necesidad de tener instalado su certificado digital<\/em>, con su <strong>DNI \/ NIF\/ PASAPORTE<\/strong>  y <strong>N\u00ba de TEL\u00c9FONO<\/strong>. <a href=\"https:\/\/www.juntadeandalucia.es\/educacion\/secretariavirtual\/autenticacion\/autenticacionMovil\/\">https:\/\/www.juntadeandalucia.es\/educacion\/secretariavirtual\/autenticacion\/autenticacionMovil\/<\/a><\/p>\n\n\n\n<figure class=\"wp-block-image is-resized\"><img loading=\"lazy\" decoding=\"async\" src=\"https:\/\/blogsaverroes.juntadeandalucia.es\/ceprfedericogarcialorca\/files\/2020\/03\/Captura-de-pantalla-2020-03-17-a-las-18.06.34.png\" alt=\"\" class=\"wp-image-1401\" width=\"414\" height=\"127\" srcset=\"https:\/\/blogsaverroes.juntadeandalucia.es\/ceprfedericogarcialorca\/files\/2020\/03\/Captura-de-pantalla-2020-03-17-a-las-18.06.34.png 337w, https:\/\/blogsaverroes.juntadeandalucia.es\/ceprfedericogarcialorca\/files\/2020\/03\/Captura-de-pantalla-2020-03-17-a-las-18.06.34-300x92.png 300w, https:\/\/blogsaverroes.juntadeandalucia.es\/ceprfedericogarcialorca\/files\/2020\/03\/Captura-de-pantalla-2020-03-17-a-las-18.06.34-24x7.png 24w, https:\/\/blogsaverroes.juntadeandalucia.es\/ceprfedericogarcialorca\/files\/2020\/03\/Captura-de-pantalla-2020-03-17-a-las-18.06.34-36x11.png 36w, https:\/\/blogsaverroes.juntadeandalucia.es\/ceprfedericogarcialorca\/files\/2020\/03\/Captura-de-pantalla-2020-03-17-a-las-18.06.34-48x15.png 48w\" sizes=\"(max-width: 414px) 100vw, 414px\" \/><\/figure>\n\n\n\n<p><em>Podr\u00e1 presentar la solicitud sin necesidad de desplazarse al centro educativo, sin necesidad de tener instalado su certificado digital<\/em>, con su <strong>CL@VE (Identidad Electr\u00f3nica para las Administraciones). <\/strong> <a href=\"https:\/\/pasarela.clave.gob.es\/Proxy\/ServiceProvider\">https:\/\/pasarela.clave.gob.es\/Proxy\/ServiceProvider<\/a><\/p>\n\n\n\n<p><\/p>\n","protected":false},"excerpt":{"rendered":"<p>ADMISIONES 2020 \/ 2021 Acceso a Admisi\u00f3n para cursar las Ense\u00f1anzas Educaci\u00f3n Primaria. Tenemos 3 opciones para presentar la solicitud sin necesidad de desplazarse al centro educativo: &#8211; Con certificado digital. &#8211; Con su&#46;&#46;&#46;<\/p>\n","protected":false},"author":10022,"featured_media":0,"parent":0,"menu_order":0,"comment_status":"closed","ping_status":"closed","template":"","meta":{"ngg_post_thumbnail":0,"footnotes":""},"aioseo_notices":[],"_links":{"self":[{"href":"https:\/\/blogsaverroes.juntadeandalucia.es\/ceprfedericogarcialorca\/wp-json\/wp\/v2\/pages\/1397"}],"collection":[{"href":"https:\/\/blogsaverroes.juntadeandalucia.es\/ceprfedericogarcialorca\/wp-json\/wp\/v2\/pages"}],"about":[{"href":"https:\/\/blogsaverroes.juntadeandalucia.es\/ceprfedericogarcialorca\/wp-json\/wp\/v2\/types\/page"}],"author":[{"embeddable":true,"href":"https:\/\/blogsaverroes.juntadeandalucia.es\/ceprfedericogarcialorca\/wp-json\/wp\/v2\/users\/10022"}],"replies":[{"embeddable":true,"href":"https:\/\/blogsaverroes.juntadeandalucia.es\/ceprfedericogarcialorca\/wp-json\/wp\/v2\/comments?post=1397"}],"version-history":[{"count":0,"href":"https:\/\/blogsaverroes.juntadeandalucia.es\/ceprfedericogarcialorca\/wp-json\/wp\/v2\/pages\/1397\/revisions"}],"wp:attachment":[{"href":"https:\/\/blogsaverroes.juntadeandalucia.es\/ceprfedericogarcialorca\/wp-json\/wp\/v2\/media?parent=1397"}],"curies":[{"name":"wp","href":"https:\/\/api.w.org\/{rel}","templated":true}]}}