{"id":1193,"date":"2024-12-16T20:18:00","date_gmt":"2024-12-16T19:18:00","guid":{"rendered":"https:\/\/blogsaverroes.juntadeandalucia.es\/ceprhermanoscarvajales\/?page_id=1193"},"modified":"2025-09-22T10:55:27","modified_gmt":"2025-09-22T09:55:27","slug":"aula-de-espera","status":"publish","type":"page","link":"https:\/\/blogsaverroes.juntadeandalucia.es\/ceprhermanoscarvajales\/aula-de-espera\/","title":{"rendered":"Aula de Espera"},"content":{"rendered":"<p><img loading=\"lazy\" decoding=\"async\" class=\"alignnone size-medium\" src=\"https:\/\/images.cooltext.com\/5718337.png\" width=\"934\" height=\"168\"><\/p>\n<p>Si necesitas recoger a tu hijo\/a unos minutos m\u00e1s tarde de las 14.00, contamos con un servicio de AULA DE ESPERA o LUDOTECA, gestionada por la AMPA a trav\u00e9s de la empresa que lleva las actividades extraescolares CPM. Pod\u00e9is hacer uso de d\u00edas sueltos, lo cual es una gran ventaja, pues el cole cierra a las 14.00. Tiene un coste de 15\u20ac al mes. Las personas que tengan que recoger hijos\/as en otro centro, salgan tarde del trabajo, etc, tienen aqu\u00ed la soluci\u00f3n. En la secretar\u00eda del cole puedes recoger una inscripci\u00f3n con la informaci\u00f3n necesaria o contactar con la AMPA.<\/p>\n<p>&nbsp;<\/p>\n","protected":false},"excerpt":{"rendered":"<p>Si necesitas recoger a tu hijo\/a unos minutos m\u00e1s tarde de las 14.00, contamos con un servicio de AULA DE ESPERA o LUDOTECA, gestionada por la AMPA a trav\u00e9s de la empresa que lleva&#46;&#46;&#46;<\/p>\n","protected":false},"author":20159,"featured_media":0,"parent":0,"menu_order":0,"comment_status":"closed","ping_status":"closed","template":"","meta":{"ngg_post_thumbnail":0,"footnotes":"","_mc_calendar":[]},"aioseo_notices":[],"_links":{"self":[{"href":"https:\/\/blogsaverroes.juntadeandalucia.es\/ceprhermanoscarvajales\/wp-json\/wp\/v2\/pages\/1193"}],"collection":[{"href":"https:\/\/blogsaverroes.juntadeandalucia.es\/ceprhermanoscarvajales\/wp-json\/wp\/v2\/pages"}],"about":[{"href":"https:\/\/blogsaverroes.juntadeandalucia.es\/ceprhermanoscarvajales\/wp-json\/wp\/v2\/types\/page"}],"author":[{"embeddable":true,"href":"https:\/\/blogsaverroes.juntadeandalucia.es\/ceprhermanoscarvajales\/wp-json\/wp\/v2\/users\/20159"}],"replies":[{"embeddable":true,"href":"https:\/\/blogsaverroes.juntadeandalucia.es\/ceprhermanoscarvajales\/wp-json\/wp\/v2\/comments?post=1193"}],"version-history":[{"count":3,"href":"https:\/\/blogsaverroes.juntadeandalucia.es\/ceprhermanoscarvajales\/wp-json\/wp\/v2\/pages\/1193\/revisions"}],"predecessor-version":[{"id":1874,"href":"https:\/\/blogsaverroes.juntadeandalucia.es\/ceprhermanoscarvajales\/wp-json\/wp\/v2\/pages\/1193\/revisions\/1874"}],"wp:attachment":[{"href":"https:\/\/blogsaverroes.juntadeandalucia.es\/ceprhermanoscarvajales\/wp-json\/wp\/v2\/media?parent=1193"}],"curies":[{"name":"wp","href":"https:\/\/api.w.org\/{rel}","templated":true}]}}