{"id":452,"date":"2020-03-04T08:34:09","date_gmt":"2020-03-04T07:34:09","guid":{"rendered":"http:\/\/blogsaverroes.juntadeandalucia.es\/pre\/nuevoceipv2\/?page_id=452"},"modified":"2025-09-17T19:59:45","modified_gmt":"2025-09-17T18:59:45","slug":"calendario","status":"publish","type":"page","link":"https:\/\/blogsaverroes.juntadeandalucia.es\/ceprhermanoscarvajales\/calendario\/","title":{"rendered":"Calendario"},"content":{"rendered":"<p><img loading=\"lazy\" decoding=\"async\" class=\"alignnone size-medium\" src=\"https:\/\/images.cooltext.com\/5718214.png\" width=\"1277\" height=\"104\"><\/p>\n<hr>\n<p>&nbsp;<\/p>\n<p><span style=\"font-size: 14pt\">Aqu\u00ed podremos consultar el calendario del presente <span style=\"color: #3366ff;font-size: 18pt\"><strong>curso escolar 2025-2026<\/strong><\/span> con los diferentes d\u00edas festivos marcados as\u00ed como los d\u00edas de puente o <strong><span style=\"font-size: 18pt;color: #ffcc00\">d\u00edas de libre disposici\u00f3n elegidos en el municipio<\/span><\/strong>. Estos d\u00edas que se han elegido en el <span style=\"color: #339966\"><strong><em>Consejo Escolar Municipal del d\u00eda 17 de septiembre de 2025<\/em><\/strong><\/span> han sido:<\/span><\/p>\n<ul>\n<li style=\"list-style-type: none\">\n<ul>\n<li style=\"list-style-type: none\">\n<ul>\n<li><span style=\"font-size: 14pt;color: #800000\"><strong>Lunes 3 de noviembre.<\/strong><\/span><\/li>\n<li><span style=\"font-size: 14pt;color: #800000\"><strong>Viernes 27 de febrero.<\/strong><\/span><\/li>\n<li><span style=\"font-size: 14pt;color: #800000\"><strong>Martes 3 de marzo.<\/strong><\/span><\/li>\n<li><span style=\"font-size: 14pt;color: #800000\"><strong>Lunes 4 de mayo.<\/strong><\/span><\/li>\n<li><span style=\"font-size: 14pt;color: #800000\"><strong>Martes 5 de mayo.&nbsp;<\/strong><\/span><\/li>\n<\/ul>\n<\/li>\n<\/ul>\n<\/li>\n<\/ul>\n<p><em>Clica sobre la imagen para poder ver el archivo en tama\u00f1o real.<\/em><\/p>\n<p><a href=\"https:\/\/blogsaverroes.juntadeandalucia.es\/ceprhermanoscarvajales\/files\/2025\/09\/calendario-25-26.png\"><img loading=\"lazy\" decoding=\"async\" class=\"aligncenter wp-image-1868 size-full\" src=\"https:\/\/blogsaverroes.juntadeandalucia.es\/ceprhermanoscarvajales\/files\/2025\/09\/calendario-25-26.png\" alt=\"\" width=\"640\" height=\"941\" srcset=\"https:\/\/blogsaverroes.juntadeandalucia.es\/ceprhermanoscarvajales\/files\/2025\/09\/calendario-25-26.png 640w, https:\/\/blogsaverroes.juntadeandalucia.es\/ceprhermanoscarvajales\/files\/2025\/09\/calendario-25-26-204x300.png 204w\" sizes=\"(max-width: 640px) 100vw, 640px\" \/><\/a><\/p>\n","protected":false},"excerpt":{"rendered":"<p>&nbsp; Aqu\u00ed podremos consultar el calendario del presente curso escolar 2025-2026 con los diferentes d\u00edas festivos marcados as\u00ed como los d\u00edas de puente o d\u00edas de libre disposici\u00f3n elegidos en el municipio. Estos d\u00edas&#46;&#46;&#46;<\/p>\n","protected":false},"author":7051,"featured_media":0,"parent":0,"menu_order":0,"comment_status":"closed","ping_status":"closed","template":"","meta":{"ngg_post_thumbnail":0,"footnotes":"","_mc_calendar":[]},"aioseo_notices":[],"_links":{"self":[{"href":"https:\/\/blogsaverroes.juntadeandalucia.es\/ceprhermanoscarvajales\/wp-json\/wp\/v2\/pages\/452"}],"collection":[{"href":"https:\/\/blogsaverroes.juntadeandalucia.es\/ceprhermanoscarvajales\/wp-json\/wp\/v2\/pages"}],"about":[{"href":"https:\/\/blogsaverroes.juntadeandalucia.es\/ceprhermanoscarvajales\/wp-json\/wp\/v2\/types\/page"}],"author":[{"embeddable":true,"href":"https:\/\/blogsaverroes.juntadeandalucia.es\/ceprhermanoscarvajales\/wp-json\/wp\/v2\/users\/7051"}],"replies":[{"embeddable":true,"href":"https:\/\/blogsaverroes.juntadeandalucia.es\/ceprhermanoscarvajales\/wp-json\/wp\/v2\/comments?post=452"}],"version-history":[{"count":4,"href":"https:\/\/blogsaverroes.juntadeandalucia.es\/ceprhermanoscarvajales\/wp-json\/wp\/v2\/pages\/452\/revisions"}],"predecessor-version":[{"id":1869,"href":"https:\/\/blogsaverroes.juntadeandalucia.es\/ceprhermanoscarvajales\/wp-json\/wp\/v2\/pages\/452\/revisions\/1869"}],"wp:attachment":[{"href":"https:\/\/blogsaverroes.juntadeandalucia.es\/ceprhermanoscarvajales\/wp-json\/wp\/v2\/media?parent=452"}],"curies":[{"name":"wp","href":"https:\/\/api.w.org\/{rel}","templated":true}]}}

<p><img loading="lazy" decoding="async" class="alignnone size-medium" src="https://images.cooltext.com/5718214.png" width="1277" height="104"></p>
<hr>
<p>&nbsp;</p>
<p><span style="font-size: 14pt">Aquí podremos consultar el calendario del presente <span style="color: #3366ff;font-size: 18pt"><strong>curso escolar 2025-2026</strong></span> con los diferentes días festivos marcados así como los días de puente o <strong><span style="font-size: 18pt;color: #ffcc00">días de libre disposición elegidos en el municipio</span></strong>. Estos días que se han elegido en el <span style="color: #339966"><strong><em>Consejo Escolar Municipal del día 17 de septiembre de 2025</em></strong></span> han sido:</span></p>
<ul>
<li style="list-style-type: none">
<ul>
<li style="list-style-type: none">
<ul>
<li><span style="font-size: 14pt;color: #800000"><strong>Lunes 3 de noviembre.</strong></span></li>
<li><span style="font-size: 14pt;color: #800000"><strong>Viernes 27 de febrero.</strong></span></li>
<li><span style="font-size: 14pt;color: #800000"><strong>Martes 3 de marzo.</strong></span></li>
<li><span style="font-size: 14pt;color: #800000"><strong>Lunes 4 de mayo.</strong></span></li>
<li><span style="font-size: 14pt;color: #800000"><strong>Martes 5 de mayo.&nbsp;</strong></span></li>
</ul>
</li>
</ul>
</li>
</ul>
<p><em>Clica sobre la imagen para poder ver el archivo en tamaño real.</em></p>
<p><a href="https://blogsaverroes.juntadeandalucia.es/ceprhermanoscarvajales/files/2025/09/calendario-25-26.png"><img loading="lazy" decoding="async" class="aligncenter wp-image-1868 size-full" src="https://blogsaverroes.juntadeandalucia.es/ceprhermanoscarvajales/files/2025/09/calendario-25-26.png" alt="" width="640" height="941" srcset="https://blogsaverroes.juntadeandalucia.es/ceprhermanoscarvajales/files/2025/09/calendario-25-26.png 640w, https://blogsaverroes.juntadeandalucia.es/ceprhermanoscarvajales/files/2025/09/calendario-25-26-204x300.png 204w" sizes="(max-width: 640px) 100vw, 640px" /></a></p>

<p>&nbsp; Aquí podremos consultar el calendario del presente curso escolar 2025-2026 con los diferentes días festivos marcados así como los días de puente o días de libre disposición elegidos en el municipio. Estos días&#46;&#46;&#46;</p>
