{"id":853,"date":"2020-12-18T08:50:47","date_gmt":"2020-12-18T07:50:47","guid":{"rendered":"https:\/\/blogsaverroes.juntadeandalucia.es\/pre\/plantilla-pencil\/?page_id=853"},"modified":"2025-04-09T09:30:40","modified_gmt":"2025-04-09T08:30:40","slug":"nuestra-historia","status":"publish","type":"page","link":"https:\/\/blogsaverroes.juntadeandalucia.es\/ceprhermanoscarvajales\/nuestra-historia\/","title":{"rendered":"Nuestro Cole"},"content":{"rendered":"<p><img loading=\"lazy\" decoding=\"async\" class=\"alignnone \" src=\"https:\/\/images.cooltext.com\/5717957.png\" width=\"728\" height=\"79\"><\/p>\n<p>El centro est\u00e1 situado en la zona sur de <strong>Martos<\/strong>, en las proximidades del pol\u00edgono industrial, ocupando la parte llana y de expansi\u00f3n&nbsp; de la poblaci\u00f3n.&nbsp;Es la zona de m\u00e1xima expansi\u00f3n demogr\u00e1fica, urban\u00edstica e industrial de Martos. Seg\u00fan datos del Servicio Municipal de Urbanismo, hay alrededor de 10000 habitantes en el \u00e1rea de influencia del Centro. Est\u00e1 rodeado de seis urbanizaciones de reciente construcci\u00f3n.<\/p>\n<p style=\"text-align: center\"><iframe loading=\"lazy\" src=\"https:\/\/www.youtube.com\/embed\/NWlblfWzPVw?si=XuYurLovOeikXgcj\" width=\"460\" height=\"260\" frameborder=\"0\"><\/iframe><\/p>\n<p>El <strong>C.E.PR. \u201cHermanos Carvajales\u201d<\/strong>, est\u00e1 integrado por un \u00fanico edificio, situado en la Avda. de la Alhambra s\/n. Fue construido en 1999.<\/p>\n<p><strong>COMPOSICI\u00d3N: <\/strong><\/p>\n<ul>\n<li>11 aulas de Primaria.<\/li>\n<li>1 Aula de Apoyo a la Integraci\u00f3n.<\/li>\n<li>1 Aula espec\u00edfica de Educaci\u00f3n Especial.<\/li>\n<li>1 SUM (sala de usos m\u00faltiples).<\/li>\n<li>1 Gimnasio.<\/li>\n<li>1 Aula de inform\u00e1tica.<\/li>\n<li>2 Grupos de Ciclo.<\/li>\n<li>1 Sala de Recursos.<\/li>\n<li>1 Sala de Biblioteca.<\/li>\n<li>1 aula sensorial y sala de podcast.<\/li>\n<li>1 aula de audici\u00f3n y lenguaje, despacho orientador\/a del centro, sala de la AMPA, comedor escolar y cocina del mismo.<\/li>\n<li>1 patio para el alumnado de primer ciclo.<\/li>\n<li>1 patio para el alumnado de segundo y tercer ciclo.<\/li>\n<li>2 pistas polideportivas.<\/li>\n<\/ul>\n<p style=\"text-align: center\"><span style=\"color: #ff0000\"><strong>\u00bfSABES DE D\u00d3NDE VIENE EL NOMBRE DE NUESTRO COLEGIO?<\/strong><\/span><\/p>\n<p>Aqu\u00ed ten\u00e9is un <strong><em>videocuento<\/em> <\/strong>en el que explicamos la leyenda de los Hermanos Carvajales. Si quieres, puedes echar un vistazo y conocerla. Esperamos que os guste:<\/p>\n<p style=\"text-align: center\"><iframe loading=\"lazy\" src=\"\/\/www.youtube.com\/embed\/MguAla2wgDg?si=kZVSqkSGCDaW7cu-\" width=\"560\" height=\"314\"><\/iframe><\/p>\n<p><strong>\u00danete<\/strong> a nuestro <span style=\"color: #ff0000\"><strong><em><span style=\"color: #000000\">canal de<\/span> Youtube<\/em> <\/strong><\/span>para conocer las actividades que hacemos.<a href=\"https:\/\/youtube.com\/@ceprhermanoscarvajales?si=Ad7ObcS4yB-XonXp\"><img loading=\"lazy\" decoding=\"async\" class=\"aligncenter\" src=\"https:\/\/external-content.duckduckgo.com\/iu\/?u=https%3A%2F%2Fcdn3.iconfinder.com%2Fdata%2Ficons%2Fcapsocial-round%2F500%2Fyoutube-1024.png&amp;f=1&amp;nofb=1&amp;ipt=042084c2f4cbc539dd866bf6e1010df8ae53dce3de877ffd7e0eacf0a386d78b&amp;ipo=images\" width=\"68\" height=\"68\"><\/a><\/p>\n<p>&nbsp;<\/p>\n","protected":false},"excerpt":{"rendered":"<p>El centro est\u00e1 situado en la zona sur de Martos, en las proximidades del pol\u00edgono industrial, ocupando la parte llana y de expansi\u00f3n&nbsp; de la poblaci\u00f3n.&nbsp;Es la zona de m\u00e1xima expansi\u00f3n demogr\u00e1fica, urban\u00edstica e&#46;&#46;&#46;<\/p>\n","protected":false},"author":7051,"featured_media":0,"parent":0,"menu_order":0,"comment_status":"closed","ping_status":"closed","template":"","meta":{"ngg_post_thumbnail":0,"footnotes":"","_mc_calendar":[]},"aioseo_notices":[],"_links":{"self":[{"href":"https:\/\/blogsaverroes.juntadeandalucia.es\/ceprhermanoscarvajales\/wp-json\/wp\/v2\/pages\/853"}],"collection":[{"href":"https:\/\/blogsaverroes.juntadeandalucia.es\/ceprhermanoscarvajales\/wp-json\/wp\/v2\/pages"}],"about":[{"href":"https:\/\/blogsaverroes.juntadeandalucia.es\/ceprhermanoscarvajales\/wp-json\/wp\/v2\/types\/page"}],"author":[{"embeddable":true,"href":"https:\/\/blogsaverroes.juntadeandalucia.es\/ceprhermanoscarvajales\/wp-json\/wp\/v2\/users\/7051"}],"replies":[{"embeddable":true,"href":"https:\/\/blogsaverroes.juntadeandalucia.es\/ceprhermanoscarvajales\/wp-json\/wp\/v2\/comments?post=853"}],"version-history":[{"count":8,"href":"https:\/\/blogsaverroes.juntadeandalucia.es\/ceprhermanoscarvajales\/wp-json\/wp\/v2\/pages\/853\/revisions"}],"predecessor-version":[{"id":1517,"href":"https:\/\/blogsaverroes.juntadeandalucia.es\/ceprhermanoscarvajales\/wp-json\/wp\/v2\/pages\/853\/revisions\/1517"}],"wp:attachment":[{"href":"https:\/\/blogsaverroes.juntadeandalucia.es\/ceprhermanoscarvajales\/wp-json\/wp\/v2\/media?parent=853"}],"curies":[{"name":"wp","href":"https:\/\/api.w.org\/{rel}","templated":true}]}}

<p><img loading="lazy" decoding="async" class="alignnone " src="https://images.cooltext.com/5717957.png" width="728" height="79"></p>
<p>El centro está situado en la zona sur de <strong>Martos</strong>, en las proximidades del polígono industrial, ocupando la parte llana y de expansión&nbsp; de la población.&nbsp;Es la zona de máxima expansión demográfica, urbanística e industrial de Martos. Según datos del Servicio Municipal de Urbanismo, hay alrededor de 10000 habitantes en el área de influencia del Centro. Está rodeado de seis urbanizaciones de reciente construcción.</p>
<p style="text-align: center"><iframe loading="lazy" src="https://www.youtube.com/embed/NWlblfWzPVw?si=XuYurLovOeikXgcj" width="460" height="260" frameborder="0"></iframe></p>
<p>El <strong>C.E.PR. “Hermanos Carvajales”</strong>, está integrado por un único edificio, situado en la Avda. de la Alhambra s/n. Fue construido en 1999.</p>
<p><strong>COMPOSICIÓN: </strong></p>
<ul>
<li>11 aulas de Primaria.</li>
<li>1 Aula de Apoyo a la Integración.</li>
<li>1 Aula específica de Educación Especial.</li>
<li>1 SUM (sala de usos múltiples).</li>
<li>1 Gimnasio.</li>
<li>1 Aula de informática.</li>
<li>2 Grupos de Ciclo.</li>
<li>1 Sala de Recursos.</li>
<li>1 Sala de Biblioteca.</li>
<li>1 aula sensorial y sala de podcast.</li>
<li>1 aula de audición y lenguaje, despacho orientador/a del centro, sala de la AMPA, comedor escolar y cocina del mismo.</li>
<li>1 patio para el alumnado de primer ciclo.</li>
<li>1 patio para el alumnado de segundo y tercer ciclo.</li>
<li>2 pistas polideportivas.</li>
</ul>
<p style="text-align: center"><span style="color: #ff0000"><strong>¿SABES DE DÓNDE VIENE EL NOMBRE DE NUESTRO COLEGIO?</strong></span></p>
<p>Aquí tenéis un <strong><em>videocuento</em> </strong>en el que explicamos la leyenda de los Hermanos Carvajales. Si quieres, puedes echar un vistazo y conocerla. Esperamos que os guste:</p>
<p style="text-align: center"><iframe loading="lazy" src="//www.youtube.com/embed/MguAla2wgDg?si=kZVSqkSGCDaW7cu-" width="560" height="314"></iframe></p>
<p><strong>Únete</strong> a nuestro <span style="color: #ff0000"><strong><em><span style="color: #000000">canal de</span> Youtube</em> </strong></span>para conocer las actividades que hacemos.<a href="https://youtube.com/@ceprhermanoscarvajales?si=Ad7ObcS4yB-XonXp"><img loading="lazy" decoding="async" class="aligncenter" src="https://external-content.duckduckgo.com/iu/?u=https%3A%2F%2Fcdn3.iconfinder.com%2Fdata%2Ficons%2Fcapsocial-round%2F500%2Fyoutube-1024.png&amp;f=1&amp;nofb=1&amp;ipt=042084c2f4cbc539dd866bf6e1010df8ae53dce3de877ffd7e0eacf0a386d78b&amp;ipo=images" width="68" height="68"></a></p>
<p>&nbsp;</p>

<p>El centro está situado en la zona sur de Martos, en las proximidades del polígono industrial, ocupando la parte llana y de expansión&nbsp; de la población.&nbsp;Es la zona de máxima expansión demográfica, urbanística e&#46;&#46;&#46;</p>
