{"id":3001,"date":"2018-11-30T13:33:51","date_gmt":"2018-11-30T12:33:51","guid":{"rendered":"https:\/\/blogsaverroes.juntadeandalucia.es\/ceprjosenogales\/?page_id=3001"},"modified":"2018-12-03T11:46:55","modified_gmt":"2018-12-03T10:46:55","slug":"prodig","status":"publish","type":"page","link":"https:\/\/blogsaverroes.juntadeandalucia.es\/ceprjosenogales\/prodig\/","title":{"rendered":"PRODIG"},"content":{"rendered":"<p><img loading=\"lazy\" decoding=\"async\" class=\"alignnone size-full wp-image-3003\" src=\"https:\/\/blogsaverroes.juntadeandalucia.es\/ceprjosenogales\/files\/2018\/11\/PRODIG.png\" alt=\"\" width=\"2768\" height=\"1074\" srcset=\"https:\/\/blogsaverroes.juntadeandalucia.es\/ceprjosenogales\/files\/2018\/11\/PRODIG.png 1600w, https:\/\/blogsaverroes.juntadeandalucia.es\/ceprjosenogales\/files\/2018\/11\/PRODIG-300x116.png 300w, https:\/\/blogsaverroes.juntadeandalucia.es\/ceprjosenogales\/files\/2018\/11\/PRODIG-768x298.png 768w, https:\/\/blogsaverroes.juntadeandalucia.es\/ceprjosenogales\/files\/2018\/11\/PRODIG-1024x397.png 1024w, https:\/\/blogsaverroes.juntadeandalucia.es\/ceprjosenogales\/files\/2018\/11\/PRODIG-700x272.png 700w, https:\/\/blogsaverroes.juntadeandalucia.es\/ceprjosenogales\/files\/2018\/11\/PRODIG-24x9.png 24w, https:\/\/blogsaverroes.juntadeandalucia.es\/ceprjosenogales\/files\/2018\/11\/PRODIG-36x14.png 36w, https:\/\/blogsaverroes.juntadeandalucia.es\/ceprjosenogales\/files\/2018\/11\/PRODIG-48x19.png 48w\" sizes=\"(max-width: 2768px) 100vw, 2768px\" \/><\/p>\n<p>Tomando como referente el Marco Europeo para Organizaciones Educativas Digitalmente Competentes,la Consejer\u00eda de Educaci\u00f3n pone en marcha para el curso 2018-2019 PRODIG: Programa de Digitalizaci\u00f3n de Centros, con el objetivo fundamental de impulsar y apoyar la transformaci\u00f3n de los centros docentes en organizaciones educativas digitalmente competentes.<\/p>\n<p>Se trata de realizar los procesos de ense\u00f1anza y aprendizaje en un entorno tecnol\u00f3gico y convertirlos en un espacio de encuentro para docentes y alumnado, facilitando el acceso directo a los contenidos digitales e introduciendo cambios metodol\u00f3gicos y organizativos que permita al alumnado aprender con claro car\u00e1cter inclusivo, adem\u00e1s de animar y estimular tanto al alumnado como al profesorado a avanzar en este proceso, gracias a la personalizaci\u00f3n de la ense\u00f1anza y a la mejora de la comunicaci\u00f3n entre los participantes en este sistema.<\/p>\n<h3 style=\"padding-left: 30px\"><a href=\"https:\/\/blogsaverroes.juntadeandalucia.es\/ceprjosenogales\/files\/2018\/11\/Formacion-especifica1-1.pdf\" target=\"_blank\" rel=\"noopener\">\u2022 Plan de Actuaci\u00f3n PRODIG<\/a><\/h3>\n","protected":false},"excerpt":{"rendered":"<p>Tomando como referente el Marco Europeo para Organizaciones Educativas Digitalmente Competentes,la Consejer\u00eda de Educaci\u00f3n pone en marcha para el curso 2018-2019 PRODIG: Programa de Digitalizaci\u00f3n de Centros, con el objetivo fundamental de impulsar y&#46;&#46;&#46;<\/p>\n","protected":false},"author":2158,"featured_media":0,"parent":0,"menu_order":0,"comment_status":"closed","ping_status":"closed","template":"","meta":{"ngg_post_thumbnail":0,"footnotes":"","_mc_calendar":[]},"aioseo_notices":[],"_links":{"self":[{"href":"https:\/\/blogsaverroes.juntadeandalucia.es\/ceprjosenogales\/wp-json\/wp\/v2\/pages\/3001"}],"collection":[{"href":"https:\/\/blogsaverroes.juntadeandalucia.es\/ceprjosenogales\/wp-json\/wp\/v2\/pages"}],"about":[{"href":"https:\/\/blogsaverroes.juntadeandalucia.es\/ceprjosenogales\/wp-json\/wp\/v2\/types\/page"}],"author":[{"embeddable":true,"href":"https:\/\/blogsaverroes.juntadeandalucia.es\/ceprjosenogales\/wp-json\/wp\/v2\/users\/2158"}],"replies":[{"embeddable":true,"href":"https:\/\/blogsaverroes.juntadeandalucia.es\/ceprjosenogales\/wp-json\/wp\/v2\/comments?post=3001"}],"version-history":[{"count":5,"href":"https:\/\/blogsaverroes.juntadeandalucia.es\/ceprjosenogales\/wp-json\/wp\/v2\/pages\/3001\/revisions"}],"predecessor-version":[{"id":3013,"href":"https:\/\/blogsaverroes.juntadeandalucia.es\/ceprjosenogales\/wp-json\/wp\/v2\/pages\/3001\/revisions\/3013"}],"wp:attachment":[{"href":"https:\/\/blogsaverroes.juntadeandalucia.es\/ceprjosenogales\/wp-json\/wp\/v2\/media?parent=3001"}],"curies":[{"name":"wp","href":"https:\/\/api.w.org\/{rel}","templated":true}]}}

<p><img loading="lazy" decoding="async" class="alignnone size-full wp-image-3003" src="https://blogsaverroes.juntadeandalucia.es/ceprjosenogales/files/2018/11/PRODIG.png" alt="" width="2768" height="1074" srcset="https://blogsaverroes.juntadeandalucia.es/ceprjosenogales/files/2018/11/PRODIG.png 1600w, https://blogsaverroes.juntadeandalucia.es/ceprjosenogales/files/2018/11/PRODIG-300x116.png 300w, https://blogsaverroes.juntadeandalucia.es/ceprjosenogales/files/2018/11/PRODIG-768x298.png 768w, https://blogsaverroes.juntadeandalucia.es/ceprjosenogales/files/2018/11/PRODIG-1024x397.png 1024w, https://blogsaverroes.juntadeandalucia.es/ceprjosenogales/files/2018/11/PRODIG-700x272.png 700w, https://blogsaverroes.juntadeandalucia.es/ceprjosenogales/files/2018/11/PRODIG-24x9.png 24w, https://blogsaverroes.juntadeandalucia.es/ceprjosenogales/files/2018/11/PRODIG-36x14.png 36w, https://blogsaverroes.juntadeandalucia.es/ceprjosenogales/files/2018/11/PRODIG-48x19.png 48w" sizes="(max-width: 2768px) 100vw, 2768px" /></p>
<p>Tomando como referente el Marco Europeo para Organizaciones Educativas Digitalmente Competentes,la Consejería de Educación pone en marcha para el curso 2018-2019 PRODIG: Programa de Digitalización de Centros, con el objetivo fundamental de impulsar y apoyar la transformación de los centros docentes en organizaciones educativas digitalmente competentes.</p>
<p>Se trata de realizar los procesos de enseñanza y aprendizaje en un entorno tecnológico y convertirlos en un espacio de encuentro para docentes y alumnado, facilitando el acceso directo a los contenidos digitales e introduciendo cambios metodológicos y organizativos que permita al alumnado aprender con claro carácter inclusivo, además de animar y estimular tanto al alumnado como al profesorado a avanzar en este proceso, gracias a la personalización de la enseñanza y a la mejora de la comunicación entre los participantes en este sistema.</p>
<h3 style="padding-left: 30px"><a href="https://blogsaverroes.juntadeandalucia.es/ceprjosenogales/files/2018/11/Formacion-especifica1-1.pdf" target="_blank" rel="noopener">• Plan de Actuación PRODIG</a></h3>

<p>Tomando como referente el Marco Europeo para Organizaciones Educativas Digitalmente Competentes,la Consejería de Educación pone en marcha para el curso 2018-2019 PRODIG: Programa de Digitalización de Centros, con el objetivo fundamental de impulsar y&#46;&#46;&#46;</p>
