{"id":3257,"date":"2019-03-09T11:27:25","date_gmt":"2019-03-09T10:27:25","guid":{"rendered":"https:\/\/blogsaverroes.juntadeandalucia.es\/ceprjosenogales\/?page_id=3257"},"modified":"2019-03-09T11:36:50","modified_gmt":"2019-03-09T10:36:50","slug":"aracena","status":"publish","type":"page","link":"https:\/\/blogsaverroes.juntadeandalucia.es\/ceprjosenogales\/aracena\/","title":{"rendered":"Aracena"},"content":{"rendered":"<p><img loading=\"lazy\" decoding=\"async\" class=\"alignnone size-full wp-image-2281\" src=\"https:\/\/blogsaverroes.juntadeandalucia.es\/ceprjosenogales\/files\/2015\/05\/ARACENA_2.jpg\" alt=\"\" width=\"1333\" height=\"885\" srcset=\"https:\/\/blogsaverroes.juntadeandalucia.es\/ceprjosenogales\/files\/2015\/05\/ARACENA_2.jpg 1333w, https:\/\/blogsaverroes.juntadeandalucia.es\/ceprjosenogales\/files\/2015\/05\/ARACENA_2-300x199.jpg 300w, https:\/\/blogsaverroes.juntadeandalucia.es\/ceprjosenogales\/files\/2015\/05\/ARACENA_2-1024x680.jpg 1024w, https:\/\/blogsaverroes.juntadeandalucia.es\/ceprjosenogales\/files\/2015\/05\/ARACENA_2-700x465.jpg 700w\" sizes=\"(max-width: 1333px) 100vw, 1333px\" \/><\/p>\n<p>&nbsp;<\/p>\n<p align=\"justify\"><a href=\"https:\/\/es.wikipedia.org\/wiki\/Aracena\" target=\"_blank\" rel=\"noopener\"><b>Aracena<\/b><\/a> es un municipio espa\u00f1ol de la provincia de Huelva, Andaluc\u00eda, con una poblaci\u00f3n de 7.812 habitantes (INE 2011) y una superficie de 184 km\u00b2. La ciudad de Aracena se encuentra en la serran\u00eda a la que da nombre: Sierra de Aracena, la cual forma parte de Sierra Morena.<\/p>\n<p align=\"justify\">Hay restos arqueol\u00f3gicos en la zona que atestiguan la presencia humana en etapas prehist\u00f3ricas, (II milenio a. C.), aunque hubo varios periodos de despoblaci\u00f3n casi total, estando la escasa poblaci\u00f3n que hab\u00eda, diseminada por varias aldeas. La repoblaci\u00f3n llevada a cabo por leoneses, gallegos y portugueses no tuvo \u00e9xito hasta principios del siglo XV.<\/p>\n<p align=\"justify\">En el primer tercio del siglo XX, se construyeron los edificios m\u00e1s emblem\u00e1ticos que hay en la localidad, siendo obra la mayor\u00eda de ellos del arquitecto sevillano An\u00edbal Gonz\u00e1lez, y habiendo sido promovidos por los hermanos S\u00e1nchez-Dalp Miguel y Javier, \u00e9ste \u00faltimo ostentaba el t\u00edtulo de Marqu\u00e9s de Aracena.<\/p>\n<p align=\"justify\">La econom\u00eda y forma de vida existente en Aracena y su comarca, est\u00e1 muy condicionada por formar parte del Parque Natural Sierra de Aracena y Picos de Aroche. Este territorio fue declarado Parque Natural en 1989 y tiene una superficie de 186.827 Ha, repartidas entre 28 municipios de la Sierra de Aracena.<\/p>\n<p align=\"justify\">Las mejoras realizadas en las comunicaciones por carreteras han contribuido a que el municipio haya sido objeto de un desarrollo residencial remarcable dentro de la comarca de la Sierra, siendo adem\u00e1s un importante centro tur\u00edstico de la zona, con m\u00e1s de 140.000 visitantes anuales a la <a href=\"https:\/\/es.wikipedia.org\/wiki\/Gruta_de_las_Maravillas\" target=\"_blank\" rel=\"noopener\">Gruta de las Maravillas<\/a>. Tambi\u00e9n es conocido por el afamado jam\u00f3n que se produce en la comarca con la denominaci\u00f3n de origen Jam\u00f3n de Huelva. Cuenta con instituciones culturales como el \u201cTeatro Sierra de Aracena\u201d. Otras instituciones y edificios de importancia son el palacio de justicia, sede de los juzgados del partido judicial del que es cabeza, y un museo que tiene dedicado al jam\u00f3n y al cerdo ib\u00e9rico.<\/p>\n<h4 class=\"western\">Localizaci\u00f3n<\/h4>\n<p align=\"justify\">El t\u00e9rmino municipal de Aracena tiene una extensi\u00f3n de 184\u20198&nbsp;km<sup>2<\/sup>. Est\u00e1 situado a una altura de 682 msnm. en el norte de la <a href=\"https:\/\/es.wikipedia.org\/wiki\/Provincia_de_Huelva\" target=\"_blank\" rel=\"noopener\">provincia de Huelva<\/a> dentro del Parque Natural denominado <a href=\"https:\/\/es.wikipedia.org\/wiki\/Sierra_de_Aracena_y_Picos_de_Aroche\" target=\"_blank\" rel=\"noopener\">Sierra de Aracena y Picos de Aroche<\/a>, en la comarca de la Sierra de Aracena, espacio que geol\u00f3gicamente corresponde a la unidad surportuguesa-onubense de <a href=\"https:\/\/es.wikipedia.org\/wiki\/Sierra_Morena\" target=\"_blank\" rel=\"noopener\">Sierra Morena<\/a>.<\/p>\n<h4 class=\"western\">N\u00facleos de poblaci\u00f3n<\/h4>\n<p align=\"justify\">La localidad es la de mayor poblaci\u00f3n de la comarca y cabeza de partido judicial. En el t\u00e9rmino municipal existen varias entidades de poblaci\u00f3n; adem\u00e1s de la cabeza del municipio comprende los n\u00facleos de <i>Carboneras<\/i>, <a href=\"https:\/\/es.wikipedia.org\/wiki\/Casta%C3%B1uelo_%28Huelva%29\" target=\"_blank\" rel=\"noopener\"><i>Casta\u00f1uelos<\/i><\/a>, <i>Corterrangel<\/i>, <a href=\"https:\/\/es.wikipedia.org\/wiki\/Jabuguillo\" target=\"_blank\" rel=\"noopener\"><i>Jabuguillo<\/i><\/a>, <i>La Umbr\u00eda<\/i> y <a href=\"https:\/\/es.wikipedia.org\/wiki\/Valdezufre\" target=\"_blank\" rel=\"noopener\"><i>Valdezufre<\/i><\/a> en los que figuran censados 976 habitantes.<\/p>\n<h4 class=\"western\">Patrimonio<\/h4>\n<p>El centro hist\u00f3rico de Aracena fue declarado Bien de Inter\u00e9s Cultural el 30 de julio de 1991.<\/p>\n<p align=\"justify\">El n\u00facleo hist\u00f3rico de la ciudad de Aracena se asienta sobre la ladera norte del Cerro del Castillo, origen del asentamiento, y se extiende por la estrecha cuenca que se halla a sus pies. De este primer asentamiento subsisten los restos de siete torreones y la barbacana del Castillo almohade. [\u2026] El car\u00e1cter general del Conjunto es muy variado, predominando la multiplicidad formal y estil\u00edstica. No hay un estilo dominante, sino un muestrario bastante completo de diferentes secuencias hist\u00f3rico-constructivas. Del Patrimonio Monumental hay que destacar: los restos del Castillo Almohade, los templos g\u00f3tico-mud\u00e9jares y renacentistas de Nuestra Se\u00f1ora del Mayor Dolor, Nuestra Se\u00f1ora de la Asunci\u00f3n, Santa Catalina, El Carmen, Santo Domingo, San Roque, Santa Luc\u00eda, San Pedro, Convento de Jes\u00fas, Mar\u00eda y Jos\u00e9, etc. En cuanto a la arquitectura civil, la variedad de sus blancas y api\u00f1adas casas g\u00f3ticas, renacentistas, barrocas, ecl\u00e9cticas, regionalistas, etc., le dan un especial atractivo al n\u00facleo, potenciado adem\u00e1s por la belleza del entorno natural donde se enclava.<\/p>\n","protected":false},"excerpt":{"rendered":"<p>&nbsp; Aracena es un municipio espa\u00f1ol de la provincia de Huelva, Andaluc\u00eda, con una poblaci\u00f3n de 7.812 habitantes (INE 2011) y una superficie de 184 km\u00b2. La ciudad de Aracena se encuentra en la&#46;&#46;&#46;<\/p>\n","protected":false},"author":2158,"featured_media":0,"parent":0,"menu_order":0,"comment_status":"closed","ping_status":"closed","template":"","meta":{"ngg_post_thumbnail":0,"footnotes":"","_mc_calendar":[]},"aioseo_notices":[],"_links":{"self":[{"href":"https:\/\/blogsaverroes.juntadeandalucia.es\/ceprjosenogales\/wp-json\/wp\/v2\/pages\/3257"}],"collection":[{"href":"https:\/\/blogsaverroes.juntadeandalucia.es\/ceprjosenogales\/wp-json\/wp\/v2\/pages"}],"about":[{"href":"https:\/\/blogsaverroes.juntadeandalucia.es\/ceprjosenogales\/wp-json\/wp\/v2\/types\/page"}],"author":[{"embeddable":true,"href":"https:\/\/blogsaverroes.juntadeandalucia.es\/ceprjosenogales\/wp-json\/wp\/v2\/users\/2158"}],"replies":[{"embeddable":true,"href":"https:\/\/blogsaverroes.juntadeandalucia.es\/ceprjosenogales\/wp-json\/wp\/v2\/comments?post=3257"}],"version-history":[{"count":4,"href":"https:\/\/blogsaverroes.juntadeandalucia.es\/ceprjosenogales\/wp-json\/wp\/v2\/pages\/3257\/revisions"}],"predecessor-version":[{"id":3261,"href":"https:\/\/blogsaverroes.juntadeandalucia.es\/ceprjosenogales\/wp-json\/wp\/v2\/pages\/3257\/revisions\/3261"}],"wp:attachment":[{"href":"https:\/\/blogsaverroes.juntadeandalucia.es\/ceprjosenogales\/wp-json\/wp\/v2\/media?parent=3257"}],"curies":[{"name":"wp","href":"https:\/\/api.w.org\/{rel}","templated":true}]}}

<p><img loading="lazy" decoding="async" class="alignnone size-full wp-image-2281" src="https://blogsaverroes.juntadeandalucia.es/ceprjosenogales/files/2015/05/ARACENA_2.jpg" alt="" width="1333" height="885" srcset="https://blogsaverroes.juntadeandalucia.es/ceprjosenogales/files/2015/05/ARACENA_2.jpg 1333w, https://blogsaverroes.juntadeandalucia.es/ceprjosenogales/files/2015/05/ARACENA_2-300x199.jpg 300w, https://blogsaverroes.juntadeandalucia.es/ceprjosenogales/files/2015/05/ARACENA_2-1024x680.jpg 1024w, https://blogsaverroes.juntadeandalucia.es/ceprjosenogales/files/2015/05/ARACENA_2-700x465.jpg 700w" sizes="(max-width: 1333px) 100vw, 1333px" /></p>
<p>&nbsp;</p>
<p align="justify"><a href="https://es.wikipedia.org/wiki/Aracena" target="_blank" rel="noopener"><b>Aracena</b></a> es un municipio español de la provincia de Huelva, Andalucía, con una población de 7.812 habitantes (INE 2011) y una superficie de 184 km². La ciudad de Aracena se encuentra en la serranía a la que da nombre: Sierra de Aracena, la cual forma parte de Sierra Morena.</p>
<p align="justify">Hay restos arqueológicos en la zona que atestiguan la presencia humana en etapas prehistóricas, (II milenio a. C.), aunque hubo varios periodos de despoblación casi total, estando la escasa población que había, diseminada por varias aldeas. La repoblación llevada a cabo por leoneses, gallegos y portugueses no tuvo éxito hasta principios del siglo XV.</p>
<p align="justify">En el primer tercio del siglo XX, se construyeron los edificios más emblemáticos que hay en la localidad, siendo obra la mayoría de ellos del arquitecto sevillano Aníbal González, y habiendo sido promovidos por los hermanos Sánchez-Dalp Miguel y Javier, éste último ostentaba el título de Marqués de Aracena.</p>
<p align="justify">La economía y forma de vida existente en Aracena y su comarca, está muy condicionada por formar parte del Parque Natural Sierra de Aracena y Picos de Aroche. Este territorio fue declarado Parque Natural en 1989 y tiene una superficie de 186.827 Ha, repartidas entre 28 municipios de la Sierra de Aracena.</p>
<p align="justify">Las mejoras realizadas en las comunicaciones por carreteras han contribuido a que el municipio haya sido objeto de un desarrollo residencial remarcable dentro de la comarca de la Sierra, siendo además un importante centro turístico de la zona, con más de 140.000 visitantes anuales a la <a href="https://es.wikipedia.org/wiki/Gruta_de_las_Maravillas" target="_blank" rel="noopener">Gruta de las Maravillas</a>. También es conocido por el afamado jamón que se produce en la comarca con la denominación de origen Jamón de Huelva. Cuenta con instituciones culturales como el “Teatro Sierra de Aracena”. Otras instituciones y edificios de importancia son el palacio de justicia, sede de los juzgados del partido judicial del que es cabeza, y un museo que tiene dedicado al jamón y al cerdo ibérico.</p>
<h4 class="western">Localización</h4>
<p align="justify">El término municipal de Aracena tiene una extensión de 184’8&nbsp;km<sup>2</sup>. Está situado a una altura de 682 msnm. en el norte de la <a href="https://es.wikipedia.org/wiki/Provincia_de_Huelva" target="_blank" rel="noopener">provincia de Huelva</a> dentro del Parque Natural denominado <a href="https://es.wikipedia.org/wiki/Sierra_de_Aracena_y_Picos_de_Aroche" target="_blank" rel="noopener">Sierra de Aracena y Picos de Aroche</a>, en la comarca de la Sierra de Aracena, espacio que geológicamente corresponde a la unidad surportuguesa-onubense de <a href="https://es.wikipedia.org/wiki/Sierra_Morena" target="_blank" rel="noopener">Sierra Morena</a>.</p>
<h4 class="western">Núcleos de población</h4>
<p align="justify">La localidad es la de mayor población de la comarca y cabeza de partido judicial. En el término municipal existen varias entidades de población; además de la cabeza del municipio comprende los núcleos de <i>Carboneras</i>, <a href="https://es.wikipedia.org/wiki/Casta%C3%B1uelo_%28Huelva%29" target="_blank" rel="noopener"><i>Castañuelos</i></a>, <i>Corterrangel</i>, <a href="https://es.wikipedia.org/wiki/Jabuguillo" target="_blank" rel="noopener"><i>Jabuguillo</i></a>, <i>La Umbría</i> y <a href="https://es.wikipedia.org/wiki/Valdezufre" target="_blank" rel="noopener"><i>Valdezufre</i></a> en los que figuran censados 976 habitantes.</p>
<h4 class="western">Patrimonio</h4>
<p>El centro histórico de Aracena fue declarado Bien de Interés Cultural el 30 de julio de 1991.</p>
<p align="justify">El núcleo histórico de la ciudad de Aracena se asienta sobre la ladera norte del Cerro del Castillo, origen del asentamiento, y se extiende por la estrecha cuenca que se halla a sus pies. De este primer asentamiento subsisten los restos de siete torreones y la barbacana del Castillo almohade. […] El carácter general del Conjunto es muy variado, predominando la multiplicidad formal y estilística. No hay un estilo dominante, sino un muestrario bastante completo de diferentes secuencias histórico-constructivas. Del Patrimonio Monumental hay que destacar: los restos del Castillo Almohade, los templos gótico-mudéjares y renacentistas de Nuestra Señora del Mayor Dolor, Nuestra Señora de la Asunción, Santa Catalina, El Carmen, Santo Domingo, San Roque, Santa Lucía, San Pedro, Convento de Jesús, María y José, etc. En cuanto a la arquitectura civil, la variedad de sus blancas y apiñadas casas góticas, renacentistas, barrocas, eclécticas, regionalistas, etc., le dan un especial atractivo al núcleo, potenciado además por la belleza del entorno natural donde se enclava.</p>

<p>&nbsp; Aracena es un municipio español de la provincia de Huelva, Andalucía, con una población de 7.812 habitantes (INE 2011) y una superficie de 184 km². La ciudad de Aracena se encuentra en la&#46;&#46;&#46;</p>
