{"id":35,"date":"2015-03-13T08:21:43","date_gmt":"2015-03-13T08:21:43","guid":{"rendered":"http:\/\/blogsaverroes.juntadeandalucia.es\/pre\/ceip\/?page_id=35"},"modified":"2019-03-06T11:25:43","modified_gmt":"2019-03-06T10:25:43","slug":"el-centro-2","status":"publish","type":"page","link":"https:\/\/blogsaverroes.juntadeandalucia.es\/ceprjosenogales\/el-centro-2\/","title":{"rendered":"Datos del centro"},"content":{"rendered":"[googlemaps https:\/\/www.google.com\/maps\/embed?pb=!1m18!1m12!1m3!1d1872.1532328371948!2d-6.568098108775099!3d37.893646770223015!2m3!1f0!2f0!3f0!3m2!1i1024!2i768!4f13.1!3m3!1m2!1s0xd117a11ab2d52d3%3A0x702640f1dbaf31ca!2sColegio+P%C3%BAblico+Jos%C3%A9+Nogales!5e0!3m2!1ses!2ses!4v1487924366707&amp;w=600&amp;h=450]\n<hr style=\"border: 1px solid\" width=\"50%\" align=\"center\">\n<h3 style=\"text-align: left\"><strong>Datos de contacto<\/strong><\/h3>\n<h4><span style=\"color: #000080\"><strong>Colegio de Educaci\u00f3n Primaria \u00abJos\u00e9 Nogales\u00bb<\/strong><\/span><\/h4>\n<h5><span style=\"color: #000080\"><strong>Direcci\u00f3n:<\/strong>&nbsp; Plaza Do\u00f1a Elvira Embid s\/n.&nbsp; 21200 &#8211; Aracena (Huelva)<\/span><\/h5>\n<p><strong>Tel\u00e9fonos:<\/strong><\/p>\n<ul style=\"list-style-type: disc\">\n<li><strong>Secretar\u00eda:<\/strong> 959129901, corporativo 291901<\/li>\n<li><strong>Direcci\u00f3n:<\/strong> 600168449, corporativo 658449<\/li>\n<li><strong> FAX:&nbsp;<\/strong> 959129902, corporativo 291902<\/li>\n<li><strong>Email:<\/strong> 21000334.edu@juntadeandalucia.es<\/li>\n<\/ul>\n<h3><strong>Horario General del Colegio<br \/>\n<\/strong><\/h3>\n<table width=\"100%\" cellspacing=\"0\" cellpadding=\"4\">\n<colgroup>\n<col width=\"128*\">\n<col width=\"128*\"> <\/colgroup>\n<tbody>\n<tr valign=\"top\">\n<td width=\"50%\">\n<p style=\"text-align: right\"><strong>Aula matinal<\/strong><\/p>\n<\/td>\n<td width=\"50%\">7,30 h. a 9:00 h.<\/td>\n<\/tr>\n<tr valign=\"top\">\n<td width=\"50%\">\n<p style=\"text-align: right\"><strong>Horario lectivo<\/strong><\/p>\n<\/td>\n<td width=\"50%\">9:00 h. a 14:00 h.<\/td>\n<\/tr>\n<tr valign=\"top\">\n<td width=\"50%\">\n<p style=\"text-align: right\"><strong>Servicio de comedor<\/strong><\/p>\n<\/td>\n<td width=\"50%\">14:00 h. a 16:00 h.<\/td>\n<\/tr>\n<tr valign=\"top\">\n<td width=\"50%\">\n<p style=\"text-align: right\"><strong>Actividades extraescolares<\/strong><\/p>\n<\/td>\n<td width=\"50%\">16:00 h. a 18:0 h.<\/td>\n<\/tr>\n<\/tbody>\n<\/table>\n<h3><strong>Oferta educativa<\/strong><\/h3>\n<ul style=\"list-style-type: square\">\n<li style=\"text-align: justify\">Educaci\u00f3n Primaria<\/li>\n<li style=\"text-align: justify\">Educaci\u00f3n B\u00e1sica Especial\n<ul style=\"list-style-type: square\">\n<li style=\"text-align: justify\">Educaci\u00f3n especial apoyo a la integraci\u00f3n<\/li>\n<li style=\"text-align: justify\">Audici\u00f3n y lenguaje apoyo a la integraci\u00f3n<\/li>\n<li>Educaci\u00f3n especial unidad espec\u00edfica<\/li>\n<\/ul>\n<\/li>\n<li>Biling\u00fcismo\n<ul style=\"list-style-type: square\">\n<li>Centro biling\u00fce Espa\u00f1ol &#8211; Ingl\u00e9s<\/li>\n<\/ul>\n<\/li>\n<\/ul>\n<h3><strong>Adscripciones<\/strong><\/h3>\n<h4>Recibe alumnos de:<\/h4>\n<ul>\n<li>1\u00ba de Educ. Primaria<br \/>\n(21600994)&nbsp; E.I.&nbsp;La Julianita &nbsp; 100%<\/li>\n<\/ul>\n<h4>Env\u00eda alumnos a:<\/h4>\n<ul>\n<li>1\u00ba curso de E.S.O.<br \/>\n(21700381)&nbsp; &nbsp; I.E.S.&nbsp;San Blas &nbsp; 100%<\/li>\n<\/ul>\n<div>\n<h3 class=\"centro\"><strong>Servicios Complementarios<\/strong><\/h3>\n<ul>\n<li>&nbsp; <b>Plan de apertura. Aula matinal<\/b><\/li>\n<li><b>&nbsp; Transporte escolar<\/b><\/li>\n<li>&nbsp; <b>Plan de apertura. Comedor<\/b><\/li>\n<li>&nbsp; <b>Plan de apertura. Actividades extraescolares<\/b><\/li>\n<li>&nbsp; Escuelas deportivas<\/li>\n<\/ul>\n<p>&nbsp;<\/p>\n<\/div>\n<p>&nbsp;<\/p>\n","protected":false},"excerpt":{"rendered":"<p>[googlemaps https:\/\/www.google.com\/maps\/embed?pb=!1m18!1m12!1m3!1d1872.1532328371948!2d-6.568098108775099!3d37.893646770223015!2m3!1f0!2f0!3f0!3m2!1i1024!2i768!4f13.1!3m3!1m2!1s0xd117a11ab2d52d3%3A0x702640f1dbaf31ca!2sColegio+P%C3%BAblico+Jos%C3%A9+Nogales!5e0!3m2!1ses!2ses!4v1487924366707&amp;w=600&amp;h=450] Datos de contacto Colegio de Educaci\u00f3n Primaria \u00abJos\u00e9 Nogales\u00bb Direcci\u00f3n:&nbsp; Plaza Do\u00f1a Elvira Embid s\/n.&nbsp; 21200 &#8211; Aracena (Huelva) Tel\u00e9fonos: Secretar\u00eda: 959129901, corporativo 291901 Direcci\u00f3n: 600168449, corporativo 658449 FAX:&nbsp; 959129902, corporativo 291902&#46;&#46;&#46;<\/p>\n","protected":false},"author":1,"featured_media":0,"parent":0,"menu_order":0,"comment_status":"closed","ping_status":"open","template":"","meta":{"ngg_post_thumbnail":0,"footnotes":"","_mc_calendar":[]},"aioseo_notices":[],"_links":{"self":[{"href":"https:\/\/blogsaverroes.juntadeandalucia.es\/ceprjosenogales\/wp-json\/wp\/v2\/pages\/35"}],"collection":[{"href":"https:\/\/blogsaverroes.juntadeandalucia.es\/ceprjosenogales\/wp-json\/wp\/v2\/pages"}],"about":[{"href":"https:\/\/blogsaverroes.juntadeandalucia.es\/ceprjosenogales\/wp-json\/wp\/v2\/types\/page"}],"author":[{"embeddable":true,"href":"https:\/\/blogsaverroes.juntadeandalucia.es\/ceprjosenogales\/wp-json\/wp\/v2\/users\/1"}],"replies":[{"embeddable":true,"href":"https:\/\/blogsaverroes.juntadeandalucia.es\/ceprjosenogales\/wp-json\/wp\/v2\/comments?post=35"}],"version-history":[{"count":46,"href":"https:\/\/blogsaverroes.juntadeandalucia.es\/ceprjosenogales\/wp-json\/wp\/v2\/pages\/35\/revisions"}],"predecessor-version":[{"id":3103,"href":"https:\/\/blogsaverroes.juntadeandalucia.es\/ceprjosenogales\/wp-json\/wp\/v2\/pages\/35\/revisions\/3103"}],"wp:attachment":[{"href":"https:\/\/blogsaverroes.juntadeandalucia.es\/ceprjosenogales\/wp-json\/wp\/v2\/media?parent=35"}],"curies":[{"name":"wp","href":"https:\/\/api.w.org\/{rel}","templated":true}]}}