{"id":3628,"date":"2020-06-14T19:46:21","date_gmt":"2020-06-14T18:46:21","guid":{"rendered":"https:\/\/blogsaverroes.juntadeandalucia.es\/ceprjosenogales\/?page_id=3628"},"modified":"2020-06-14T20:07:32","modified_gmt":"2020-06-14T19:07:32","slug":"3628-2","status":"publish","type":"page","link":"https:\/\/blogsaverroes.juntadeandalucia.es\/ceprjosenogales\/3628-2\/","title":{"rendered":"Pacto de Estado contra la Violencia de G\u00e9nero"},"content":{"rendered":"<p><img loading=\"lazy\" decoding=\"async\" class=\"wp-image-3629 aligncenter\" src=\"https:\/\/blogsaverroes.juntadeandalucia.es\/ceprjosenogales\/files\/2020\/06\/genero.png\" alt=\"\" width=\"200\" height=\"153\" srcset=\"https:\/\/blogsaverroes.juntadeandalucia.es\/ceprjosenogales\/files\/2020\/06\/genero.png 512w, https:\/\/blogsaverroes.juntadeandalucia.es\/ceprjosenogales\/files\/2020\/06\/genero-300x230.png 300w, https:\/\/blogsaverroes.juntadeandalucia.es\/ceprjosenogales\/files\/2020\/06\/genero-24x18.png 24w, https:\/\/blogsaverroes.juntadeandalucia.es\/ceprjosenogales\/files\/2020\/06\/genero-36x28.png 36w, https:\/\/blogsaverroes.juntadeandalucia.es\/ceprjosenogales\/files\/2020\/06\/genero-48x37.png 48w\" sizes=\"(max-width: 200px) 100vw, 200px\" \/><\/p>\n<h3 style=\"text-align: center\">CAMPA\u00d1A PREVENCI\u00d3N DE LA VIOLENCIA DE G\u00c9NERO EN EL \u00c1MBITO EDUCATIVO<\/h3>\n<h4><span style=\"background-color: #76afe8\">\u00c1MBITO<\/span><\/h4>\n<p>La prevenci\u00f3n de la violencia de g\u00e9nero a trav\u00e9s de la Educaci\u00f3n Emocional.<\/p>\n<h4><span style=\"background-color: #76afe8\">OBJETIVOS<\/span><\/h4>\n<p style=\"text-align: justify\">1 Integrar la IGUALDAD y el RESPETO como VALORES esencial para la CONVIVENCIA entre&nbsp; hombres y mujeres, en todas nuestras actuaciones educativas como centro.<br \/>\n2 Fomento de la IGUALDAD DE G\u00c9NERO<\/p>\n<h4><span style=\"background-color: #76afe8\">ACTUACIONES PROGRAMADAS<\/span><\/h4>\n<ol>\n<li>Elaboraci\u00f3n de creaciones art\u00edsticas y literarias.<\/li>\n<li>Charlas y talleres formativos con el alumnado.<\/li>\n<li>Charlas y talleres formativos para la comunidad educativa.<\/li>\n<li>Concursos.<\/li>\n<li>Asistencia\/Organizaci\u00f3n de eventos culturales relacionados con la prevenci\u00f3n de la violencia de g\u00e9nero.<\/li>\n<li>Visitas y actuaciones con el entorno.<\/li>\n<li>Creaci\u00f3n de murales sobre el tema.<\/li>\n<li>Carteler\u00eda para visibilizarnos.<\/li>\n<li>Creaci\u00f3n de logos, hashtag,&#8230;. lemas.<\/li>\n<li>Sports publicitarios en la TV local.<\/li>\n<li>Talleres formativos del agente tutor.<\/li>\n<li>Coreograf\u00edas.<\/li>\n<li>T\u00edteres.<\/li>\n<li>Teatros.<\/li>\n<li>Tabl\u00f3n de informaci\u00f3n en el centro.<\/li>\n<li>Actividades complementarias y extraescolares.<\/li>\n<li>Celebraci\u00f3n de efem\u00e9rides relacionadas con la violencia vs paz.<\/li>\n<li>Colaboraci\u00f3n con el Area de la Mujer del Ayuntamiento de Aracena.<\/li>\n<li>Incorporar al Plan de Igualdad del centro, las medidas y actuaciones para prevenir la violencia de g\u00e9nero.<\/li>\n<li>Claustros Pedag\u00f3gicos sobre IGUALDAD.<\/li>\n<li>Integraci\u00f3n en los Planes y Proyectos del centro: Lectura y Biblioteca, Olimpismo en la Escuela, Escuela Espacio de Paz, Igualdad, PLC, Crecer en Salud, AulaDcine, AulaDjaque, Prodig, etc.<\/li>\n<li>Creaci\u00f3n de juegos cooperativos en el patio escolar.<\/li>\n<\/ol>\n<h4><span style=\"background-color: #ffff99\"><a style=\"background-color: #ffff99\" href=\"https:\/\/blogsaverroes.juntadeandalucia.es\/ceprjosenogales\/files\/2020\/06\/CAMPA\u00d1A-PVG.pdf\" target=\"_blank\" rel=\"noopener noreferrer\">DESCARGAR DOCUMENTO DE LA MEMORIA<\/a><\/span><\/h4>\n<h4 class=\"home\"><a class=\"tooltip tooltipstered\" href=\"https:\/\/violenciagenero.igualdad.gob.es\/home.htm\" target=\"_blank\" rel=\"noopener noreferrer\">Delegaci\u00f3n del Gobierno contra la Violencia de G\u00e9nero<\/a><\/h4>\n<p><img loading=\"lazy\" decoding=\"async\" class=\"alignnone size-full wp-image-3631 aligncenter\" src=\"https:\/\/blogsaverroes.juntadeandalucia.es\/ceprjosenogales\/files\/2020\/06\/DIVERSIDAD.png\" alt=\"\" width=\"1548\" height=\"884\" srcset=\"https:\/\/blogsaverroes.juntadeandalucia.es\/ceprjosenogales\/files\/2020\/06\/DIVERSIDAD.png 1548w, https:\/\/blogsaverroes.juntadeandalucia.es\/ceprjosenogales\/files\/2020\/06\/DIVERSIDAD-300x171.png 300w, https:\/\/blogsaverroes.juntadeandalucia.es\/ceprjosenogales\/files\/2020\/06\/DIVERSIDAD-768x439.png 768w, https:\/\/blogsaverroes.juntadeandalucia.es\/ceprjosenogales\/files\/2020\/06\/DIVERSIDAD-1024x585.png 1024w, https:\/\/blogsaverroes.juntadeandalucia.es\/ceprjosenogales\/files\/2020\/06\/DIVERSIDAD-700x400.png 700w, https:\/\/blogsaverroes.juntadeandalucia.es\/ceprjosenogales\/files\/2020\/06\/DIVERSIDAD-24x14.png 24w, https:\/\/blogsaverroes.juntadeandalucia.es\/ceprjosenogales\/files\/2020\/06\/DIVERSIDAD-36x21.png 36w, https:\/\/blogsaverroes.juntadeandalucia.es\/ceprjosenogales\/files\/2020\/06\/DIVERSIDAD-48x27.png 48w\" sizes=\"(max-width: 1548px) 100vw, 1548px\" \/><\/p>\n<p>&nbsp;<\/p>\n","protected":false},"excerpt":{"rendered":"<p>CAMPA\u00d1A PREVENCI\u00d3N DE LA VIOLENCIA DE G\u00c9NERO EN EL \u00c1MBITO EDUCATIVO \u00c1MBITO La prevenci\u00f3n de la violencia de g\u00e9nero a trav\u00e9s de la Educaci\u00f3n Emocional. OBJETIVOS 1 Integrar la IGUALDAD y el RESPETO como&#46;&#46;&#46;<\/p>\n","protected":false},"author":2158,"featured_media":0,"parent":0,"menu_order":0,"comment_status":"closed","ping_status":"closed","template":"","meta":{"ngg_post_thumbnail":0,"footnotes":"","_mc_calendar":[]},"aioseo_notices":[],"_links":{"self":[{"href":"https:\/\/blogsaverroes.juntadeandalucia.es\/ceprjosenogales\/wp-json\/wp\/v2\/pages\/3628"}],"collection":[{"href":"https:\/\/blogsaverroes.juntadeandalucia.es\/ceprjosenogales\/wp-json\/wp\/v2\/pages"}],"about":[{"href":"https:\/\/blogsaverroes.juntadeandalucia.es\/ceprjosenogales\/wp-json\/wp\/v2\/types\/page"}],"author":[{"embeddable":true,"href":"https:\/\/blogsaverroes.juntadeandalucia.es\/ceprjosenogales\/wp-json\/wp\/v2\/users\/2158"}],"replies":[{"embeddable":true,"href":"https:\/\/blogsaverroes.juntadeandalucia.es\/ceprjosenogales\/wp-json\/wp\/v2\/comments?post=3628"}],"version-history":[{"count":4,"href":"https:\/\/blogsaverroes.juntadeandalucia.es\/ceprjosenogales\/wp-json\/wp\/v2\/pages\/3628\/revisions"}],"predecessor-version":[{"id":3641,"href":"https:\/\/blogsaverroes.juntadeandalucia.es\/ceprjosenogales\/wp-json\/wp\/v2\/pages\/3628\/revisions\/3641"}],"wp:attachment":[{"href":"https:\/\/blogsaverroes.juntadeandalucia.es\/ceprjosenogales\/wp-json\/wp\/v2\/media?parent=3628"}],"curies":[{"name":"wp","href":"https:\/\/api.w.org\/{rel}","templated":true}]}}

Pacto de Estado contra la Violencia de Género

<p><img loading="lazy" decoding="async" class="wp-image-3629 aligncenter" src="https://blogsaverroes.juntadeandalucia.es/ceprjosenogales/files/2020/06/genero.png" alt="" width="200" height="153" srcset="https://blogsaverroes.juntadeandalucia.es/ceprjosenogales/files/2020/06/genero.png 512w, https://blogsaverroes.juntadeandalucia.es/ceprjosenogales/files/2020/06/genero-300x230.png 300w, https://blogsaverroes.juntadeandalucia.es/ceprjosenogales/files/2020/06/genero-24x18.png 24w, https://blogsaverroes.juntadeandalucia.es/ceprjosenogales/files/2020/06/genero-36x28.png 36w, https://blogsaverroes.juntadeandalucia.es/ceprjosenogales/files/2020/06/genero-48x37.png 48w" sizes="(max-width: 200px) 100vw, 200px" /></p>
<h3 style="text-align: center">CAMPAÑA PREVENCIÓN DE LA VIOLENCIA DE GÉNERO EN EL ÁMBITO EDUCATIVO</h3>
<h4><span style="background-color: #76afe8">ÁMBITO</span></h4>
<p>La prevención de la violencia de género a través de la Educación Emocional.</p>
<h4><span style="background-color: #76afe8">OBJETIVOS</span></h4>
<p style="text-align: justify">1 Integrar la IGUALDAD y el RESPETO como VALORES esencial para la CONVIVENCIA entre&nbsp; hombres y mujeres, en todas nuestras actuaciones educativas como centro.<br />
2 Fomento de la IGUALDAD DE GÉNERO</p>
<h4><span style="background-color: #76afe8">ACTUACIONES PROGRAMADAS</span></h4>
<ol>
<li>Elaboración de creaciones artísticas y literarias.</li>
<li>Charlas y talleres formativos con el alumnado.</li>
<li>Charlas y talleres formativos para la comunidad educativa.</li>
<li>Concursos.</li>
<li>Asistencia/Organización de eventos culturales relacionados con la prevención de la violencia de género.</li>
<li>Visitas y actuaciones con el entorno.</li>
<li>Creación de murales sobre el tema.</li>
<li>Cartelería para visibilizarnos.</li>
<li>Creación de logos, hashtag,&#8230;. lemas.</li>
<li>Sports publicitarios en la TV local.</li>
<li>Talleres formativos del agente tutor.</li>
<li>Coreografías.</li>
<li>Títeres.</li>
<li>Teatros.</li>
<li>Tablón de información en el centro.</li>
<li>Actividades complementarias y extraescolares.</li>
<li>Celebración de efemérides relacionadas con la violencia vs paz.</li>
<li>Colaboración con el Area de la Mujer del Ayuntamiento de Aracena.</li>
<li>Incorporar al Plan de Igualdad del centro, las medidas y actuaciones para prevenir la violencia de género.</li>
<li>Claustros Pedagógicos sobre IGUALDAD.</li>
<li>Integración en los Planes y Proyectos del centro: Lectura y Biblioteca, Olimpismo en la Escuela, Escuela Espacio de Paz, Igualdad, PLC, Crecer en Salud, AulaDcine, AulaDjaque, Prodig, etc.</li>
<li>Creación de juegos cooperativos en el patio escolar.</li>
</ol>
<h4><span style="background-color: #ffff99"><a style="background-color: #ffff99" href="https://blogsaverroes.juntadeandalucia.es/ceprjosenogales/files/2020/06/CAMPAÑA-PVG.pdf" target="_blank" rel="noopener noreferrer">DESCARGAR DOCUMENTO DE LA MEMORIA</a></span></h4>
<h4 class="home"><a class="tooltip tooltipstered" href="https://violenciagenero.igualdad.gob.es/home.htm" target="_blank" rel="noopener noreferrer">Delegación del Gobierno contra la Violencia de Género</a></h4>
<p><img loading="lazy" decoding="async" class="alignnone size-full wp-image-3631 aligncenter" src="https://blogsaverroes.juntadeandalucia.es/ceprjosenogales/files/2020/06/DIVERSIDAD.png" alt="" width="1548" height="884" srcset="https://blogsaverroes.juntadeandalucia.es/ceprjosenogales/files/2020/06/DIVERSIDAD.png 1548w, https://blogsaverroes.juntadeandalucia.es/ceprjosenogales/files/2020/06/DIVERSIDAD-300x171.png 300w, https://blogsaverroes.juntadeandalucia.es/ceprjosenogales/files/2020/06/DIVERSIDAD-768x439.png 768w, https://blogsaverroes.juntadeandalucia.es/ceprjosenogales/files/2020/06/DIVERSIDAD-1024x585.png 1024w, https://blogsaverroes.juntadeandalucia.es/ceprjosenogales/files/2020/06/DIVERSIDAD-700x400.png 700w, https://blogsaverroes.juntadeandalucia.es/ceprjosenogales/files/2020/06/DIVERSIDAD-24x14.png 24w, https://blogsaverroes.juntadeandalucia.es/ceprjosenogales/files/2020/06/DIVERSIDAD-36x21.png 36w, https://blogsaverroes.juntadeandalucia.es/ceprjosenogales/files/2020/06/DIVERSIDAD-48x27.png 48w" sizes="(max-width: 1548px) 100vw, 1548px" /></p>
<p>&nbsp;</p>

<p>CAMPAÑA PREVENCIÓN DE LA VIOLENCIA DE GÉNERO EN EL ÁMBITO EDUCATIVO ÁMBITO La prevención de la violencia de género a través de la Educación Emocional. OBJETIVOS 1 Integrar la IGUALDAD y el RESPETO como&#46;&#46;&#46;</p>
