{"id":77,"date":"2015-03-16T06:54:56","date_gmt":"2015-03-16T06:54:56","guid":{"rendered":"http:\/\/blogsaverroes.juntadeandalucia.es\/pre\/ceip\/?page_id=77"},"modified":"2018-06-06T11:19:04","modified_gmt":"2018-06-06T10:19:04","slug":"secretaria","status":"publish","type":"page","link":"https:\/\/blogsaverroes.juntadeandalucia.es\/ceprjosenogales\/secretaria\/","title":{"rendered":"Secretar\u00eda"},"content":{"rendered":"<p>La <strong>Secretar\u00eda<\/strong> desarrolla muchas funciones importantes en la vida de un centro, especialmente en la relaci\u00f3n que mantiene con las familias en los diferentes tr\u00e1mites administrativos a lo largo de la escolarizaci\u00f3n:<\/p>\n<ul style=\"list-style-type: disc\">\n<li>admisi\u00f3n<\/li>\n<li>matr\u00edcula<\/li>\n<li>comedor escolar<\/li>\n<li>becas<\/li>\n<li>&#8230; etc.<\/li>\n<\/ul>\n<h2 style=\"text-align: left\">Datos de contacto:<\/h2>\n<h3 style=\"text-align: center\">Horario de Secretar\u00eda: de 9 a 14 horas<\/h3>\n<h3 style=\"text-align: center\">Tel\u00e9fono: 959 129901 (corporativo 291901)<\/h3>\n<h3 style=\"text-align: center\">Fax: 959 129902 (corporativo 291902)<\/h3>\n<h3 style=\"text-align: center\">Email: 21000334.edu@juntadeandalucia.es<\/h3>\n<h2>Zona de descarga de impresos<a href=\"http:\/\/blogsaverroes.juntadeandalucia.es\/ceprjosenogales\/files\/2015\/03\/Mis-documentos.png\"><img loading=\"lazy\" decoding=\"async\" class=\"wp-image-2413 alignright\" src=\"http:\/\/blogsaverroes.juntadeandalucia.es\/ceprjosenogales\/files\/2015\/03\/Mis-documentos.png\" alt=\"\" width=\"84\" height=\"80\" srcset=\"https:\/\/blogsaverroes.juntadeandalucia.es\/ceprjosenogales\/files\/2015\/03\/Mis-documentos.png 185w, https:\/\/blogsaverroes.juntadeandalucia.es\/ceprjosenogales\/files\/2015\/03\/Mis-documentos-24x24.png 24w, https:\/\/blogsaverroes.juntadeandalucia.es\/ceprjosenogales\/files\/2015\/03\/Mis-documentos-36x34.png 36w, https:\/\/blogsaverroes.juntadeandalucia.es\/ceprjosenogales\/files\/2015\/03\/Mis-documentos-48x45.png 48w\" sizes=\"(max-width: 84px) 100vw, 84px\" \/><\/a><\/h2>\n<p>&nbsp;<\/p>\n<div class=\"osc-res-tab tabbable   osc-tabs-left\"><div style=\"clear:both;width: 100%;\"><ul class=\"nav osc-res-nav nav-tabs osc-tabs-left-ul\" id=\"oscitas-restabs-1-secretaria-41601\"><li class=\"active\"><a href=\"#ert_pane1-0\" data-toggle=\"tab\">Escolarizaci\u00f3n<\/a><\/li><li class=\"\"><a href=\"#ert_pane1-1\" data-toggle=\"tab\">Transporte<\/a><\/li><li class=\"\"><a href=\"#ert_pane1-2\" data-toggle=\"tab\">Aula Matinal<\/a><\/li><li class=\"\"><a href=\"#ert_pane1-3\" data-toggle=\"tab\">Comedor<\/a><\/li><li class=\"\"><a href=\"#ert_pane1-4\" data-toggle=\"tab\">Act. Extraescolares<\/a><\/li><li class=\"\"><a href=\"#ert_pane1-5\" data-toggle=\"tab\">Impresos Ciudadanos<\/a><\/li><li class=\"\"><a href=\"#ert_pane1-6\" data-toggle=\"tab\"><\/a><\/li><li class=\"\"><a href=\"#ert_pane1-7\" data-toggle=\"tab\"><\/a><\/li><\/ul><\/div><div style=\"clear:both;width: 100%;\"><ul class=\"tab-content\" id=\"oscitas-restabcontent-1-secretaria-41601\"><li class=\"tab-pane active\" id=\"ert_pane1-0\"><h4>Impresos rellenables de matriculaci\u00f3n (1 a 8 de junio)<\/h4>\n<ul>\n<li><a href=\"http:\/\/www.juntadeandalucia.es\/educacion\/portals\/abaco-portlet\/content\/55fad88e-7bb3-40e3-bbe4-198107487345\" target=\"_blank\" rel=\"noopener\">Impreso de matriculaci\u00f3n<\/a><\/li>\n<li><a href=\"http:\/\/www.juntadeandalucia.es\/educacion\/portals\/abaco-portlet\/content\/12c1f402-4ea8-4a01-a921-5baa061cc442\" target=\"_blank\" rel=\"noopener\">Solicitud para cursar la ense\u00f1anza de Religi\u00f3n<\/a><\/li>\n<\/ul>\n<h4>&nbsp;<\/h4>\n<h4>Impresos rellenables de admisi\u00f3n (1 a 31 de marzo)<\/h4>\n<ul style=\"list-style-type: disc\">\n<li><a id=\"yui_patched_v3_11_0_1_1488715585572_510\" title=\"Pulse para visualizar el documento\" href=\"http:\/\/www.juntadeandalucia.es\/educacion\/portals\/abaco-portlet\/content\/7e1d7b27-eaa4-42e7-bfa3-ac436db80ed6\" target=\"_blank\" rel=\"noopener\">Anexo III: Solicitud de admisi\u00f3n en segundo ciclo de Educaci\u00f3n Infantil, Educaci\u00f3n Primaria, Educaci\u00f3n Especial, E.S.O. y Bachillerato (v\u00e1lido del 1 al 31 de Marzo de 2017).<\/a><\/li>\n<li><a id=\"yui_patched_v3_11_0_1_1488715585572_563\" title=\"Pulse para visualizar el documento\" href=\"http:\/\/www.juntadeandalucia.es\/educacion\/portals\/abaco-portlet\/content\/dcec9582-b20c-494b-bfbd-2886c7b8be94\" target=\"_blank\" rel=\"noopener\">Anexo IX: Solicitud Procedimiento Extraordinario de Admisi\u00f3n<\/a><\/li>\n<\/ul>\n<h4 class=\"portlet-title\">&nbsp;<\/h4>\n<h4 class=\"portlet-title\"><span class=\"portlet-title-text\">Presentaci\u00f3n telem\u00e1tica de la solicitud&nbsp;&nbsp;&nbsp;<br \/>\n<\/span><\/h4>\n<p><a href=\"http:\/\/blogsaverroes.juntadeandalucia.es\/ceprjosenogales\/files\/2015\/03\/icon_link.png\"><img loading=\"lazy\" decoding=\"async\" class=\"alignnone size-full wp-image-2661\" src=\"http:\/\/blogsaverroes.juntadeandalucia.es\/ceprjosenogales\/files\/2015\/03\/icon_link.png\" alt=\"\" width=\"20\" height=\"20\"><\/a><a id=\"yui_patched_v3_11_0_1_1488715585572_588\" class=\"ico_enlaceExt\" title=\"Se abre en una nueva ventana\" href=\"https:\/\/www.juntadeandalucia.es\/educacion\/secretariavirtual\/\" target=\"_blank\" rel=\"noopener\">Acceso a la Secretar\u00eda Virtual<\/a><\/p><\/li><li class=\"tab-pane \" id=\"ert_pane1-1\"><p>Desc\u00e1rgate el formulario, rell\u00e9nalo y entr\u00e9galo en la secretar\u00eda del Colegio:<\/p>\n<ul style=\"list-style-type: square\">\n<li style=\"text-align: left\">Solicitud de inscripci\u00f3n: <a href=\"https:\/\/blogsaverroes.juntadeandalucia.es\/ceprjosenogales\/files\/2017\/02\/TransporteEscolar2012_13_ANEXO_III.pdf\" target=\"_blank\" rel=\"noopener\">ANEXO_III<\/a><\/li>\n<\/ul>\n<ul style=\"list-style-type: square\">\n<li style=\"text-align: left\">Comunicaci\u00f3n a la familia (por el centro): <a href=\"https:\/\/blogsaverroes.juntadeandalucia.es\/ceprjosenogales\/files\/2017\/02\/TransporteEscolar2012_13_ANEXO_IV.pdf\" target=\"_blank\" rel=\"noopener\">ANEXO_IV<\/a><\/li>\n<\/ul><\/li><li class=\"tab-pane \" id=\"ert_pane1-2\"><p>Desc\u00e1rgate los formularios, rell\u00e9nalos y entr\u00e9galos en la secretar\u00eda del Colegio:<\/p>\n<ul style=\"list-style-type: square\">\n<li style=\"text-align: left\">Solicitud de inscripci\u00f3n: <a href=\"https:\/\/portals.ced.junta-andalucia.es\/educacion\/portals\/abaco-portlet\/content\/f35ef9ac-4abe-4386-9912-f0514c98320e\" target=\"_blank\" rel=\"noopener\">Anexo_II<\/a><\/li>\n<li style=\"text-align: left\">Solicitud de bonificaci\u00f3n: <a href=\"https:\/\/www.juntadeandalucia.es\/educacion\/portalseneca\/c\/document_library\/get_file?uuid=79a7f5de-a12c-4a48-b106-7bc314ee24aa&amp;groupId=10128\" target=\"_blank\" rel=\"noopener\">Anexo_V<\/a><\/li>\n<li style=\"text-align: left\">Solicitud de baja en el servicio: <a href=\"https:\/\/blogsaverroes.juntadeandalucia.es\/ceprjosenogales\/files\/2018\/06\/solicitud_baja_paf.pdf\" target=\"_blank\" rel=\"noopener\">Solicitud baja<\/a><\/li>\n<\/ul><\/li><li class=\"tab-pane \" id=\"ert_pane1-3\"><p>Desc\u00e1rgate los formularios, rell\u00e9nalos y entr\u00e9galos en la secretar\u00eda del Colegio:<\/p>\n<ul style=\"list-style-type: square\">\n<li style=\"text-align: left\">Solicitud de inscripci\u00f3n: <a href=\"http:\/\/portals.ced.junta-andalucia.es\/educacion\/portals\/abaco-portlet\/content\/f35ef9ac-4abe-4386-9912-f0514c98320e\">Anexo_II<\/a><\/li>\n<li style=\"text-align: left\">Solicitud de bonificaci\u00f3n: <a href=\"https:\/\/www.juntadeandalucia.es\/educacion\/portalseneca\/c\/document_library\/get_file?uuid=79a7f5de-a12c-4a48-b106-7bc314ee24aa&amp;groupId=10128\" target=\"_blank\" rel=\"noopener\">Anexo_V<\/a><\/li>\n<li style=\"text-align: left\">Solicitud de baja en el servicio: <a href=\"https:\/\/blogsaverroes.juntadeandalucia.es\/ceprjosenogales\/files\/2018\/06\/solicitud_baja_paf.pdf\" target=\"_blank\" rel=\"noopener\">Solicitud baja<\/a><\/li>\n<\/ul><\/li><li class=\"tab-pane \" id=\"ert_pane1-4\"><p>Desc\u00e1rgate los formularios, rell\u00e9nalos y entr\u00e9galos en la secretar\u00eda del Colegio:<\/p>\n<ul style=\"list-style-type: square\">\n<li style=\"text-align: left\">Solicitud de inscripci\u00f3n: <a href=\"http:\/\/portals.ced.junta-andalucia.es\/educacion\/portals\/abaco-portlet\/content\/f35ef9ac-4abe-4386-9912-f0514c98320e\">Anexo_II<\/a><\/li>\n<li style=\"text-align: left\">Solicitud de bonificaci\u00f3n: <a href=\"https:\/\/www.juntadeandalucia.es\/educacion\/portalseneca\/c\/document_library\/get_file?uuid=79a7f5de-a12c-4a48-b106-7bc314ee24aa&amp;groupId=10128\" target=\"_blank\" rel=\"noopener\">Anexo_V<\/a><\/li>\n<li style=\"text-align: left\">Solicitud de baja en el servicio:<a href=\"https:\/\/blogsaverroes.juntadeandalucia.es\/ceprjosenogales\/files\/2018\/06\/solicitud_baja_paf.pdf\" target=\"_blank\" rel=\"noopener\">Solicitud baja<\/a><\/li>\n<\/ul><\/li><li class=\"tab-pane \" id=\"ert_pane1-5\"><ul>\n<li><a title=\"Pulse para visualizar el documento\" href=\"http:\/\/www.juntadeandalucia.es\/educacion\/portals\/abaco-portlet\/content\/c5b411aa-57c4-484f-86e8-6a97ea0611d8?a=true\"> IMPRESO ALEGACIONES A LA RESOLUCI\u00d3N PROVISIONAL (PDF \/ 72.9Kb) <\/a><\/li>\n<li><a title=\"Pulse para visualizar el documento\" href=\"http:\/\/www.juntadeandalucia.es\/educacion\/portals\/abaco-portlet\/content\/1c3373ea-f6d7-4635-9ae7-e0cf69f62733?a=true\">IMPRESO RECURSO POTESTATIVO A LA RESOLUCI\u00d3N DEFINITIVA (PDF \/ 72.9Kb) <\/a><\/li>\n<li><a title=\"Pulse para visualizar el documento\" href=\"http:\/\/www.juntadeandalucia.es\/educacion\/portals\/abaco-portlet\/content\/5f136f72-4e04-4b43-8160-07a2784791d2?a=true\">IMPRESO SUBSANACI\u00d3N SOLICITUD (PDF \/ 72.43Kb) <\/a><\/li>\n<li><a title=\"Pulse para visualizar el documento\" href=\"http:\/\/www.juntadeandalucia.es\/educacion\/portals\/abaco-portlet\/content\/348ec850-0d34-4b88-9cf3-6540e71bddbe?a=true\">IMPRESO RENUNCIA (PDF \/ 75.87Kb) <\/a><\/li>\n<li>IMPRESO DE DEVOLUCI\u00d3N: <a class=\"ico_enlaceExt\" title=\"Se abre en una nueva ventana\" href=\"https:\/\/www.juntadeandalucia.es\/economiayhacienda\/apl\/surweb\/modelos\/modelo046\/046.jsp\" target=\"_blank\" rel=\"noopener\">Modelo 046<\/a><\/li>\n<\/ul><\/li><li class=\"tab-pane \" id=\"ert_pane1-6\"><p><span style=\"color: #808080\"><span style=\"font-family: Arial,sans-serif\"><span style=\"font-size: x-large\"><b><span style=\"color: #000000\"><br \/>\n<\/span> <\/b><\/span><\/span><\/span><\/p><\/li><li class=\"tab-pane \" id=\"ert_pane1-7\">Sin contenido<\/li><\/ul><\/div><\/div>\n<h2>&nbsp;<\/h2>\n<h3>Entrada de Factura Electr\u00f3nica de la Comunidad Aut\u00f3noma de Andaluc\u00eda<\/h3>\n<p><a href=\"https:\/\/www.juntadeandalucia.es\/educacion\/portalseneca\/web\/seneca\/factura-e\" target=\"_blank\" rel=\"noopener\"><img loading=\"lazy\" decoding=\"async\" class=\"wp-image-2836 aligncenter\" src=\"http:\/\/blogsaverroes.juntadeandalucia.es\/ceprjosenogales\/files\/2015\/03\/efactura.png\" alt=\"\" width=\"226\" height=\"97\" srcset=\"https:\/\/blogsaverroes.juntadeandalucia.es\/ceprjosenogales\/files\/2015\/03\/efactura-268x114.png 268w, https:\/\/blogsaverroes.juntadeandalucia.es\/ceprjosenogales\/files\/2015\/03\/efactura-24x10.png 24w, https:\/\/blogsaverroes.juntadeandalucia.es\/ceprjosenogales\/files\/2015\/03\/efactura-36x14.png 36w\" sizes=\"(max-width: 226px) 100vw, 226px\" \/><\/a><\/p>\n<h2>Formulario de contacto<\/h2>\n<p>Tambi\u00e9n puede contactar con nosotros rellenando el siguiente formulario. Intentaremos contestarle a la mayor brevedad posible.<\/p>\n<p>*(campo obligatorio)<\/p>\n<table style=\"background-color: #e8e5dc\">\n<tbody>\n<tr>\n<td style=\"text-align: left\">&nbsp;&nbsp;&nbsp;<\/td>\n<td style=\"text-align: left\">&nbsp;&nbsp;&nbsp;&nbsp; \n<div class=\"wpcf7 no-js\" id=\"wpcf7-f2666-o1\" lang=\"es-ES\" dir=\"ltr\">\n<div class=\"screen-reader-response\"><p role=\"status\" aria-live=\"polite\" aria-atomic=\"true\"><\/p> <ul><\/ul><\/div>\n<form action=\"\/ceprjosenogales\/wp-json\/wp\/v2\/pages\/77#wpcf7-f2666-o1\" method=\"post\" class=\"wpcf7-form init\" aria-label=\"Formulario de contacto\" novalidate=\"novalidate\" data-status=\"init\">\n<div style=\"display: none;\">\n<input type=\"hidden\" name=\"_wpcf7\" value=\"2666\" \/>\n<input type=\"hidden\" name=\"_wpcf7_version\" value=\"5.9.8\" \/>\n<input type=\"hidden\" name=\"_wpcf7_locale\" value=\"es_ES\" \/>\n<input type=\"hidden\" name=\"_wpcf7_unit_tag\" value=\"wpcf7-f2666-o1\" \/>\n<input type=\"hidden\" name=\"_wpcf7_container_post\" value=\"0\" \/>\n<input type=\"hidden\" name=\"_wpcf7_posted_data_hash\" value=\"\" \/>\n<\/div>\n<p><label> Nombre *<br \/>\n<span class=\"wpcf7-form-control-wrap\" data-name=\"your-name\"><input size=\"40\" maxlength=\"400\" class=\"wpcf7-form-control wpcf7-text wpcf7-validates-as-required\" aria-required=\"true\" aria-invalid=\"false\" value=\"\" type=\"text\" name=\"your-name\" \/><\/span> <\/label>\n<\/p>\n<p><label> Tu correo electr\u00f3nico *<br \/>\n<span class=\"wpcf7-form-control-wrap\" data-name=\"your-email\"><input size=\"40\" maxlength=\"400\" class=\"wpcf7-form-control wpcf7-email wpcf7-validates-as-required wpcf7-text wpcf7-validates-as-email\" aria-required=\"true\" aria-invalid=\"false\" value=\"\" type=\"email\" name=\"your-email\" \/><\/span> <\/label>\n<\/p>\n<p><label> Asunto<\/label><br \/>\n<span class=\"wpcf7-form-control-wrap\" data-name=\"your-subject\"><input size=\"40\" maxlength=\"400\" class=\"wpcf7-form-control wpcf7-text\" aria-invalid=\"false\" value=\"\" type=\"text\" name=\"your-subject\" \/><\/span>\n<\/p>\n<p><label> Mensaje<br \/>\n<span class=\"wpcf7-form-control-wrap\" data-name=\"your-message\"><textarea cols=\"40\" rows=\"10\" maxlength=\"2000\" class=\"wpcf7-form-control wpcf7-textarea\" aria-invalid=\"false\" name=\"your-message\"><\/textarea><\/span> <\/label>\n<\/p>\n<p>Introduce el c\u00f3digo: <em>Para usar CAPTCHA, tienes que tener instalado el plugin <a href=\"https:\/\/wordpress.org\/plugins\/really-simple-captcha\/\">Really Simple CAPTCHA<\/a>.<\/em><br \/>\n<span class=\"wpcf7-form-control-wrap\" data-name=\"captcha-170\"><input size=\"4\" maxlength=\"4\" class=\"wpcf7-form-control wpcf7-captchar\" autocomplete=\"off\" aria-invalid=\"false\" value=\"\" type=\"text\" name=\"captcha-170\" \/><\/span>\n<\/p>\n<p><input class=\"wpcf7-form-control wpcf7-submit has-spinner\" type=\"submit\" value=\"Enviar\" \/>\n<\/p><div class=\"wpcf7-response-output\" aria-hidden=\"true\"><\/div>\n<\/form>\n<\/div>\n<\/td>\n<\/tr>\n<\/tbody>\n<\/table>\n<p>&nbsp;<\/p>\n<p style=\"text-align: center\">&nbsp;<\/p>\n","protected":false},"excerpt":{"rendered":"<p>La Secretar\u00eda desarrolla muchas funciones importantes en la vida de un centro, especialmente en la relaci\u00f3n que mantiene con las familias en los diferentes tr\u00e1mites administrativos a lo largo de la escolarizaci\u00f3n: admisi\u00f3n matr\u00edcula&#46;&#46;&#46;<\/p>\n","protected":false},"author":1,"featured_media":0,"parent":0,"menu_order":0,"comment_status":"closed","ping_status":"open","template":"","meta":{"ngg_post_thumbnail":0,"footnotes":"","_mc_calendar":[]},"aioseo_notices":[],"_links":{"self":[{"href":"https:\/\/blogsaverroes.juntadeandalucia.es\/ceprjosenogales\/wp-json\/wp\/v2\/pages\/77"}],"collection":[{"href":"https:\/\/blogsaverroes.juntadeandalucia.es\/ceprjosenogales\/wp-json\/wp\/v2\/pages"}],"about":[{"href":"https:\/\/blogsaverroes.juntadeandalucia.es\/ceprjosenogales\/wp-json\/wp\/v2\/types\/page"}],"author":[{"embeddable":true,"href":"https:\/\/blogsaverroes.juntadeandalucia.es\/ceprjosenogales\/wp-json\/wp\/v2\/users\/1"}],"replies":[{"embeddable":true,"href":"https:\/\/blogsaverroes.juntadeandalucia.es\/ceprjosenogales\/wp-json\/wp\/v2\/comments?post=77"}],"version-history":[{"count":46,"href":"https:\/\/blogsaverroes.juntadeandalucia.es\/ceprjosenogales\/wp-json\/wp\/v2\/pages\/77\/revisions"}],"predecessor-version":[{"id":2977,"href":"https:\/\/blogsaverroes.juntadeandalucia.es\/ceprjosenogales\/wp-json\/wp\/v2\/pages\/77\/revisions\/2977"}],"wp:attachment":[{"href":"https:\/\/blogsaverroes.juntadeandalucia.es\/ceprjosenogales\/wp-json\/wp\/v2\/media?parent=77"}],"curies":[{"name":"wp","href":"https:\/\/api.w.org\/{rel}","templated":true}]}}