{"id":1547,"date":"2025-03-06T19:15:28","date_gmt":"2025-03-06T18:15:28","guid":{"rendered":"https:\/\/blogsaverroes.juntadeandalucia.es\/ceprjuanpedro\/?page_id=1547"},"modified":"2025-03-06T19:25:19","modified_gmt":"2025-03-06T18:25:19","slug":"programa-proa","status":"publish","type":"page","link":"https:\/\/blogsaverroes.juntadeandalucia.es\/ceprjuanpedro\/programa-proa\/","title":{"rendered":"Programa PROA"},"content":{"rendered":"<p style=\"text-align: justify\">El Programa PROA (Programa de Acompa\u00f1amiento Escolar) se est\u00e1 desarrollando en nuestro Centro Educativo para el alumnado de segundo y tercer ciclo.<\/p>\n<p style=\"text-align: justify\">El PROA Andaluc\u00eda es un Programa de refuerzo, orientaci\u00f3n y apoyo en los centros docentes p\u00fablicos, concebido como un conjunto de actuaciones dirigidas a mejorar el grado de adquisici\u00f3n de las competencias clave y la motivaci\u00f3n del alumnado con necesidades espec\u00edficas de apoyo educativo. Dichas acciones est\u00e1n dirigidas a evitar el riesgo de abandono temprano del Sistema Educativo y complementar las acciones encaminadas a la mejora del \u00e9xito escolar.<\/p>\n<p style=\"text-align: justify\">Con car\u00e1cter general, se dirige al alumnado escolarizado en aquellos centros p\u00fablicos dependientes de la Junta de Andaluc\u00eda que impartan las ense\u00f1anzas de Educaci\u00f3n Primaria y Educaci\u00f3n Secundaria Obligatoria. Ser\u00e1n preferentemente centros de zonas con necesidad de transformaci\u00f3n social, o que escolaricen a un n\u00famero significativo de alumnos y alumnas con necesidades espec\u00edficas de apoyo educativo por precisar acciones de car\u00e1cter compensatorio.<\/p>\n<p style=\"text-align: justify\">Los objetivos son:<\/p>\n<ol>\n<li style=\"text-align: justify\">Favorecer la inclusi\u00f3n educativa y social del alumnado que requiera t\u00e9cnicas y herramientas para un desenvolvimiento aut\u00f3nomo.<\/li>\n<li style=\"text-align: justify\">Contribuir a cumplir los objetivos del curr\u00edculo educativo de la etapa de Primaria y ESO dentro del Proyecto Educativo del centro.<\/li>\n<li style=\"text-align: justify\">Apoyar la transformaci\u00f3n social y cultural del centro escolar y de la comunidad educativa.<\/li>\n<li style=\"text-align: justify\">Establecer cauces de coordinaci\u00f3n, cooperaci\u00f3n y colaboraci\u00f3n entre todos los agentes implicados en el Sistema Educativo para prestar una respuesta integral al alumnado.<\/li>\n<\/ol>\n","protected":false},"excerpt":{"rendered":"<p>El Programa PROA (Programa de Acompa\u00f1amiento Escolar) se est\u00e1 desarrollando en nuestro Centro Educativo para el alumnado de segundo y tercer ciclo. El PROA Andaluc\u00eda es un Programa de refuerzo, orientaci\u00f3n y apoyo en los centros docentes p\u00fablicos, concebido como un conjunto de actuaciones dirigidas a mejorar el grado de adquisici\u00f3n de las competencias clave [&hellip;]<\/p>\n","protected":false},"author":19980,"featured_media":0,"parent":0,"menu_order":0,"comment_status":"closed","ping_status":"closed","template":"","meta":{"_et_pb_use_builder":"","_et_pb_old_content":"","_et_gb_content_width":"","ngg_post_thumbnail":0,"footnotes":""},"aioseo_notices":[],"_links":{"self":[{"href":"https:\/\/blogsaverroes.juntadeandalucia.es\/ceprjuanpedro\/wp-json\/wp\/v2\/pages\/1547"}],"collection":[{"href":"https:\/\/blogsaverroes.juntadeandalucia.es\/ceprjuanpedro\/wp-json\/wp\/v2\/pages"}],"about":[{"href":"https:\/\/blogsaverroes.juntadeandalucia.es\/ceprjuanpedro\/wp-json\/wp\/v2\/types\/page"}],"author":[{"embeddable":true,"href":"https:\/\/blogsaverroes.juntadeandalucia.es\/ceprjuanpedro\/wp-json\/wp\/v2\/users\/19980"}],"replies":[{"embeddable":true,"href":"https:\/\/blogsaverroes.juntadeandalucia.es\/ceprjuanpedro\/wp-json\/wp\/v2\/comments?post=1547"}],"version-history":[{"count":2,"href":"https:\/\/blogsaverroes.juntadeandalucia.es\/ceprjuanpedro\/wp-json\/wp\/v2\/pages\/1547\/revisions"}],"predecessor-version":[{"id":1550,"href":"https:\/\/blogsaverroes.juntadeandalucia.es\/ceprjuanpedro\/wp-json\/wp\/v2\/pages\/1547\/revisions\/1550"}],"wp:attachment":[{"href":"https:\/\/blogsaverroes.juntadeandalucia.es\/ceprjuanpedro\/wp-json\/wp\/v2\/media?parent=1547"}],"curies":[{"name":"wp","href":"https:\/\/api.w.org\/{rel}","templated":true}]}}