{"id":35,"date":"2015-03-13T08:21:43","date_gmt":"2015-03-13T08:21:43","guid":{"rendered":"http:\/\/blogsaverroes.juntadeandalucia.es\/pre\/ceip\/?page_id=35"},"modified":"2024-07-06T08:33:22","modified_gmt":"2024-07-06T08:33:22","slug":"el-centro-2","status":"publish","type":"page","link":"https:\/\/blogsaverroes.juntadeandalucia.es\/ceprlopedevega\/pagina-ejemplo-2\/el-centro-2\/","title":{"rendered":"Lope de Vega"},"content":{"rendered":"<h4><strong>Nuestro Centro:<\/strong><\/h4>\n<p><a href=\"https:\/\/drive.google.com\/open?id=0B9fMIbHq7W6Xb2h5S0RSUUpVV29GUXVwOHRfbHdfallleElz\"><img loading=\"lazy\" decoding=\"async\" class=\"alignnone size-medium wp-image-2389\" src=\"https:\/\/blogsaverroes.juntadeandalucia.es\/ceprlopedevega\/files\/2019\/11\/20191024_122010-1-300x225.jpg\" alt=\"cole\" width=\"300\" height=\"225\" srcset=\"https:\/\/blogsaverroes.juntadeandalucia.es\/ceprlopedevega\/files\/2019\/11\/20191024_122010-1-300x225.jpg 300w, https:\/\/blogsaverroes.juntadeandalucia.es\/ceprlopedevega\/files\/2019\/11\/20191024_122010-1-768x576.jpg 768w, https:\/\/blogsaverroes.juntadeandalucia.es\/ceprlopedevega\/files\/2019\/11\/20191024_122010-1.jpg 1024w, https:\/\/blogsaverroes.juntadeandalucia.es\/ceprlopedevega\/files\/2019\/11\/20191024_122010-1-700x525.jpg 700w, https:\/\/blogsaverroes.juntadeandalucia.es\/ceprlopedevega\/files\/2019\/11\/20191024_122010-1-24x18.jpg 24w, https:\/\/blogsaverroes.juntadeandalucia.es\/ceprlopedevega\/files\/2019\/11\/20191024_122010-1-36x27.jpg 36w, https:\/\/blogsaverroes.juntadeandalucia.es\/ceprlopedevega\/files\/2019\/11\/20191024_122010-1-48x36.jpg 48w\" sizes=\"(max-width: 300px) 100vw, 300px\" \/>&nbsp; &nbsp; <\/a><\/p>\n<p>&nbsp;<\/p>\n<p><a href=\"https:\/\/drive.google.com\/open?id=0B9fMIbHq7W6Xb2h5S0RSUUpVV29GUXVwOHRfbHdfallleElz\">&nbsp; &nbsp; &nbsp; &nbsp; &nbsp; &nbsp; &nbsp; &nbsp;LIBRO EDUCACION EN ALMONTE del&nbsp; &nbsp; &nbsp; &nbsp; &nbsp; &nbsp; &nbsp; &nbsp; &nbsp; &nbsp; &nbsp; &nbsp; &nbsp; &nbsp; &nbsp; &nbsp; &nbsp; &nbsp; &nbsp; &nbsp; &nbsp; &nbsp; &nbsp; &nbsp; &nbsp; &nbsp; &nbsp; &nbsp; &nbsp; &nbsp; &nbsp; &nbsp; &nbsp; &nbsp; &nbsp; &nbsp; &nbsp; &nbsp; &nbsp; &nbsp; &nbsp; &nbsp; &nbsp; &nbsp; &nbsp; &nbsp; &nbsp; &nbsp; &nbsp; &nbsp; &nbsp; &nbsp; &nbsp; &nbsp; Maestro D. Jos\u00e9 Lu\u00eds L\u00f3pez Pel\u00e1ez<\/a><\/p>\n<h4><strong>Horarios<\/strong><\/h4>\n<p>Estamos con atenci\u00f3n educativa de lunes a viernes de 9 h a 14 h. Y los lunes de 16h a 20h.<\/p>\n<p>En horario&nbsp; de atenci\u00f3n a familias es&nbsp; de 16h-17h los lunes.<\/p>\n<p>&nbsp;<\/p>\n<h4><strong>Oferta educativa<\/strong><\/h4>\n<p>Centro biling\u00fce.<\/p>\n<h4><span style=\"color: #008000\">INFORMACI\u00d3N PARA AUXILIARES DE CONVERSACI\u00d3N:<\/span><\/h4>\n<p><a href=\"https:\/\/blogsaverroes.juntadeandalucia.es\/ceprlopedevega\/files\/2022\/07\/Ficha-de-Informaci\u00f3n-para-Auxiliares-de-Conversaci\u00f3n.pdf\">Ficha de Informaci\u00f3n para Auxiliares de Conversaci\u00f3n<\/a><\/p>\n<p>&nbsp;<\/p>\n","protected":false},"excerpt":{"rendered":"<p>Nuestro Centro: &nbsp; &nbsp; &nbsp; &nbsp; &nbsp; &nbsp; &nbsp; &nbsp; &nbsp; &nbsp; &nbsp;LIBRO EDUCACION EN ALMONTE del&nbsp; &nbsp; &nbsp; &nbsp; &nbsp; &nbsp; &nbsp; &nbsp; &nbsp; &nbsp; &nbsp; &nbsp; &nbsp; &nbsp; &nbsp; &nbsp; &nbsp; &nbsp;&#46;&#46;&#46;<\/p>\n","protected":false},"author":1,"featured_media":0,"parent":1113,"menu_order":0,"comment_status":"closed","ping_status":"closed","template":"","meta":{"ngg_post_thumbnail":0,"footnotes":"","_mc_calendar":[]},"aioseo_notices":[],"_links":{"self":[{"href":"https:\/\/blogsaverroes.juntadeandalucia.es\/ceprlopedevega\/wp-json\/wp\/v2\/pages\/35"}],"collection":[{"href":"https:\/\/blogsaverroes.juntadeandalucia.es\/ceprlopedevega\/wp-json\/wp\/v2\/pages"}],"about":[{"href":"https:\/\/blogsaverroes.juntadeandalucia.es\/ceprlopedevega\/wp-json\/wp\/v2\/types\/page"}],"author":[{"embeddable":true,"href":"https:\/\/blogsaverroes.juntadeandalucia.es\/ceprlopedevega\/wp-json\/wp\/v2\/users\/1"}],"replies":[{"embeddable":true,"href":"https:\/\/blogsaverroes.juntadeandalucia.es\/ceprlopedevega\/wp-json\/wp\/v2\/comments?post=35"}],"version-history":[{"count":18,"href":"https:\/\/blogsaverroes.juntadeandalucia.es\/ceprlopedevega\/wp-json\/wp\/v2\/pages\/35\/revisions"}],"predecessor-version":[{"id":2712,"href":"https:\/\/blogsaverroes.juntadeandalucia.es\/ceprlopedevega\/wp-json\/wp\/v2\/pages\/35\/revisions\/2712"}],"up":[{"embeddable":true,"href":"https:\/\/blogsaverroes.juntadeandalucia.es\/ceprlopedevega\/wp-json\/wp\/v2\/pages\/1113"}],"wp:attachment":[{"href":"https:\/\/blogsaverroes.juntadeandalucia.es\/ceprlopedevega\/wp-json\/wp\/v2\/media?parent=35"}],"curies":[{"name":"wp","href":"https:\/\/api.w.org\/{rel}","templated":true}]}}