{"id":869,"date":"2015-03-16T07:03:52","date_gmt":"2015-03-16T07:03:52","guid":{"rendered":"http:\/\/blogsaverroes.juntadeandalucia.es\/pre\/ceip\/?page_id=84"},"modified":"2024-07-06T08:26:46","modified_gmt":"2024-07-06T08:26:46","slug":"calendario-escolar","status":"publish","type":"page","link":"https:\/\/blogsaverroes.juntadeandalucia.es\/ceprlopedevega\/calendario-escolar\/","title":{"rendered":"Calendario escolar"},"content":{"rendered":"<p style=\"text-align: left\"><strong>CALENDARIO ESCOLAR CURSO 2024-2025<\/strong><\/p>\n<table style=\"width: 54.2947%;height: 343px\">\n<tbody>\n<tr style=\"height: 16px;background-color: #f2e03d\">\n<td style=\"width: 31.7719%;height: 10px\"><span style=\"color: #000000\"><b>PRIMER TRIMESTRE<\/b><\/span><\/td>\n<td style=\"width: 53.4681%;height: 10px\"><span style=\"color: #000000\"><b>Del Mi\u00e9rcoles 10\/09\/202 al Viernes 20\/12\/2024<\/b><\/span><\/td>\n<\/tr>\n<tr style=\"height: 71px\">\n<td style=\"width: 31.7719%;height: 71px\"><span style=\"color: #ff0000\"><b>FESTIVOS<\/b><\/span><\/td>\n<td style=\"width: 53.4681%;height: 71px\"><span style=\"font-weight: 400;color: #000000\">Viernes 1 noviembre (Todos los Santos)<\/span><\/p>\n<p><span style=\"font-weight: 400;color: #000000\">Viernes 6 diciembre (D\u00eda de la Constituci\u00f3n)<\/span><\/p>\n<p><span style=\"font-weight: 400;color: #000000\">Lunes 9 Diciembre (Di\u00e1 de Inmaculada Concepci\u00f3n )<\/span><\/td>\n<\/tr>\n<tr style=\"height: 38px\">\n<td style=\"width: 31.7719%;height: 38px\"><b>VACACIONES DE NAVIDAD<\/b><\/td>\n<td style=\"width: 53.4681%;height: 38px\"><span style=\"font-weight: 400;color: #000000\">Del 21 de diciembre 2024&nbsp; al 7 de enero 2025 (ambos inclusive)<\/span><\/td>\n<\/tr>\n<tr style=\"height: 10px;background-color: #f2e03d\">\n<td style=\"width: 31.7719%;height: 10px\"><span style=\"color: #000000\"><b>SEGUNDO TRIMESTRE<\/b><\/span><\/td>\n<td style=\"width: 53.4681%;height: 10px\"><span style=\"color: #000000\"><b>Del mi\u00e9rcoles 8\/01\/2025 al Viernes 11\/04\/2025<\/b><\/span><\/td>\n<\/tr>\n<tr style=\"height: 96px\">\n<td style=\"width: 31.7719%;height: 96px\"><span style=\"color: #ff0000\"><b>FESTIVOS<\/b><\/span><\/td>\n<td style=\"width: 53.4681%;height: 96px\"><span style=\"font-weight: 400;color: #000000\">Viernes 28 febrero (D\u00eda de Andaluc\u00eda)<\/span><\/p>\n<p><span style=\"font-weight: 400;color: #000000\">Lunes 3 marzo (D\u00eda de la Comunidad Educativa)<\/span><\/td>\n<\/tr>\n<tr style=\"height: 56px\">\n<td style=\"width: 31.7719%;height: 26px\"><b>VACACIONES SEMANA SANTA<\/b><\/td>\n<td style=\"width: 53.4681%;height: 26px\"><span style=\"font-weight: 400;color: #000000\">Del 12 al 20 de abril de 2025 (ambos inclusive)<\/span><\/td>\n<\/tr>\n<tr style=\"height: 96px;background-color: #f2e03d\">\n<td style=\"width: 31.7719%;height: 10px\"><span style=\"color: #000000\"><b>TERCER TRIMESTRE<\/b><\/span><\/td>\n<td style=\"width: 53.4681%;height: 10px\"><span style=\"color: #000000\"><b>Del Lunes 21\/04\/2025 al Lunes 23\/06\/2025<\/b><\/span><\/td>\n<\/tr>\n<tr style=\"height: 96px\">\n<td style=\"width: 31.7719%;height: 53px\"><span style=\"color: #000000\"><b>FESTIVOS<\/b><\/span><\/td>\n<td style=\"width: 53.4681%;height: 53px\"><span style=\"font-weight: 400;color: #000000\">Jueves 1 mayo (Fiesta del trabajo)<\/span><\/p>\n<p><span style=\"font-weight: 400;color: #000000\">del 4 al 9 de junio (Romer\u00eda del Roc\u00edo 2024)<\/span><\/td>\n<\/tr>\n<tr style=\"height: 56px\">\n<td style=\"width: 31.7719%;height: 29px\"><span style=\"color: #ff6600\"><b>LUNES 23 JUNIO 2025<\/b><\/span><\/td>\n<td style=\"width: 53.4681%;height: 29px\"><span style=\"color: #ff6600\"><b>\u00daLTIMO D\u00cdA DE CLASES<\/b><\/span><\/td>\n<\/tr>\n<\/tbody>\n<\/table>\n<p><a href=\"https:\/\/drive.google.com\/file\/d\/1JQiBMBPiHrkziIPYunui8kTZ4o-M1Ytd\/view?usp=sharing\" target=\"_blank\" rel=\"noopener\">Calendario Escolar 2024-2025(pdf)<\/a><\/p>\n<p>&nbsp;<\/p>\n<p>&nbsp;<\/p>\n<h4 style=\"text-align: center\">&nbsp;<\/h4>\n<p style=\"text-align: center\">&nbsp;<\/p>\n","protected":false},"excerpt":{"rendered":"<p>CALENDARIO ESCOLAR CURSO 2024-2025 PRIMER TRIMESTRE Del Mi\u00e9rcoles 10\/09\/202 al Viernes 20\/12\/2024 FESTIVOS Viernes 1 noviembre (Todos los Santos) Viernes 6 diciembre (D\u00eda de la Constituci\u00f3n) Lunes 9 Diciembre (Di\u00e1 de Inmaculada Concepci\u00f3n )&#46;&#46;&#46;<\/p>\n","protected":false},"author":1,"featured_media":0,"parent":0,"menu_order":0,"comment_status":"closed","ping_status":"open","template":"","meta":{"ngg_post_thumbnail":0,"footnotes":"","_mc_calendar":{"weekends":"true","shortcode":"[my_calendar weekends=&quot;true&quot;]","append":""}},"aioseo_notices":[],"_links":{"self":[{"href":"https:\/\/blogsaverroes.juntadeandalucia.es\/ceprlopedevega\/wp-json\/wp\/v2\/pages\/869"}],"collection":[{"href":"https:\/\/blogsaverroes.juntadeandalucia.es\/ceprlopedevega\/wp-json\/wp\/v2\/pages"}],"about":[{"href":"https:\/\/blogsaverroes.juntadeandalucia.es\/ceprlopedevega\/wp-json\/wp\/v2\/types\/page"}],"author":[{"embeddable":true,"href":"https:\/\/blogsaverroes.juntadeandalucia.es\/ceprlopedevega\/wp-json\/wp\/v2\/users\/1"}],"replies":[{"embeddable":true,"href":"https:\/\/blogsaverroes.juntadeandalucia.es\/ceprlopedevega\/wp-json\/wp\/v2\/comments?post=869"}],"version-history":[{"count":11,"href":"https:\/\/blogsaverroes.juntadeandalucia.es\/ceprlopedevega\/wp-json\/wp\/v2\/pages\/869\/revisions"}],"predecessor-version":[{"id":2708,"href":"https:\/\/blogsaverroes.juntadeandalucia.es\/ceprlopedevega\/wp-json\/wp\/v2\/pages\/869\/revisions\/2708"}],"wp:attachment":[{"href":"https:\/\/blogsaverroes.juntadeandalucia.es\/ceprlopedevega\/wp-json\/wp\/v2\/media?parent=869"}],"curies":[{"name":"wp","href":"https:\/\/api.w.org\/{rel}","templated":true}]}}