{"id":176,"date":"2015-03-17T07:56:30","date_gmt":"2015-03-17T07:56:30","guid":{"rendered":"http:\/\/blogsaverroes.juntadeandalucia.es\/pre\/ceip\/?page_id=176"},"modified":"2025-12-28T09:31:42","modified_gmt":"2025-12-28T09:31:42","slug":"plan-de-introduccion-de-las-tic","status":"publish","type":"page","link":"https:\/\/blogsaverroes.juntadeandalucia.es\/ceprpadremendez\/planes-y-proyectos\/plan-de-introduccion-de-las-tic\/","title":{"rendered":"Transformaci\u00f3n Digital Educativa (TDE)"},"content":{"rendered":"<p style=\"text-align: center\"><a href=\"https:\/\/blogsaverroes.juntadeandalucia.es\/ceprpadremendez\/files\/2025\/12\/Plan-de-Actuacion-Digital-25-26.pdf\">Plan de Actuaci\u00f3n Digital 25-26<\/a><\/p>\n<p style=\"text-align: center\"><a href=\"https:\/\/blogsaverroes.juntadeandalucia.es\/ceprpadremendez\/files\/2024\/11\/Plan-de-actuacion-digital-2024-25.pdf\">Plan de actuaci\u00f3n digital 2024-25<\/a><\/p>\n<p style=\"text-align: center\"><a href=\"https:\/\/blogsaverroes.juntadeandalucia.es\/ceprpadremendez\/files\/2022\/11\/Plan-de-Actuaci\u00f3n-digital-22-23.pdf\">Plan de Actuaci\u00f3n digital 22-23<\/a><\/p>\n<p style=\"text-align: center\"><a href=\"https:\/\/blogsaverroes.juntadeandalucia.es\/ceprpadremendez\/files\/2021\/12\/Guia-uso-equipos.pdf\">Guia uso equipos<\/a><\/p>\n<p style=\"text-align: center\"><a href=\"https:\/\/blogsaverroes.juntadeandalucia.es\/ceprpadremendez\/files\/2021\/12\/Plan-de-Actuaci\u00f3n-Digital-21-22.pdf\">Plan de Actuaci\u00f3n Digital 21-22<\/a><\/p>\n<p style=\"text-align: center\"><a href=\"https:\/\/blogsaverroes.juntadeandalucia.es\/ceprpadremendez\/files\/2020\/11\/Informe_del_Plan_de_Actuacion_Digital.pdf\">PLAN DE ACTUACI\u00d3N DIGITAL 20-21 <\/a><\/p>\n<p style=\"text-align: center\"><a href=\"https:\/\/blogsaverroes.juntadeandalucia.es\/ceprpadremendez\/files\/2015\/03\/PLAN-DE-INTRODUCCI\u00d3N-DE-LAS-TIC.pdf\">PLAN DE INTRODUCCI\u00d3N DE LAS TIC 19-20<\/a><\/p>\n<p><a href=\"https:\/\/blogsaverroes.juntadeandalucia.es\/ceprpadremendez\/files\/2015\/03\/PLAN-DE-INTRODUCCI%C3%93N-DE-LAS-TIC.pdf\"><img loading=\"lazy\" decoding=\"async\" class=\"aligncenter size-medium wp-image-2628\" src=\"https:\/\/blogsaverroes.juntadeandalucia.es\/ceprpadremendez\/files\/2015\/03\/Tic-169x300.jpeg\" alt=\"\" width=\"169\" height=\"300\" srcset=\"https:\/\/blogsaverroes.juntadeandalucia.es\/ceprpadremendez\/files\/2015\/03\/Tic-169x300.jpeg 169w, https:\/\/blogsaverroes.juntadeandalucia.es\/ceprpadremendez\/files\/2015\/03\/Tic-768x1365.jpeg 768w, https:\/\/blogsaverroes.juntadeandalucia.es\/ceprpadremendez\/files\/2015\/03\/Tic-576x1024.jpeg 576w, https:\/\/blogsaverroes.juntadeandalucia.es\/ceprpadremendez\/files\/2015\/03\/Tic-14x24.jpeg 14w, https:\/\/blogsaverroes.juntadeandalucia.es\/ceprpadremendez\/files\/2015\/03\/Tic-20x36.jpeg 20w, https:\/\/blogsaverroes.juntadeandalucia.es\/ceprpadremendez\/files\/2015\/03\/Tic-27x48.jpeg 27w, https:\/\/blogsaverroes.juntadeandalucia.es\/ceprpadremendez\/files\/2015\/03\/Tic.jpeg 900w\" sizes=\"(max-width: 169px) 100vw, 169px\" \/><\/a><\/p>\n","protected":false},"excerpt":{"rendered":"<p>Plan de Actuaci\u00f3n Digital 25-26 Plan de actuaci\u00f3n digital 2024-25 Plan de Actuaci\u00f3n digital 22-23 Guia uso equipos Plan de Actuaci\u00f3n Digital 21-22 PLAN DE ACTUACI\u00d3N DIGITAL 20-21 PLAN DE INTRODUCCI\u00d3N DE LAS TIC&#46;&#46;&#46;<\/p>\n","protected":false},"author":1,"featured_media":0,"parent":44,"menu_order":0,"comment_status":"closed","ping_status":"open","template":"","meta":{"ngg_post_thumbnail":0,"footnotes":"","_mc_calendar":[]},"aioseo_notices":[],"_links":{"self":[{"href":"https:\/\/blogsaverroes.juntadeandalucia.es\/ceprpadremendez\/wp-json\/wp\/v2\/pages\/176"}],"collection":[{"href":"https:\/\/blogsaverroes.juntadeandalucia.es\/ceprpadremendez\/wp-json\/wp\/v2\/pages"}],"about":[{"href":"https:\/\/blogsaverroes.juntadeandalucia.es\/ceprpadremendez\/wp-json\/wp\/v2\/types\/page"}],"author":[{"embeddable":true,"href":"https:\/\/blogsaverroes.juntadeandalucia.es\/ceprpadremendez\/wp-json\/wp\/v2\/users\/1"}],"replies":[{"embeddable":true,"href":"https:\/\/blogsaverroes.juntadeandalucia.es\/ceprpadremendez\/wp-json\/wp\/v2\/comments?post=176"}],"version-history":[{"count":15,"href":"https:\/\/blogsaverroes.juntadeandalucia.es\/ceprpadremendez\/wp-json\/wp\/v2\/pages\/176\/revisions"}],"predecessor-version":[{"id":5096,"href":"https:\/\/blogsaverroes.juntadeandalucia.es\/ceprpadremendez\/wp-json\/wp\/v2\/pages\/176\/revisions\/5096"}],"up":[{"embeddable":true,"href":"https:\/\/blogsaverroes.juntadeandalucia.es\/ceprpadremendez\/wp-json\/wp\/v2\/pages\/44"}],"wp:attachment":[{"href":"https:\/\/blogsaverroes.juntadeandalucia.es\/ceprpadremendez\/wp-json\/wp\/v2\/media?parent=176"}],"curies":[{"name":"wp","href":"https:\/\/api.w.org\/{rel}","templated":true}]}}

Transformación Digital Educativa (TDE)

<p style="text-align: center"><a href="https://blogsaverroes.juntadeandalucia.es/ceprpadremendez/files/2025/12/Plan-de-Actuacion-Digital-25-26.pdf">Plan de Actuación Digital 25-26</a></p>
<p style="text-align: center"><a href="https://blogsaverroes.juntadeandalucia.es/ceprpadremendez/files/2024/11/Plan-de-actuacion-digital-2024-25.pdf">Plan de actuación digital 2024-25</a></p>
<p style="text-align: center"><a href="https://blogsaverroes.juntadeandalucia.es/ceprpadremendez/files/2022/11/Plan-de-Actuación-digital-22-23.pdf">Plan de Actuación digital 22-23</a></p>
<p style="text-align: center"><a href="https://blogsaverroes.juntadeandalucia.es/ceprpadremendez/files/2021/12/Guia-uso-equipos.pdf">Guia uso equipos</a></p>
<p style="text-align: center"><a href="https://blogsaverroes.juntadeandalucia.es/ceprpadremendez/files/2021/12/Plan-de-Actuación-Digital-21-22.pdf">Plan de Actuación Digital 21-22</a></p>
<p style="text-align: center"><a href="https://blogsaverroes.juntadeandalucia.es/ceprpadremendez/files/2020/11/Informe_del_Plan_de_Actuacion_Digital.pdf">PLAN DE ACTUACIÓN DIGITAL 20-21 </a></p>
<p style="text-align: center"><a href="https://blogsaverroes.juntadeandalucia.es/ceprpadremendez/files/2015/03/PLAN-DE-INTRODUCCIÓN-DE-LAS-TIC.pdf">PLAN DE INTRODUCCIÓN DE LAS TIC 19-20</a></p>
<p><a href="https://blogsaverroes.juntadeandalucia.es/ceprpadremendez/files/2015/03/PLAN-DE-INTRODUCCI%C3%93N-DE-LAS-TIC.pdf"><img loading="lazy" decoding="async" class="aligncenter size-medium wp-image-2628" src="https://blogsaverroes.juntadeandalucia.es/ceprpadremendez/files/2015/03/Tic-169x300.jpeg" alt="" width="169" height="300" srcset="https://blogsaverroes.juntadeandalucia.es/ceprpadremendez/files/2015/03/Tic-169x300.jpeg 169w, https://blogsaverroes.juntadeandalucia.es/ceprpadremendez/files/2015/03/Tic-768x1365.jpeg 768w, https://blogsaverroes.juntadeandalucia.es/ceprpadremendez/files/2015/03/Tic-576x1024.jpeg 576w, https://blogsaverroes.juntadeandalucia.es/ceprpadremendez/files/2015/03/Tic-14x24.jpeg 14w, https://blogsaverroes.juntadeandalucia.es/ceprpadremendez/files/2015/03/Tic-20x36.jpeg 20w, https://blogsaverroes.juntadeandalucia.es/ceprpadremendez/files/2015/03/Tic-27x48.jpeg 27w, https://blogsaverroes.juntadeandalucia.es/ceprpadremendez/files/2015/03/Tic.jpeg 900w" sizes="(max-width: 169px) 100vw, 169px" /></a></p>

<p>Plan de Actuación Digital 25-26 Plan de actuación digital 2024-25 Plan de Actuación digital 22-23 Guia uso equipos Plan de Actuación Digital 21-22 PLAN DE ACTUACIÓN DIGITAL 20-21 PLAN DE INTRODUCCIÓN DE LAS TIC&#46;&#46;&#46;</p>
