{"id":3946,"date":"2021-04-22T11:00:16","date_gmt":"2021-04-22T11:00:16","guid":{"rendered":"https:\/\/blogsaverroes.juntadeandalucia.es\/ceprpadremendez\/?page_id=3946"},"modified":"2021-04-22T11:04:49","modified_gmt":"2021-04-22T11:04:49","slug":"autorizacion-bilingue","status":"publish","type":"page","link":"https:\/\/blogsaverroes.juntadeandalucia.es\/ceprpadremendez\/autorizacion-bilingue\/","title":{"rendered":"Autorizaci\u00f3n Biling\u00fce"},"content":{"rendered":"<p>Estimadas familias.<\/p>\n<p>El pasado 30 de marzo fue&nbsp; publicada en BOJA la Orden de 16 de marzo de 2021, por la que se autorizan nuevos centros biling\u00fces para el curso 2021\/2022.&nbsp;En el listado del Anexo I est\u00e1 incluido, como era de esperar, el CEPR Padre M\u00e9ndez. Despu\u00e9s de varios a\u00f1os intent\u00e1ndolo, este curso se dan las condiciones para su implantaci\u00f3n y una vez publicado en BOJA les informamos de algunos aspectos&nbsp;relevantes.<\/p>\n<p>La aplicaci\u00f3n ser\u00e1 progresiva comenzando el curso 21-22 con primero de primaria, eso significa que el alumnado que se encuentra en este momento matriculado no se beneficiar\u00eda de este proyecto. En a\u00f1os sucesivos si implantar\u00e1 un nuevo nivel hasta que pasados 6 a\u00f1os se finalice el proceso.<\/p>\n<p>En lo que queda de curso y tras la asistencia a las reuniones sobre el proyecto biling\u00fce&nbsp; &nbsp;se decidir\u00e1 el arquetipo que mejor se ajuste a nuestro colegio teniendo en cuenta su continuidad en el I.E.S Bah\u00eda de Almer\u00eda.<\/p>\n","protected":false},"excerpt":{"rendered":"<p>Estimadas familias. El pasado 30 de marzo fue&nbsp; publicada en BOJA la Orden de 16 de marzo de 2021, por la que se autorizan nuevos centros biling\u00fces para el curso 2021\/2022.&nbsp;En el listado del&#46;&#46;&#46;<\/p>\n","protected":false},"author":6676,"featured_media":0,"parent":0,"menu_order":0,"comment_status":"closed","ping_status":"closed","template":"","meta":{"ngg_post_thumbnail":0,"footnotes":"","_mc_calendar":[]},"aioseo_notices":[],"_links":{"self":[{"href":"https:\/\/blogsaverroes.juntadeandalucia.es\/ceprpadremendez\/wp-json\/wp\/v2\/pages\/3946"}],"collection":[{"href":"https:\/\/blogsaverroes.juntadeandalucia.es\/ceprpadremendez\/wp-json\/wp\/v2\/pages"}],"about":[{"href":"https:\/\/blogsaverroes.juntadeandalucia.es\/ceprpadremendez\/wp-json\/wp\/v2\/types\/page"}],"author":[{"embeddable":true,"href":"https:\/\/blogsaverroes.juntadeandalucia.es\/ceprpadremendez\/wp-json\/wp\/v2\/users\/6676"}],"replies":[{"embeddable":true,"href":"https:\/\/blogsaverroes.juntadeandalucia.es\/ceprpadremendez\/wp-json\/wp\/v2\/comments?post=3946"}],"version-history":[{"count":3,"href":"https:\/\/blogsaverroes.juntadeandalucia.es\/ceprpadremendez\/wp-json\/wp\/v2\/pages\/3946\/revisions"}],"predecessor-version":[{"id":3950,"href":"https:\/\/blogsaverroes.juntadeandalucia.es\/ceprpadremendez\/wp-json\/wp\/v2\/pages\/3946\/revisions\/3950"}],"wp:attachment":[{"href":"https:\/\/blogsaverroes.juntadeandalucia.es\/ceprpadremendez\/wp-json\/wp\/v2\/media?parent=3946"}],"curies":[{"name":"wp","href":"https:\/\/api.w.org\/{rel}","templated":true}]}}

Autorización Bilingüe

<p>Estimadas familias.</p>
<p>El pasado 30 de marzo fue&nbsp; publicada en BOJA la Orden de 16 de marzo de 2021, por la que se autorizan nuevos centros bilingües para el curso 2021/2022.&nbsp;En el listado del Anexo I está incluido, como era de esperar, el CEPR Padre Méndez. Después de varios años intentándolo, este curso se dan las condiciones para su implantación y una vez publicado en BOJA les informamos de algunos aspectos&nbsp;relevantes.</p>
<p>La aplicación será progresiva comenzando el curso 21-22 con primero de primaria, eso significa que el alumnado que se encuentra en este momento matriculado no se beneficiaría de este proyecto. En años sucesivos si implantará un nuevo nivel hasta que pasados 6 años se finalice el proceso.</p>
<p>En lo que queda de curso y tras la asistencia a las reuniones sobre el proyecto bilingüe&nbsp; &nbsp;se decidirá el arquetipo que mejor se ajuste a nuestro colegio teniendo en cuenta su continuidad en el I.E.S Bahía de Almería.</p>

<p>Estimadas familias. El pasado 30 de marzo fue&nbsp; publicada en BOJA la Orden de 16 de marzo de 2021, por la que se autorizan nuevos centros bilingües para el curso 2021/2022.&nbsp;En el listado del&#46;&#46;&#46;</p>
