{"id":174,"date":"2022-01-30T17:06:28","date_gmt":"2022-01-30T17:06:28","guid":{"rendered":"https:\/\/blogsaverroes.juntadeandalucia.es\/ceprsanpascualbailon\/?page_id=174"},"modified":"2026-01-22T18:54:51","modified_gmt":"2026-01-22T18:54:51","slug":"planes-y-proyectos","status":"publish","type":"page","link":"https:\/\/blogsaverroes.juntadeandalucia.es\/ceprsanpascualbailon\/planes-y-proyectos\/","title":{"rendered":"Planes y Proyectos"},"content":{"rendered":"<ol>\n<li>BIBLIOTECAS ESCOLARES.<\/li>\n<li>BIENESTAR EMOCIONAL.<\/li>\n<li>PLAN DE APERTURA DE CENTRO.<\/li>\n<li>PLAN DE IGUALDAD DE G\u00c9NERO EN EDUCACI\u00d3N EN ANDALUC\u00cdA.<\/li>\n<li>PLANES DE COMPENSACI\u00d3N EDUCATIVA.<\/li>\n<li>TDE (PLAN DE ACTUACI\u00d3N DIGITAL-C\u00d3DIGO ESCUELA 4.0).<\/li>\n<li>PROGRAMA F\u00c9NIX ANDALUC\u00cdA.<\/li>\n<li>RED ANDALUZA: ESCUELA \u00abESPACIO DE PAZ\u00bb.<\/li>\n<li>PROGRAMA INVESTIGA Y DESCUBRE.<\/li>\n<li>M\u00c1S EQUIDAD.<\/li>\n<li>PROA + \u00abTRANSF\u00d3RMATE\u00bb<\/li>\n<li>PROA: ACOMPA\u00d1AMIENTO ESCOLAR.<\/li>\n<li>PREX.<\/li>\n<li>PROGRAMA DE ATENCI\u00d3N SOCIOEDUCATIVA ZTS.<\/li>\n<li>PLAN DE COOPERACI\u00d3N TERRITORIAL EN REFUERZO DE LA COMPETENCIA LECTORA.<\/li>\n<li>PLAN DE COOPERACI\u00d3N TERRITORIAL EN REFUERZO DE LA COMPETENCIA MATEM\u00c1TICA.<\/li>\n<\/ol>\n","protected":false},"excerpt":{"rendered":"<p>BIBLIOTECAS ESCOLARES. BIENESTAR EMOCIONAL. PLAN DE APERTURA DE CENTRO. PLAN DE IGUALDAD DE G\u00c9NERO EN EDUCACI\u00d3N EN ANDALUC\u00cdA. PLANES DE COMPENSACI\u00d3N EDUCATIVA. TDE (PLAN DE ACTUACI\u00d3N DIGITAL-C\u00d3DIGO ESCUELA 4.0). PROGRAMA F\u00c9NIX ANDALUC\u00cdA. RED ANDALUZA:&#46;&#46;&#46;<\/p>\n","protected":false},"author":6477,"featured_media":0,"parent":0,"menu_order":0,"comment_status":"closed","ping_status":"closed","template":"","meta":{"ngg_post_thumbnail":0,"footnotes":""},"aioseo_notices":[],"_links":{"self":[{"href":"https:\/\/blogsaverroes.juntadeandalucia.es\/ceprsanpascualbailon\/wp-json\/wp\/v2\/pages\/174"}],"collection":[{"href":"https:\/\/blogsaverroes.juntadeandalucia.es\/ceprsanpascualbailon\/wp-json\/wp\/v2\/pages"}],"about":[{"href":"https:\/\/blogsaverroes.juntadeandalucia.es\/ceprsanpascualbailon\/wp-json\/wp\/v2\/types\/page"}],"author":[{"embeddable":true,"href":"https:\/\/blogsaverroes.juntadeandalucia.es\/ceprsanpascualbailon\/wp-json\/wp\/v2\/users\/6477"}],"replies":[{"embeddable":true,"href":"https:\/\/blogsaverroes.juntadeandalucia.es\/ceprsanpascualbailon\/wp-json\/wp\/v2\/comments?post=174"}],"version-history":[{"count":9,"href":"https:\/\/blogsaverroes.juntadeandalucia.es\/ceprsanpascualbailon\/wp-json\/wp\/v2\/pages\/174\/revisions"}],"predecessor-version":[{"id":3416,"href":"https:\/\/blogsaverroes.juntadeandalucia.es\/ceprsanpascualbailon\/wp-json\/wp\/v2\/pages\/174\/revisions\/3416"}],"wp:attachment":[{"href":"https:\/\/blogsaverroes.juntadeandalucia.es\/ceprsanpascualbailon\/wp-json\/wp\/v2\/media?parent=174"}],"curies":[{"name":"wp","href":"https:\/\/api.w.org\/{rel}","templated":true}]}}