{"id":2170,"date":"2016-02-10T18:25:23","date_gmt":"2016-02-10T18:25:23","guid":{"rendered":"http:\/\/blogsaverroes.juntadeandalucia.es\/ceprtomasiglesiasperez\/?page_id=2170"},"modified":"2018-02-09T09:54:29","modified_gmt":"2018-02-09T09:54:29","slug":"plan-de-apertura","status":"publish","type":"page","link":"https:\/\/blogsaverroes.juntadeandalucia.es\/ceprtomasiglesiasperez\/plan-de-apertura\/","title":{"rendered":"Plan de Apertura"},"content":{"rendered":"<p><span style=\"color: #800080\"><strong> HORARIO PROVISIONAL DE ACTIVIDADES CURSO 2015\/2015 <\/strong><\/span><\/p>\n<p style=\"text-align: center\"><sup>Pinchando sobre cada actividad se accede al grupo de alumnos que lo integran<\/sup><\/p>\n<table border=\"0\" width=\"516\">\n<tbody>\n<tr>\n<td>&nbsp;<\/td>\n<td style=\"text-align: center;background-color: #b7c1c2\">LUNES<\/td>\n<td style=\"text-align: center;background-color: #b7c1c2\">MARTES<\/td>\n<td style=\"text-align: center;background-color: #b7c1c2\">MI\u00c9RCOLES<\/td>\n<td style=\"text-align: center;background-color: #b7c1c2\">JUEVES<\/td>\n<\/tr>\n<tr>\n<td style=\"background-color: #b7c1c2\">De 16:00 a 17:00<\/td>\n<td style=\"text-align: center;background-color: #9ad49f\">Ingl\u00e9s III<\/p>\n<p>Pintura I<\/td>\n<td style=\"text-align: center;background-color: #d1de91\">Ingl\u00e9s I<\/td>\n<td style=\"text-align: center;background-color: #9ad49f\">Ingl\u00e9s III<\/p>\n<p>Pintura I<\/td>\n<td style=\"text-align: center;background-color: #d1de91\">Ingl\u00e9s I<\/td>\n<\/tr>\n<tr>\n<td style=\"background-color: #b7c1c2\">De 17:00 a 18:00<\/td>\n<td style=\"text-align: center;background-color: #b5e2e1\">Pintura II<\/p>\n<p>Inform\u00e1tica<\/td>\n<td style=\"text-align: center;background-color: #dfa4b6\">Ingl\u00e9s II<\/td>\n<td style=\"text-align: center;background-color: #b5e2e1\">Pintura II<\/p>\n<p>Inform\u00e1tica<\/td>\n<td style=\"text-align: center;background-color: #dfa4b6\">Ingl\u00e9s II<\/td>\n<\/tr>\n<\/tbody>\n<\/table>\n<p><span style=\"font-size: 10pt\">&nbsp;<\/span><\/p>\n<table class=\"textobold\" style=\"height: 77px;text-align: left\" border=\"0\" width=\"498\">\n<tbody>\n<tr style=\"background-color: #84cfd1\">\n<td>\n<h3><strong><span style=\"color: #800080\">Servicios<\/span><\/strong><\/h3>\n<\/td>\n<td>\n<h3><strong><span style=\"color: #800080\">Horario<\/span><\/strong><\/h3>\n<\/td>\n<td>\n<h3><strong><span style=\"color: #800080\">Precio<\/span><\/strong><\/h3>\n<\/td>\n<\/tr>\n<tr>\n<td><strong><span style=\"color: #008000\">Aula Matinal<\/span><\/strong><\/td>\n<td><span style=\"color: #888888\">07:30 &#8211; 09:00<\/span><\/td>\n<td><span style=\"color: #888888\">1,18 \u20ac por d\u00eda aislado<\/span><\/td>\n<\/tr>\n<tr>\n<td>&nbsp;<\/td>\n<td>&nbsp;<\/td>\n<td><span style=\"color: #888888\">15,40 \u20ac mes completo<\/span><\/td>\n<\/tr>\n<tr>\n<td><strong><span style=\"color: #008000\">Comedor<\/span><\/strong><\/td>\n<td><span style=\"color: #888888\">14:00 -16:00<\/span><\/td>\n<td><span style=\"color: #888888\">4,50 \u20ac men\u00fa diario <\/span><\/td>\n<\/tr>\n<tr>\n<td><strong><span style=\"color: #008000\">Actividades Extraescolares<\/span><\/strong><\/td>\n<td><span style=\"color: #888888\">16:00 &#8211; 18:00<\/span><\/td>\n<td><span style=\"color: #888888\">15,40 al mes<\/span><\/td>\n<\/tr>\n<\/tbody>\n<\/table>\n<p><span style=\"font-size: 10pt\">Las Actividades Extraescolares se desarrollan desde el mes de octubre hasta el mes de mayo, ambos incluidos.<\/span><\/p>\n<p style=\"text-align: justify\"><span style=\"font-size: 10pt\">Las actividades extraescolares, en el presente curso son: <strong>Inform\u00e1tica<\/strong>, <strong>Pintura<\/strong>,<strong> Ingl\u00e9s<\/strong> y <strong>Apoyo Escolar<\/strong>. Estas actividades, pueden complementarse con otras siempre que exista un m\u00ednimo de 10 solicitantes que as\u00ed lo demanden.<\/span><\/p>\n<p style=\"text-align: justify\"><span style=\"font-size: 10pt\">Los precios de los distintos servicios est\u00e1n sujetos a bonificaciones que aplique la Junta de Andaluc\u00eda. Este curso la Junta de Andaluc\u00eda bonifica el comedor, el aula matinal y una actividad extraescolar.<\/span><\/p>\n<p style=\"text-align: justify\"><span style=\"font-size: 10pt\">Para acceder a estos servicios es preciso presentar en Secretar\u00eda el impreso de solicitud. De igual manera, cuando el alumno deje de usar algunos de estos servicios, debe entregar el documento de baja correspondiente.<\/span><\/p>\n<table class=\"textobold\" style=\"height: 255px;text-align: left\" border=\"0\" width=\"899\">\n<tbody>\n<tr>\n<td style=\"text-align: center\"><strong><a title=\"http:\/\/redcentros.ced.junta-andalucia.es\/centros-tic\/11001324\/helvia\/sitio\/upload\/Solicitud_Actividades.pdf\" href=\"http:\/\/redcentros.ced.junta-andalucia.es\/centros-tic\/11001324\/helvia\/sitio\/upload\/Solicitud_Actividades.pdf\"><span style=\"color: #008000\">Impreso de solicitud: aula matinal, comedor y actividades complementarias<\/span><\/a><\/strong><\/td>\n<\/tr>\n<tr>\n<td style=\"text-align: center\"><strong><a title=\"http:\/\/redcentros.ced.junta-andalucia.es\/centros-tic\/11001324\/helvia\/sitio\/upload\/Solicitud_Bonificacion.pdf\" href=\"http:\/\/redcentros.ced.junta-andalucia.es\/centros-tic\/11001324\/helvia\/sitio\/upload\/Solicitud_Bonificacion.pdf\">Impreso solicitud de bonificaci\u00f3n<\/a><\/strong><\/td>\n<\/tr>\n<tr>\n<td style=\"text-align: center\"><strong><a title=\"Usos comedor\" href=\"http:\/\/redcentros.ced.junta-andalucia.es\/centros-tic\/11001324\/helvia\/sitio\/upload\/Usos_comedor.pdf\" target=\"_blank\" rel=\"noopener\"><span style=\"color: #888888\">Solicitud Dieta Especial<\/span><\/a><\/strong><\/td>\n<\/tr>\n<tr>\n<td style=\"text-align: center\"><strong><a title=\"BOJA\" href=\"http:\/\/redcentros.ced.junta-andalucia.es\/centros-tic\/41008908\/helvia\/sitio\/upload\/orden_plan_apertura_1011.pdf\" target=\"_blank\" rel=\"noopener\"><span style=\"color: #888888\">Normativa del Plan de Apertura<\/span><\/a><\/strong><\/td>\n<\/tr>\n<tr>\n<td>&nbsp;<\/td>\n<\/tr>\n<\/tbody>\n<\/table>\n<p>&nbsp;<\/p>\n<p>&nbsp;<\/p>\n<p style=\"text-align: center\">&nbsp;<\/p>\n","protected":false},"excerpt":{"rendered":"<p>HORARIO PROVISIONAL DE ACTIVIDADES CURSO 2015\/2015 Pinchando sobre cada actividad se accede al grupo de alumnos que lo integran &nbsp; LUNES MARTES MI\u00c9RCOLES JUEVES De 16:00 a 17:00 Ingl\u00e9s III Pintura I Ingl\u00e9s I&#46;&#46;&#46;<\/p>\n","protected":false},"author":3168,"featured_media":0,"parent":0,"menu_order":4,"comment_status":"open","ping_status":"open","template":"","meta":{"ngg_post_thumbnail":0,"footnotes":"","_mc_calendar":[]},"aioseo_notices":[],"_links":{"self":[{"href":"https:\/\/blogsaverroes.juntadeandalucia.es\/ceprtomasiglesiasperez\/wp-json\/wp\/v2\/pages\/2170"}],"collection":[{"href":"https:\/\/blogsaverroes.juntadeandalucia.es\/ceprtomasiglesiasperez\/wp-json\/wp\/v2\/pages"}],"about":[{"href":"https:\/\/blogsaverroes.juntadeandalucia.es\/ceprtomasiglesiasperez\/wp-json\/wp\/v2\/types\/page"}],"author":[{"embeddable":true,"href":"https:\/\/blogsaverroes.juntadeandalucia.es\/ceprtomasiglesiasperez\/wp-json\/wp\/v2\/users\/3168"}],"replies":[{"embeddable":true,"href":"https:\/\/blogsaverroes.juntadeandalucia.es\/ceprtomasiglesiasperez\/wp-json\/wp\/v2\/comments?post=2170"}],"version-history":[{"count":8,"href":"https:\/\/blogsaverroes.juntadeandalucia.es\/ceprtomasiglesiasperez\/wp-json\/wp\/v2\/pages\/2170\/revisions"}],"predecessor-version":[{"id":2704,"href":"https:\/\/blogsaverroes.juntadeandalucia.es\/ceprtomasiglesiasperez\/wp-json\/wp\/v2\/pages\/2170\/revisions\/2704"}],"wp:attachment":[{"href":"https:\/\/blogsaverroes.juntadeandalucia.es\/ceprtomasiglesiasperez\/wp-json\/wp\/v2\/media?parent=2170"}],"curies":[{"name":"wp","href":"https:\/\/api.w.org\/{rel}","templated":true}]}}