{"id":2276,"date":"2016-02-18T09:45:04","date_gmt":"2016-02-18T09:45:04","guid":{"rendered":"http:\/\/blogsaverroes.juntadeandalucia.es\/ceprtomasiglesiasperez\/?page_id=2276"},"modified":"2016-02-18T10:28:49","modified_gmt":"2016-02-18T10:28:49","slug":"2276-2","status":"publish","type":"page","link":"https:\/\/blogsaverroes.juntadeandalucia.es\/ceprtomasiglesiasperez\/","title":{"rendered":"Nuestro centro"},"content":{"rendered":"<div id=\"attachment_2218\" style=\"width: 310px\" class=\"wp-caption alignleft\"><a href=\"http:\/\/blogsaverroes.juntadeandalucia.es\/ceprtomasiglesiasperez\/files\/2016\/02\/HPIM9562.jpg\"><img loading=\"lazy\" decoding=\"async\" aria-describedby=\"caption-attachment-2218\" class=\"size-medium wp-image-2218\" src=\"http:\/\/blogsaverroes.juntadeandalucia.es\/ceprtomasiglesiasperez\/files\/2016\/02\/HPIM9562-300x225.jpg\" alt=\"Fachada exterior del colegio\" width=\"300\" height=\"225\" srcset=\"https:\/\/blogsaverroes.juntadeandalucia.es\/ceprtomasiglesiasperez\/files\/2016\/02\/HPIM9562-300x225.jpg 300w, https:\/\/blogsaverroes.juntadeandalucia.es\/ceprtomasiglesiasperez\/files\/2016\/02\/HPIM9562-1024x768.jpg 1024w, https:\/\/blogsaverroes.juntadeandalucia.es\/ceprtomasiglesiasperez\/files\/2016\/02\/HPIM9562.jpg 1600w\" sizes=\"(max-width: 300px) 100vw, 300px\" \/><\/a><p id=\"caption-attachment-2218\" class=\"wp-caption-text\">Fachada exterior del colegio<\/p><\/div>\n<p style=\"text-align: justify\">El Colegio de Educaci\u00f3n Primaria \u00abTom\u00e1s Iglesias P\u00e9rez\u00bb es el centro de m\u00e1s moderna construcci\u00f3n de Conil de la Frontera. Inici\u00f3 su actividad docente en el curso 2002\/2003, integrando al alumnado procedente del CEIP \u00abMen\u00e9ndez Pidal\u00bb y del CEIP \u00abLos Molinos\u00bb que se reconvertir\u00edan en centros de educaci\u00f3n Infantil y Secundaria respectivamente. El edificio consta de tres plantas. En la primera se encuentran las seis aulas del Primer Ciclo, el gimnasio, dos almacenes, aseos y otras dependencias. En la segunda, las seis aulas del Segundo Ciclo as\u00ed como la Biblioteca, SUM, la entrada al centro y servicios. En la tercera planta est\u00e1n situadas las seis aulas correspondientes al Tercer Ciclo, Inform\u00e1tica y M\u00fasica, el Comedor y distintas aulas peque\u00f1as destinadas a Pedagog\u00eda Terap\u00e9utica, Audici\u00f3n y Lenguaje, EOE y apoyo. Tambi\u00e9n se encuentra el \u00e1rea administrativa formada por la Secretar\u00eda y los despachos de Direcci\u00f3n y Jefatura de Estudios, as\u00ed como la Sala del Profesorado y despacho de la AMPA.<\/p>\n","protected":false},"excerpt":{"rendered":"<p>El Colegio de Educaci\u00f3n Primaria \u00abTom\u00e1s Iglesias P\u00e9rez\u00bb es el centro de m\u00e1s moderna construcci\u00f3n de Conil de la Frontera. Inici\u00f3 su actividad docente en el curso 2002\/2003, integrando al alumnado procedente del CEIP&#46;&#46;&#46;<\/p>\n","protected":false},"author":3168,"featured_media":0,"parent":0,"menu_order":0,"comment_status":"open","ping_status":"open","template":"","meta":{"ngg_post_thumbnail":0,"footnotes":"","_mc_calendar":[]},"aioseo_notices":[],"_links":{"self":[{"href":"https:\/\/blogsaverroes.juntadeandalucia.es\/ceprtomasiglesiasperez\/wp-json\/wp\/v2\/pages\/2276"}],"collection":[{"href":"https:\/\/blogsaverroes.juntadeandalucia.es\/ceprtomasiglesiasperez\/wp-json\/wp\/v2\/pages"}],"about":[{"href":"https:\/\/blogsaverroes.juntadeandalucia.es\/ceprtomasiglesiasperez\/wp-json\/wp\/v2\/types\/page"}],"author":[{"embeddable":true,"href":"https:\/\/blogsaverroes.juntadeandalucia.es\/ceprtomasiglesiasperez\/wp-json\/wp\/v2\/users\/3168"}],"replies":[{"embeddable":true,"href":"https:\/\/blogsaverroes.juntadeandalucia.es\/ceprtomasiglesiasperez\/wp-json\/wp\/v2\/comments?post=2276"}],"version-history":[{"count":2,"href":"https:\/\/blogsaverroes.juntadeandalucia.es\/ceprtomasiglesiasperez\/wp-json\/wp\/v2\/pages\/2276\/revisions"}],"predecessor-version":[{"id":2280,"href":"https:\/\/blogsaverroes.juntadeandalucia.es\/ceprtomasiglesiasperez\/wp-json\/wp\/v2\/pages\/2276\/revisions\/2280"}],"wp:attachment":[{"href":"https:\/\/blogsaverroes.juntadeandalucia.es\/ceprtomasiglesiasperez\/wp-json\/wp\/v2\/media?parent=2276"}],"curies":[{"name":"wp","href":"https:\/\/api.w.org\/{rel}","templated":true}]}}