{"id":1058,"date":"2024-12-02T09:54:57","date_gmt":"2024-12-02T08:54:57","guid":{"rendered":"https:\/\/blogsaverroes.juntadeandalucia.es\/ceprvictorgarciahoz\/?page_id=1058"},"modified":"2024-12-02T19:08:46","modified_gmt":"2024-12-02T18:08:46","slug":"2o-ciclo","status":"publish","type":"page","link":"https:\/\/blogsaverroes.juntadeandalucia.es\/ceprvictorgarciahoz\/2o-ciclo\/","title":{"rendered":"2\u00ba CICLO"},"content":{"rendered":"<p>Audio RAP para el alumnado de 4\u00ba de primaria.<\/p>\n<p><img loading=\"lazy\" decoding=\"async\" class=\"alignnone size-full wp-image-1082\" src=\"https:\/\/blogsaverroes.juntadeandalucia.es\/ceprvictorgarciahoz\/files\/2024\/12\/RAP.jpg\" alt=\"\" width=\"301\" height=\"167\"><\/p>\n<p>\u00bfQu\u00e9 es el RAP? Estilo musical de origen afroamericano en que, con un ritmo sincopado, la letra, de car\u00e1cter provocador, es m\u00e1s recitada que cantada.<\/p>\n<p>Tenemos que crear en primer lugar la letra de car\u00e1cter reivindicativo al que posteriormente a\u00f1adiremos acompa\u00f1amiento musical de base r\u00edtmica.<\/p>\n<p>Ser\u00e1 en grupo de 4 personas como m\u00e1ximo. Se grabar\u00e1n en Podcast para poder escucharlos todos en clase.<\/p>\n<p>Dejamos un ejemplo:<\/p>\n<p><iframe loading=\"lazy\" title=\"El Chojin - Rap Contra El Racismo\" width=\"500\" height=\"281\" src=\"https:\/\/www.youtube.com\/embed\/_BH0qpMvrTc?feature=oembed&#038;wmode=opaque\" frameborder=\"0\" allow=\"accelerometer; autoplay; clipboard-write; encrypted-media; gyroscope; picture-in-picture; web-share\" referrerpolicy=\"strict-origin-when-cross-origin\" allowfullscreen><\/iframe><\/p>\n<p>&nbsp;<\/p>\n","protected":false},"excerpt":{"rendered":"<p>Audio RAP para el alumnado de 4\u00ba de primaria. \u00bfQu\u00e9 es el RAP? Estilo musical de origen afroamericano en que, con un ritmo sincopado, la letra, de car\u00e1cter provocador, es m\u00e1s recitada que cantada.&#46;&#46;&#46;<\/p>\n","protected":false},"author":18117,"featured_media":0,"parent":0,"menu_order":0,"comment_status":"closed","ping_status":"closed","template":"","meta":{"ngg_post_thumbnail":0,"footnotes":""},"aioseo_notices":[],"_links":{"self":[{"href":"https:\/\/blogsaverroes.juntadeandalucia.es\/ceprvictorgarciahoz\/wp-json\/wp\/v2\/pages\/1058"}],"collection":[{"href":"https:\/\/blogsaverroes.juntadeandalucia.es\/ceprvictorgarciahoz\/wp-json\/wp\/v2\/pages"}],"about":[{"href":"https:\/\/blogsaverroes.juntadeandalucia.es\/ceprvictorgarciahoz\/wp-json\/wp\/v2\/types\/page"}],"author":[{"embeddable":true,"href":"https:\/\/blogsaverroes.juntadeandalucia.es\/ceprvictorgarciahoz\/wp-json\/wp\/v2\/users\/18117"}],"replies":[{"embeddable":true,"href":"https:\/\/blogsaverroes.juntadeandalucia.es\/ceprvictorgarciahoz\/wp-json\/wp\/v2\/comments?post=1058"}],"version-history":[{"count":3,"href":"https:\/\/blogsaverroes.juntadeandalucia.es\/ceprvictorgarciahoz\/wp-json\/wp\/v2\/pages\/1058\/revisions"}],"predecessor-version":[{"id":1083,"href":"https:\/\/blogsaverroes.juntadeandalucia.es\/ceprvictorgarciahoz\/wp-json\/wp\/v2\/pages\/1058\/revisions\/1083"}],"wp:attachment":[{"href":"https:\/\/blogsaverroes.juntadeandalucia.es\/ceprvictorgarciahoz\/wp-json\/wp\/v2\/media?parent=1058"}],"curies":[{"name":"wp","href":"https:\/\/api.w.org\/{rel}","templated":true}]}}