{"id":775,"date":"2024-02-21T20:11:56","date_gmt":"2024-02-21T19:11:56","guid":{"rendered":"https:\/\/blogsaverroes.juntadeandalucia.es\/ceprvictorgarciahoz\/?page_id=775"},"modified":"2024-02-23T13:04:42","modified_gmt":"2024-02-23T12:04:42","slug":"transito-primaria-secundaria","status":"publish","type":"page","link":"https:\/\/blogsaverroes.juntadeandalucia.es\/ceprvictorgarciahoz\/transito-primaria-secundaria\/","title":{"rendered":"Tr\u00e1nsito Primaria &#8211; Secundaria"},"content":{"rendered":"<p>El d\u00eda 9 de febrero nuestro alumnado visit\u00f3 la biblioteca del IES Sierra de Segura con motivo de la semana de la lectura en el IES. All\u00ed llevaron a cabo ciertas actividades y pudieron realizar compras de libros. Tambi\u00e9n contaron con la exposici\u00f3n de un poeta granadino llamado Juan Mar\u00eda Jim\u00e9nez autor de &#8220;Mot\u00edn de hombre apenas&#8221;. Gracias al IES Sierra de Segura por esta actividad de tr\u00e1nsito entre los centros educativos de la localidad.<\/p>\n<p><img loading=\"lazy\" decoding=\"async\" class=\"alignnone size-medium wp-image-779\" src=\"https:\/\/blogsaverroes.juntadeandalucia.es\/ceprvictorgarciahoz\/files\/2024\/02\/IMG-20240216-WA0023-300x225.jpg\" alt=\"\" width=\"300\" height=\"225\" srcset=\"https:\/\/blogsaverroes.juntadeandalucia.es\/ceprvictorgarciahoz\/files\/2024\/02\/IMG-20240216-WA0023-300x225.jpg 300w, https:\/\/blogsaverroes.juntadeandalucia.es\/ceprvictorgarciahoz\/files\/2024\/02\/IMG-20240216-WA0023-1024x768.jpg 1024w, https:\/\/blogsaverroes.juntadeandalucia.es\/ceprvictorgarciahoz\/files\/2024\/02\/IMG-20240216-WA0023-768x576.jpg 768w, https:\/\/blogsaverroes.juntadeandalucia.es\/ceprvictorgarciahoz\/files\/2024\/02\/IMG-20240216-WA0023-1536x1152.jpg 1536w, https:\/\/blogsaverroes.juntadeandalucia.es\/ceprvictorgarciahoz\/files\/2024\/02\/IMG-20240216-WA0023-510x382.jpg 510w, https:\/\/blogsaverroes.juntadeandalucia.es\/ceprvictorgarciahoz\/files\/2024\/02\/IMG-20240216-WA0023-1080x810.jpg 1080w, https:\/\/blogsaverroes.juntadeandalucia.es\/ceprvictorgarciahoz\/files\/2024\/02\/IMG-20240216-WA0023-1280x960.jpg 1280w, https:\/\/blogsaverroes.juntadeandalucia.es\/ceprvictorgarciahoz\/files\/2024\/02\/IMG-20240216-WA0023-980x735.jpg 980w, https:\/\/blogsaverroes.juntadeandalucia.es\/ceprvictorgarciahoz\/files\/2024\/02\/IMG-20240216-WA0023-480x360.jpg 480w, https:\/\/blogsaverroes.juntadeandalucia.es\/ceprvictorgarciahoz\/files\/2024\/02\/IMG-20240216-WA0023.jpg 1600w\" sizes=\"(max-width: 300px) 100vw, 300px\" \/> <img loading=\"lazy\" decoding=\"async\" class=\"alignnone size-medium wp-image-780\" src=\"https:\/\/blogsaverroes.juntadeandalucia.es\/ceprvictorgarciahoz\/files\/2024\/02\/IMG-20240216-WA0028-225x300.jpg\" alt=\"\" width=\"225\" height=\"300\" srcset=\"https:\/\/blogsaverroes.juntadeandalucia.es\/ceprvictorgarciahoz\/files\/2024\/02\/IMG-20240216-WA0028-225x300.jpg 225w, https:\/\/blogsaverroes.juntadeandalucia.es\/ceprvictorgarciahoz\/files\/2024\/02\/IMG-20240216-WA0028-768x1024.jpg 768w, https:\/\/blogsaverroes.juntadeandalucia.es\/ceprvictorgarciahoz\/files\/2024\/02\/IMG-20240216-WA0028-1152x1536.jpg 1152w, https:\/\/blogsaverroes.juntadeandalucia.es\/ceprvictorgarciahoz\/files\/2024\/02\/IMG-20240216-WA0028-1080x1440.jpg 1080w, https:\/\/blogsaverroes.juntadeandalucia.es\/ceprvictorgarciahoz\/files\/2024\/02\/IMG-20240216-WA0028-980x1307.jpg 980w, https:\/\/blogsaverroes.juntadeandalucia.es\/ceprvictorgarciahoz\/files\/2024\/02\/IMG-20240216-WA0028-480x640.jpg 480w, https:\/\/blogsaverroes.juntadeandalucia.es\/ceprvictorgarciahoz\/files\/2024\/02\/IMG-20240216-WA0028.jpg 1200w\" sizes=\"(max-width: 225px) 100vw, 225px\" \/> <img loading=\"lazy\" decoding=\"async\" class=\"alignnone size-medium wp-image-781\" src=\"https:\/\/blogsaverroes.juntadeandalucia.es\/ceprvictorgarciahoz\/files\/2024\/02\/IMG-20240222-WA0058-225x300.jpg\" alt=\"\" width=\"225\" height=\"300\" srcset=\"https:\/\/blogsaverroes.juntadeandalucia.es\/ceprvictorgarciahoz\/files\/2024\/02\/IMG-20240222-WA0058-225x300.jpg 225w, https:\/\/blogsaverroes.juntadeandalucia.es\/ceprvictorgarciahoz\/files\/2024\/02\/IMG-20240222-WA0058-768x1024.jpg 768w, https:\/\/blogsaverroes.juntadeandalucia.es\/ceprvictorgarciahoz\/files\/2024\/02\/IMG-20240222-WA0058-1152x1536.jpg 1152w, https:\/\/blogsaverroes.juntadeandalucia.es\/ceprvictorgarciahoz\/files\/2024\/02\/IMG-20240222-WA0058-1080x1440.jpg 1080w, https:\/\/blogsaverroes.juntadeandalucia.es\/ceprvictorgarciahoz\/files\/2024\/02\/IMG-20240222-WA0058-980x1307.jpg 980w, https:\/\/blogsaverroes.juntadeandalucia.es\/ceprvictorgarciahoz\/files\/2024\/02\/IMG-20240222-WA0058-480x640.jpg 480w, https:\/\/blogsaverroes.juntadeandalucia.es\/ceprvictorgarciahoz\/files\/2024\/02\/IMG-20240222-WA0058.jpg 1200w\" sizes=\"(max-width: 225px) 100vw, 225px\" \/> <img loading=\"lazy\" decoding=\"async\" class=\"alignnone size-medium wp-image-782\" src=\"https:\/\/blogsaverroes.juntadeandalucia.es\/ceprvictorgarciahoz\/files\/2024\/02\/IMG-20240222-WA0059-300x225.jpg\" alt=\"\" width=\"300\" height=\"225\" srcset=\"https:\/\/blogsaverroes.juntadeandalucia.es\/ceprvictorgarciahoz\/files\/2024\/02\/IMG-20240222-WA0059-300x225.jpg 300w, https:\/\/blogsaverroes.juntadeandalucia.es\/ceprvictorgarciahoz\/files\/2024\/02\/IMG-20240222-WA0059-1024x768.jpg 1024w, https:\/\/blogsaverroes.juntadeandalucia.es\/ceprvictorgarciahoz\/files\/2024\/02\/IMG-20240222-WA0059-768x576.jpg 768w, https:\/\/blogsaverroes.juntadeandalucia.es\/ceprvictorgarciahoz\/files\/2024\/02\/IMG-20240222-WA0059-1536x1152.jpg 1536w, https:\/\/blogsaverroes.juntadeandalucia.es\/ceprvictorgarciahoz\/files\/2024\/02\/IMG-20240222-WA0059-510x382.jpg 510w, https:\/\/blogsaverroes.juntadeandalucia.es\/ceprvictorgarciahoz\/files\/2024\/02\/IMG-20240222-WA0059-1080x810.jpg 1080w, https:\/\/blogsaverroes.juntadeandalucia.es\/ceprvictorgarciahoz\/files\/2024\/02\/IMG-20240222-WA0059-1280x960.jpg 1280w, https:\/\/blogsaverroes.juntadeandalucia.es\/ceprvictorgarciahoz\/files\/2024\/02\/IMG-20240222-WA0059-980x735.jpg 980w, https:\/\/blogsaverroes.juntadeandalucia.es\/ceprvictorgarciahoz\/files\/2024\/02\/IMG-20240222-WA0059-480x360.jpg 480w, https:\/\/blogsaverroes.juntadeandalucia.es\/ceprvictorgarciahoz\/files\/2024\/02\/IMG-20240222-WA0059.jpg 1600w\" sizes=\"(max-width: 300px) 100vw, 300px\" \/> <img loading=\"lazy\" decoding=\"async\" class=\"alignnone size-medium wp-image-783\" src=\"https:\/\/blogsaverroes.juntadeandalucia.es\/ceprvictorgarciahoz\/files\/2024\/02\/IMG-20240222-WA0060-225x300.jpg\" alt=\"\" width=\"225\" height=\"300\" srcset=\"https:\/\/blogsaverroes.juntadeandalucia.es\/ceprvictorgarciahoz\/files\/2024\/02\/IMG-20240222-WA0060-225x300.jpg 225w, https:\/\/blogsaverroes.juntadeandalucia.es\/ceprvictorgarciahoz\/files\/2024\/02\/IMG-20240222-WA0060-768x1024.jpg 768w, https:\/\/blogsaverroes.juntadeandalucia.es\/ceprvictorgarciahoz\/files\/2024\/02\/IMG-20240222-WA0060-1152x1536.jpg 1152w, https:\/\/blogsaverroes.juntadeandalucia.es\/ceprvictorgarciahoz\/files\/2024\/02\/IMG-20240222-WA0060-1080x1440.jpg 1080w, https:\/\/blogsaverroes.juntadeandalucia.es\/ceprvictorgarciahoz\/files\/2024\/02\/IMG-20240222-WA0060-980x1307.jpg 980w, https:\/\/blogsaverroes.juntadeandalucia.es\/ceprvictorgarciahoz\/files\/2024\/02\/IMG-20240222-WA0060-480x640.jpg 480w, https:\/\/blogsaverroes.juntadeandalucia.es\/ceprvictorgarciahoz\/files\/2024\/02\/IMG-20240222-WA0060.jpg 1200w\" sizes=\"(max-width: 225px) 100vw, 225px\" \/> <img loading=\"lazy\" decoding=\"async\" class=\"alignnone size-medium wp-image-784\" src=\"https:\/\/blogsaverroes.juntadeandalucia.es\/ceprvictorgarciahoz\/files\/2024\/02\/IMG-20240222-WA0061-300x225.jpg\" alt=\"\" width=\"300\" height=\"225\" srcset=\"https:\/\/blogsaverroes.juntadeandalucia.es\/ceprvictorgarciahoz\/files\/2024\/02\/IMG-20240222-WA0061-300x225.jpg 300w, https:\/\/blogsaverroes.juntadeandalucia.es\/ceprvictorgarciahoz\/files\/2024\/02\/IMG-20240222-WA0061-1024x768.jpg 1024w, https:\/\/blogsaverroes.juntadeandalucia.es\/ceprvictorgarciahoz\/files\/2024\/02\/IMG-20240222-WA0061-768x576.jpg 768w, https:\/\/blogsaverroes.juntadeandalucia.es\/ceprvictorgarciahoz\/files\/2024\/02\/IMG-20240222-WA0061-1536x1152.jpg 1536w, https:\/\/blogsaverroes.juntadeandalucia.es\/ceprvictorgarciahoz\/files\/2024\/02\/IMG-20240222-WA0061-510x382.jpg 510w, https:\/\/blogsaverroes.juntadeandalucia.es\/ceprvictorgarciahoz\/files\/2024\/02\/IMG-20240222-WA0061-1080x810.jpg 1080w, https:\/\/blogsaverroes.juntadeandalucia.es\/ceprvictorgarciahoz\/files\/2024\/02\/IMG-20240222-WA0061-1280x960.jpg 1280w, https:\/\/blogsaverroes.juntadeandalucia.es\/ceprvictorgarciahoz\/files\/2024\/02\/IMG-20240222-WA0061-980x735.jpg 980w, https:\/\/blogsaverroes.juntadeandalucia.es\/ceprvictorgarciahoz\/files\/2024\/02\/IMG-20240222-WA0061-480x360.jpg 480w, https:\/\/blogsaverroes.juntadeandalucia.es\/ceprvictorgarciahoz\/files\/2024\/02\/IMG-20240222-WA0061.jpg 1600w\" sizes=\"(max-width: 300px) 100vw, 300px\" \/> <img loading=\"lazy\" decoding=\"async\" class=\"alignnone size-medium wp-image-785\" src=\"https:\/\/blogsaverroes.juntadeandalucia.es\/ceprvictorgarciahoz\/files\/2024\/02\/IMG-20240222-WA0062-300x225.jpg\" alt=\"\" width=\"300\" height=\"225\" srcset=\"https:\/\/blogsaverroes.juntadeandalucia.es\/ceprvictorgarciahoz\/files\/2024\/02\/IMG-20240222-WA0062-300x225.jpg 300w, https:\/\/blogsaverroes.juntadeandalucia.es\/ceprvictorgarciahoz\/files\/2024\/02\/IMG-20240222-WA0062-1024x768.jpg 1024w, https:\/\/blogsaverroes.juntadeandalucia.es\/ceprvictorgarciahoz\/files\/2024\/02\/IMG-20240222-WA0062-768x576.jpg 768w, https:\/\/blogsaverroes.juntadeandalucia.es\/ceprvictorgarciahoz\/files\/2024\/02\/IMG-20240222-WA0062-1536x1152.jpg 1536w, https:\/\/blogsaverroes.juntadeandalucia.es\/ceprvictorgarciahoz\/files\/2024\/02\/IMG-20240222-WA0062-510x382.jpg 510w, https:\/\/blogsaverroes.juntadeandalucia.es\/ceprvictorgarciahoz\/files\/2024\/02\/IMG-20240222-WA0062-1080x810.jpg 1080w, https:\/\/blogsaverroes.juntadeandalucia.es\/ceprvictorgarciahoz\/files\/2024\/02\/IMG-20240222-WA0062-1280x960.jpg 1280w, https:\/\/blogsaverroes.juntadeandalucia.es\/ceprvictorgarciahoz\/files\/2024\/02\/IMG-20240222-WA0062-980x735.jpg 980w, https:\/\/blogsaverroes.juntadeandalucia.es\/ceprvictorgarciahoz\/files\/2024\/02\/IMG-20240222-WA0062-480x360.jpg 480w, https:\/\/blogsaverroes.juntadeandalucia.es\/ceprvictorgarciahoz\/files\/2024\/02\/IMG-20240222-WA0062.jpg 1600w\" sizes=\"(max-width: 300px) 100vw, 300px\" \/> <img loading=\"lazy\" decoding=\"async\" class=\"alignnone size-medium wp-image-786\" src=\"https:\/\/blogsaverroes.juntadeandalucia.es\/ceprvictorgarciahoz\/files\/2024\/02\/IMG-20240222-WA0063-300x225.jpg\" alt=\"\" width=\"300\" height=\"225\" srcset=\"https:\/\/blogsaverroes.juntadeandalucia.es\/ceprvictorgarciahoz\/files\/2024\/02\/IMG-20240222-WA0063-300x225.jpg 300w, https:\/\/blogsaverroes.juntadeandalucia.es\/ceprvictorgarciahoz\/files\/2024\/02\/IMG-20240222-WA0063-1024x768.jpg 1024w, https:\/\/blogsaverroes.juntadeandalucia.es\/ceprvictorgarciahoz\/files\/2024\/02\/IMG-20240222-WA0063-768x576.jpg 768w, https:\/\/blogsaverroes.juntadeandalucia.es\/ceprvictorgarciahoz\/files\/2024\/02\/IMG-20240222-WA0063-1536x1152.jpg 1536w, https:\/\/blogsaverroes.juntadeandalucia.es\/ceprvictorgarciahoz\/files\/2024\/02\/IMG-20240222-WA0063-510x382.jpg 510w, https:\/\/blogsaverroes.juntadeandalucia.es\/ceprvictorgarciahoz\/files\/2024\/02\/IMG-20240222-WA0063-1080x810.jpg 1080w, https:\/\/blogsaverroes.juntadeandalucia.es\/ceprvictorgarciahoz\/files\/2024\/02\/IMG-20240222-WA0063-1280x960.jpg 1280w, https:\/\/blogsaverroes.juntadeandalucia.es\/ceprvictorgarciahoz\/files\/2024\/02\/IMG-20240222-WA0063-980x735.jpg 980w, https:\/\/blogsaverroes.juntadeandalucia.es\/ceprvictorgarciahoz\/files\/2024\/02\/IMG-20240222-WA0063-480x360.jpg 480w, https:\/\/blogsaverroes.juntadeandalucia.es\/ceprvictorgarciahoz\/files\/2024\/02\/IMG-20240222-WA0063.jpg 1600w\" sizes=\"(max-width: 300px) 100vw, 300px\" \/> <img loading=\"lazy\" decoding=\"async\" class=\"alignnone size-medium wp-image-787\" src=\"https:\/\/blogsaverroes.juntadeandalucia.es\/ceprvictorgarciahoz\/files\/2024\/02\/IMG-20240222-WA0064-300x225.jpg\" alt=\"\" width=\"300\" height=\"225\" srcset=\"https:\/\/blogsaverroes.juntadeandalucia.es\/ceprvictorgarciahoz\/files\/2024\/02\/IMG-20240222-WA0064-300x225.jpg 300w, https:\/\/blogsaverroes.juntadeandalucia.es\/ceprvictorgarciahoz\/files\/2024\/02\/IMG-20240222-WA0064-1024x768.jpg 1024w, https:\/\/blogsaverroes.juntadeandalucia.es\/ceprvictorgarciahoz\/files\/2024\/02\/IMG-20240222-WA0064-768x576.jpg 768w, https:\/\/blogsaverroes.juntadeandalucia.es\/ceprvictorgarciahoz\/files\/2024\/02\/IMG-20240222-WA0064-1536x1152.jpg 1536w, https:\/\/blogsaverroes.juntadeandalucia.es\/ceprvictorgarciahoz\/files\/2024\/02\/IMG-20240222-WA0064-510x382.jpg 510w, https:\/\/blogsaverroes.juntadeandalucia.es\/ceprvictorgarciahoz\/files\/2024\/02\/IMG-20240222-WA0064-1080x810.jpg 1080w, https:\/\/blogsaverroes.juntadeandalucia.es\/ceprvictorgarciahoz\/files\/2024\/02\/IMG-20240222-WA0064-1280x960.jpg 1280w, https:\/\/blogsaverroes.juntadeandalucia.es\/ceprvictorgarciahoz\/files\/2024\/02\/IMG-20240222-WA0064-980x735.jpg 980w, https:\/\/blogsaverroes.juntadeandalucia.es\/ceprvictorgarciahoz\/files\/2024\/02\/IMG-20240222-WA0064-480x360.jpg 480w, https:\/\/blogsaverroes.juntadeandalucia.es\/ceprvictorgarciahoz\/files\/2024\/02\/IMG-20240222-WA0064.jpg 1600w\" sizes=\"(max-width: 300px) 100vw, 300px\" \/> <img loading=\"lazy\" decoding=\"async\" class=\"alignnone size-medium wp-image-788\" src=\"https:\/\/blogsaverroes.juntadeandalucia.es\/ceprvictorgarciahoz\/files\/2024\/02\/IMG-20240222-WA0065-300x225.jpg\" alt=\"\" width=\"300\" height=\"225\" srcset=\"https:\/\/blogsaverroes.juntadeandalucia.es\/ceprvictorgarciahoz\/files\/2024\/02\/IMG-20240222-WA0065-300x225.jpg 300w, https:\/\/blogsaverroes.juntadeandalucia.es\/ceprvictorgarciahoz\/files\/2024\/02\/IMG-20240222-WA0065-1024x768.jpg 1024w, https:\/\/blogsaverroes.juntadeandalucia.es\/ceprvictorgarciahoz\/files\/2024\/02\/IMG-20240222-WA0065-768x576.jpg 768w, https:\/\/blogsaverroes.juntadeandalucia.es\/ceprvictorgarciahoz\/files\/2024\/02\/IMG-20240222-WA0065-1536x1152.jpg 1536w, https:\/\/blogsaverroes.juntadeandalucia.es\/ceprvictorgarciahoz\/files\/2024\/02\/IMG-20240222-WA0065-510x382.jpg 510w, https:\/\/blogsaverroes.juntadeandalucia.es\/ceprvictorgarciahoz\/files\/2024\/02\/IMG-20240222-WA0065-1080x810.jpg 1080w, https:\/\/blogsaverroes.juntadeandalucia.es\/ceprvictorgarciahoz\/files\/2024\/02\/IMG-20240222-WA0065-1280x960.jpg 1280w, https:\/\/blogsaverroes.juntadeandalucia.es\/ceprvictorgarciahoz\/files\/2024\/02\/IMG-20240222-WA0065-980x735.jpg 980w, https:\/\/blogsaverroes.juntadeandalucia.es\/ceprvictorgarciahoz\/files\/2024\/02\/IMG-20240222-WA0065-480x360.jpg 480w, https:\/\/blogsaverroes.juntadeandalucia.es\/ceprvictorgarciahoz\/files\/2024\/02\/IMG-20240222-WA0065.jpg 1600w\" sizes=\"(max-width: 300px) 100vw, 300px\" \/> <img loading=\"lazy\" decoding=\"async\" class=\"alignnone size-medium wp-image-789\" src=\"https:\/\/blogsaverroes.juntadeandalucia.es\/ceprvictorgarciahoz\/files\/2024\/02\/IMG-20240222-WA0066-300x225.jpg\" alt=\"\" width=\"300\" height=\"225\" srcset=\"https:\/\/blogsaverroes.juntadeandalucia.es\/ceprvictorgarciahoz\/files\/2024\/02\/IMG-20240222-WA0066-300x225.jpg 300w, https:\/\/blogsaverroes.juntadeandalucia.es\/ceprvictorgarciahoz\/files\/2024\/02\/IMG-20240222-WA0066-1024x768.jpg 1024w, https:\/\/blogsaverroes.juntadeandalucia.es\/ceprvictorgarciahoz\/files\/2024\/02\/IMG-20240222-WA0066-768x576.jpg 768w, https:\/\/blogsaverroes.juntadeandalucia.es\/ceprvictorgarciahoz\/files\/2024\/02\/IMG-20240222-WA0066-1536x1152.jpg 1536w, https:\/\/blogsaverroes.juntadeandalucia.es\/ceprvictorgarciahoz\/files\/2024\/02\/IMG-20240222-WA0066-510x382.jpg 510w, https:\/\/blogsaverroes.juntadeandalucia.es\/ceprvictorgarciahoz\/files\/2024\/02\/IMG-20240222-WA0066-1080x810.jpg 1080w, https:\/\/blogsaverroes.juntadeandalucia.es\/ceprvictorgarciahoz\/files\/2024\/02\/IMG-20240222-WA0066-1280x960.jpg 1280w, https:\/\/blogsaverroes.juntadeandalucia.es\/ceprvictorgarciahoz\/files\/2024\/02\/IMG-20240222-WA0066-980x735.jpg 980w, https:\/\/blogsaverroes.juntadeandalucia.es\/ceprvictorgarciahoz\/files\/2024\/02\/IMG-20240222-WA0066-480x360.jpg 480w, https:\/\/blogsaverroes.juntadeandalucia.es\/ceprvictorgarciahoz\/files\/2024\/02\/IMG-20240222-WA0066.jpg 1600w\" sizes=\"(max-width: 300px) 100vw, 300px\" \/> <img loading=\"lazy\" decoding=\"async\" class=\"alignnone size-medium wp-image-790\" src=\"https:\/\/blogsaverroes.juntadeandalucia.es\/ceprvictorgarciahoz\/files\/2024\/02\/IMG-20240222-WA0067-300x225.jpg\" alt=\"\" width=\"300\" height=\"225\" srcset=\"https:\/\/blogsaverroes.juntadeandalucia.es\/ceprvictorgarciahoz\/files\/2024\/02\/IMG-20240222-WA0067-300x225.jpg 300w, https:\/\/blogsaverroes.juntadeandalucia.es\/ceprvictorgarciahoz\/files\/2024\/02\/IMG-20240222-WA0067-1024x768.jpg 1024w, https:\/\/blogsaverroes.juntadeandalucia.es\/ceprvictorgarciahoz\/files\/2024\/02\/IMG-20240222-WA0067-768x576.jpg 768w, https:\/\/blogsaverroes.juntadeandalucia.es\/ceprvictorgarciahoz\/files\/2024\/02\/IMG-20240222-WA0067-1536x1152.jpg 1536w, https:\/\/blogsaverroes.juntadeandalucia.es\/ceprvictorgarciahoz\/files\/2024\/02\/IMG-20240222-WA0067-510x382.jpg 510w, https:\/\/blogsaverroes.juntadeandalucia.es\/ceprvictorgarciahoz\/files\/2024\/02\/IMG-20240222-WA0067-1080x810.jpg 1080w, https:\/\/blogsaverroes.juntadeandalucia.es\/ceprvictorgarciahoz\/files\/2024\/02\/IMG-20240222-WA0067-1280x960.jpg 1280w, https:\/\/blogsaverroes.juntadeandalucia.es\/ceprvictorgarciahoz\/files\/2024\/02\/IMG-20240222-WA0067-980x735.jpg 980w, https:\/\/blogsaverroes.juntadeandalucia.es\/ceprvictorgarciahoz\/files\/2024\/02\/IMG-20240222-WA0067-480x360.jpg 480w, https:\/\/blogsaverroes.juntadeandalucia.es\/ceprvictorgarciahoz\/files\/2024\/02\/IMG-20240222-WA0067.jpg 1600w\" sizes=\"(max-width: 300px) 100vw, 300px\" \/> <img loading=\"lazy\" decoding=\"async\" class=\"alignnone size-medium wp-image-791\" src=\"https:\/\/blogsaverroes.juntadeandalucia.es\/ceprvictorgarciahoz\/files\/2024\/02\/IMG-20240222-WA0068-300x225.jpg\" alt=\"\" width=\"300\" height=\"225\" srcset=\"https:\/\/blogsaverroes.juntadeandalucia.es\/ceprvictorgarciahoz\/files\/2024\/02\/IMG-20240222-WA0068-300x225.jpg 300w, https:\/\/blogsaverroes.juntadeandalucia.es\/ceprvictorgarciahoz\/files\/2024\/02\/IMG-20240222-WA0068-1024x768.jpg 1024w, https:\/\/blogsaverroes.juntadeandalucia.es\/ceprvictorgarciahoz\/files\/2024\/02\/IMG-20240222-WA0068-768x576.jpg 768w, https:\/\/blogsaverroes.juntadeandalucia.es\/ceprvictorgarciahoz\/files\/2024\/02\/IMG-20240222-WA0068-1536x1152.jpg 1536w, https:\/\/blogsaverroes.juntadeandalucia.es\/ceprvictorgarciahoz\/files\/2024\/02\/IMG-20240222-WA0068-510x382.jpg 510w, https:\/\/blogsaverroes.juntadeandalucia.es\/ceprvictorgarciahoz\/files\/2024\/02\/IMG-20240222-WA0068-1080x810.jpg 1080w, https:\/\/blogsaverroes.juntadeandalucia.es\/ceprvictorgarciahoz\/files\/2024\/02\/IMG-20240222-WA0068-1280x960.jpg 1280w, https:\/\/blogsaverroes.juntadeandalucia.es\/ceprvictorgarciahoz\/files\/2024\/02\/IMG-20240222-WA0068-980x735.jpg 980w, https:\/\/blogsaverroes.juntadeandalucia.es\/ceprvictorgarciahoz\/files\/2024\/02\/IMG-20240222-WA0068-480x360.jpg 480w, https:\/\/blogsaverroes.juntadeandalucia.es\/ceprvictorgarciahoz\/files\/2024\/02\/IMG-20240222-WA0068.jpg 2000w\" sizes=\"(max-width: 300px) 100vw, 300px\" \/><\/p>\n","protected":false},"excerpt":{"rendered":"<p>El d\u00eda 9 de febrero nuestro alumnado visit\u00f3 la biblioteca del IES Sierra de Segura con motivo de la semana de la lectura en el IES. All\u00ed llevaron a cabo ciertas actividades y pudieron&#46;&#46;&#46;<\/p>\n","protected":false},"author":18117,"featured_media":0,"parent":0,"menu_order":0,"comment_status":"closed","ping_status":"closed","template":"","meta":{"ngg_post_thumbnail":0,"footnotes":""},"aioseo_notices":[],"_links":{"self":[{"href":"https:\/\/blogsaverroes.juntadeandalucia.es\/ceprvictorgarciahoz\/wp-json\/wp\/v2\/pages\/775"}],"collection":[{"href":"https:\/\/blogsaverroes.juntadeandalucia.es\/ceprvictorgarciahoz\/wp-json\/wp\/v2\/pages"}],"about":[{"href":"https:\/\/blogsaverroes.juntadeandalucia.es\/ceprvictorgarciahoz\/wp-json\/wp\/v2\/types\/page"}],"author":[{"embeddable":true,"href":"https:\/\/blogsaverroes.juntadeandalucia.es\/ceprvictorgarciahoz\/wp-json\/wp\/v2\/users\/18117"}],"replies":[{"embeddable":true,"href":"https:\/\/blogsaverroes.juntadeandalucia.es\/ceprvictorgarciahoz\/wp-json\/wp\/v2\/comments?post=775"}],"version-history":[{"count":4,"href":"https:\/\/blogsaverroes.juntadeandalucia.es\/ceprvictorgarciahoz\/wp-json\/wp\/v2\/pages\/775\/revisions"}],"predecessor-version":[{"id":793,"href":"https:\/\/blogsaverroes.juntadeandalucia.es\/ceprvictorgarciahoz\/wp-json\/wp\/v2\/pages\/775\/revisions\/793"}],"wp:attachment":[{"href":"https:\/\/blogsaverroes.juntadeandalucia.es\/ceprvictorgarciahoz\/wp-json\/wp\/v2\/media?parent=775"}],"curies":[{"name":"wp","href":"https:\/\/api.w.org\/{rel}","templated":true}]}}