{"id":330,"date":"2023-02-18T07:11:43","date_gmt":"2023-02-18T06:11:43","guid":{"rendered":"http:\/\/blogsaverroes.juntadeandalucia.es\/pre\/ceip\/?page_id=330"},"modified":"2026-02-15T20:55:02","modified_gmt":"2026-02-15T19:55:02","slug":"bibliop","status":"publish","type":"page","link":"https:\/\/blogsaverroes.juntadeandalucia.es\/ceprvirgendelacabeza\/biblioteca\/bibliop\/","title":{"rendered":"Cat\u00e1logo"},"content":{"rendered":"<p style=\"text-align: center\"><strong>BIBLIOWEB<\/strong><\/p>\n<p>La Consejer\u00eda de Desarrollo Educativo y Formaci\u00f3n Profesional ha desarrollado una Biblioweb donde las familias de todos los Centros educativos de Andaluc\u00eda podr\u00e1n tener acceso al cat\u00e1logo de libros de sus respectivos Centros.<\/p>\n<p><strong><a href=\"https:\/\/seneca.juntadeandalucia.es\/seneca\/biblioweb\/portal\/18006935\" target=\"_blank\" rel=\"attachment noopener wp-att-4998\"><img loading=\"lazy\" decoding=\"async\" class=\"aligncenter wp-image-4998 size-full\" src=\"https:\/\/blogsaverroes.juntadeandalucia.es\/ceprvirgendelacabeza\/files\/2026\/02\/portada_biblioweb.png\" alt=\"\" width=\"1149\" height=\"623\" srcset=\"https:\/\/blogsaverroes.juntadeandalucia.es\/ceprvirgendelacabeza\/files\/2026\/02\/portada_biblioweb.png 1149w, https:\/\/blogsaverroes.juntadeandalucia.es\/ceprvirgendelacabeza\/files\/2026\/02\/portada_biblioweb-300x163.png 300w, https:\/\/blogsaverroes.juntadeandalucia.es\/ceprvirgendelacabeza\/files\/2026\/02\/portada_biblioweb-1024x555.png 1024w, https:\/\/blogsaverroes.juntadeandalucia.es\/ceprvirgendelacabeza\/files\/2026\/02\/portada_biblioweb-768x416.png 768w\" sizes=\"(max-width: 706px) 89vw, (max-width: 767px) 82vw, 740px\" \/><\/a><\/strong><\/p>\n<p>&nbsp;<\/p>\n","protected":false},"excerpt":{"rendered":"<p>BIBLIOWEB La Consejer\u00eda de Desarrollo Educativo y Formaci\u00f3n Profesional ha desarrollado una Biblioweb donde las familias de todos los Centros educativos de Andaluc\u00eda podr\u00e1n tener acceso al cat\u00e1logo de libros de sus respectivos Centros. &nbsp;<\/p>\n","protected":false},"author":1,"featured_media":0,"parent":113,"menu_order":0,"comment_status":"closed","ping_status":"open","template":"","meta":{"ngg_post_thumbnail":0,"footnotes":"","_mc_calendar":[]},"aioseo_notices":[],"_links":{"self":[{"href":"https:\/\/blogsaverroes.juntadeandalucia.es\/ceprvirgendelacabeza\/wp-json\/wp\/v2\/pages\/330"}],"collection":[{"href":"https:\/\/blogsaverroes.juntadeandalucia.es\/ceprvirgendelacabeza\/wp-json\/wp\/v2\/pages"}],"about":[{"href":"https:\/\/blogsaverroes.juntadeandalucia.es\/ceprvirgendelacabeza\/wp-json\/wp\/v2\/types\/page"}],"author":[{"embeddable":true,"href":"https:\/\/blogsaverroes.juntadeandalucia.es\/ceprvirgendelacabeza\/wp-json\/wp\/v2\/users\/1"}],"replies":[{"embeddable":true,"href":"https:\/\/blogsaverroes.juntadeandalucia.es\/ceprvirgendelacabeza\/wp-json\/wp\/v2\/comments?post=330"}],"version-history":[{"count":13,"href":"https:\/\/blogsaverroes.juntadeandalucia.es\/ceprvirgendelacabeza\/wp-json\/wp\/v2\/pages\/330\/revisions"}],"predecessor-version":[{"id":5001,"href":"https:\/\/blogsaverroes.juntadeandalucia.es\/ceprvirgendelacabeza\/wp-json\/wp\/v2\/pages\/330\/revisions\/5001"}],"up":[{"embeddable":true,"href":"https:\/\/blogsaverroes.juntadeandalucia.es\/ceprvirgendelacabeza\/wp-json\/wp\/v2\/pages\/113"}],"wp:attachment":[{"href":"https:\/\/blogsaverroes.juntadeandalucia.es\/ceprvirgendelacabeza\/wp-json\/wp\/v2\/media?parent=330"}],"curies":[{"name":"wp","href":"https:\/\/api.w.org\/{rel}","templated":true}]}}

Catálogo

<p style="text-align: center"><strong>BIBLIOWEB</strong></p>
<p>La Consejería de Desarrollo Educativo y Formación Profesional ha desarrollado una Biblioweb donde las familias de todos los Centros educativos de Andalucía podrán tener acceso al catálogo de libros de sus respectivos Centros.</p>
<p><strong><a href="https://seneca.juntadeandalucia.es/seneca/biblioweb/portal/18006935" target="_blank" rel="attachment noopener wp-att-4998"><img loading="lazy" decoding="async" class="aligncenter wp-image-4998 size-full" src="https://blogsaverroes.juntadeandalucia.es/ceprvirgendelacabeza/files/2026/02/portada_biblioweb.png" alt="" width="1149" height="623" srcset="https://blogsaverroes.juntadeandalucia.es/ceprvirgendelacabeza/files/2026/02/portada_biblioweb.png 1149w, https://blogsaverroes.juntadeandalucia.es/ceprvirgendelacabeza/files/2026/02/portada_biblioweb-300x163.png 300w, https://blogsaverroes.juntadeandalucia.es/ceprvirgendelacabeza/files/2026/02/portada_biblioweb-1024x555.png 1024w, https://blogsaverroes.juntadeandalucia.es/ceprvirgendelacabeza/files/2026/02/portada_biblioweb-768x416.png 768w" sizes="(max-width: 706px) 89vw, (max-width: 767px) 82vw, 740px" /></a></strong></p>
<p>&nbsp;</p>

<p>BIBLIOWEB La Consejería de Desarrollo Educativo y Formación Profesional ha desarrollado una Biblioweb donde las familias de todos los Centros educativos de Andalucía podrán tener acceso al catálogo de libros de sus respectivos Centros. &nbsp;</p>
