{"id":432,"date":"2015-03-20T07:07:25","date_gmt":"2015-03-20T07:07:25","guid":{"rendered":"http:\/\/blogsaverroes.juntadeandalucia.es\/pre\/ceip\/?page_id=432"},"modified":"2023-05-14T19:50:42","modified_gmt":"2023-05-14T18:50:42","slug":"ed-primaria-2o-ciclo","status":"publish","type":"page","link":"https:\/\/blogsaverroes.juntadeandalucia.es\/ceprvirgendelacabeza\/ed-primaria-2o-ciclo\/","title":{"rendered":"Ed. Primaria. 2\u00ba ciclo"},"content":{"rendered":"<p>En esta secci\u00f3n ofrecemos el enlace a Recursos Educativos Abiertos (REA), que la Consejer\u00eda de Desarrollo Educativo y Formaci\u00f3n Profesional ha desarrollado para la comunidad educativa.<\/p>\n<p>&nbsp;<\/p>\n<p><a href=\"https:\/\/www.juntadeandalucia.es\/educacion\/portals\/web\/transformacion-digital-educativa\/rea\/primaria\"><img loading=\"lazy\" decoding=\"async\" class=\"alignnone wp-image-1616 size-full\" src=\"https:\/\/blogsaverroes.juntadeandalucia.es\/ceprvirgendelacabeza\/files\/2015\/03\/educacion2.jpg\" alt=\"\" width=\"640\" height=\"546\" srcset=\"https:\/\/blogsaverroes.juntadeandalucia.es\/ceprvirgendelacabeza\/files\/2015\/03\/educacion2.jpg 640w, https:\/\/blogsaverroes.juntadeandalucia.es\/ceprvirgendelacabeza\/files\/2015\/03\/educacion2-300x255.jpg 300w\" sizes=\"(max-width: 640px) 100vw, 640px\" \/><\/a><\/p>\n<p>&nbsp;<\/p>\n","protected":false},"excerpt":{"rendered":"<p>En esta secci\u00f3n ofrecemos el enlace a Recursos Educativos Abiertos (REA), que la Consejer\u00eda de Desarrollo Educativo y Formaci\u00f3n Profesional ha desarrollado para la comunidad educativa. &nbsp; &nbsp;<\/p>\n","protected":false},"author":1,"featured_media":0,"parent":0,"menu_order":0,"comment_status":"closed","ping_status":"open","template":"page-sc.php","meta":{"ngg_post_thumbnail":0,"footnotes":"","_mc_calendar":[]},"aioseo_notices":[],"_links":{"self":[{"href":"https:\/\/blogsaverroes.juntadeandalucia.es\/ceprvirgendelacabeza\/wp-json\/wp\/v2\/pages\/432"}],"collection":[{"href":"https:\/\/blogsaverroes.juntadeandalucia.es\/ceprvirgendelacabeza\/wp-json\/wp\/v2\/pages"}],"about":[{"href":"https:\/\/blogsaverroes.juntadeandalucia.es\/ceprvirgendelacabeza\/wp-json\/wp\/v2\/types\/page"}],"author":[{"embeddable":true,"href":"https:\/\/blogsaverroes.juntadeandalucia.es\/ceprvirgendelacabeza\/wp-json\/wp\/v2\/users\/1"}],"replies":[{"embeddable":true,"href":"https:\/\/blogsaverroes.juntadeandalucia.es\/ceprvirgendelacabeza\/wp-json\/wp\/v2\/comments?post=432"}],"version-history":[{"count":11,"href":"https:\/\/blogsaverroes.juntadeandalucia.es\/ceprvirgendelacabeza\/wp-json\/wp\/v2\/pages\/432\/revisions"}],"predecessor-version":[{"id":4500,"href":"https:\/\/blogsaverroes.juntadeandalucia.es\/ceprvirgendelacabeza\/wp-json\/wp\/v2\/pages\/432\/revisions\/4500"}],"wp:attachment":[{"href":"https:\/\/blogsaverroes.juntadeandalucia.es\/ceprvirgendelacabeza\/wp-json\/wp\/v2\/media?parent=432"}],"curies":[{"name":"wp","href":"https:\/\/api.w.org\/{rel}","templated":true}]}}

Ed. Primaria. 2º ciclo

<p>En esta sección ofrecemos el enlace a Recursos Educativos Abiertos (REA), que la Consejería de Desarrollo Educativo y Formación Profesional ha desarrollado para la comunidad educativa.</p>
<p>&nbsp;</p>
<p><a href="https://www.juntadeandalucia.es/educacion/portals/web/transformacion-digital-educativa/rea/primaria"><img loading="lazy" decoding="async" class="alignnone wp-image-1616 size-full" src="https://blogsaverroes.juntadeandalucia.es/ceprvirgendelacabeza/files/2015/03/educacion2.jpg" alt="" width="640" height="546" srcset="https://blogsaverroes.juntadeandalucia.es/ceprvirgendelacabeza/files/2015/03/educacion2.jpg 640w, https://blogsaverroes.juntadeandalucia.es/ceprvirgendelacabeza/files/2015/03/educacion2-300x255.jpg 300w" sizes="(max-width: 640px) 100vw, 640px" /></a></p>
<p>&nbsp;</p>

<p>En esta sección ofrecemos el enlace a Recursos Educativos Abiertos (REA), que la Consejería de Desarrollo Educativo y Formación Profesional ha desarrollado para la comunidad educativa. &nbsp; &nbsp;</p>
