{"id":2914,"date":"2024-11-02T12:23:30","date_gmt":"2024-11-02T12:23:30","guid":{"rendered":"https:\/\/blogsaverroes.juntadeandalucia.es\/cepvirgendelavilla\/?page_id=2914"},"modified":"2024-11-02T12:25:55","modified_gmt":"2024-11-02T12:25:55","slug":"oferta-educativa","status":"publish","type":"page","link":"https:\/\/blogsaverroes.juntadeandalucia.es\/cepvirgendelavilla\/oferta-educativa\/","title":{"rendered":"Oferta educativa"},"content":{"rendered":"<h2 class=\"font_2 wixui-rich-text__text\"><span class=\"wixui-rich-text__text\" style=\"color: #339966\">OFERTA EDUCATIVA DEL CEP VIRGEN DE LA VILLA<br class=\"wixui-rich-text__text\">&nbsp; &nbsp; &nbsp; &nbsp; &nbsp; PARA EL CURSO ESCOLAR<\/span><\/h2>\n<div id=\"comp-ly9oxzv2\" class=\"HcOXKn c9GqVL QxJLC3 lq2cno comp-ly9oxzv2 wixui-rich-text\" data-testid=\"richTextElement\">&nbsp;<\/div>\n<table style=\"border-collapse: collapse;width: 100%\">\n<tbody>\n<tr>\n<td style=\"width: 39.0909%\">\n<h3 class=\"font_0 wixui-rich-text__text\"><span class=\"wixui-rich-text__text\" style=\"color: #339966\">Educaci\u00f3n Primaria<\/span><\/h3>\n<\/td>\n<td style=\"width: 60.9091%\">\n<h3 class=\"font_0 wixui-rich-text__text\"><span class=\"wixui-rich-text__text\" style=\"color: #339966\">Equipo de Orientaci\u00f3n Educativa<\/span><\/h3>\n<\/td>\n<\/tr>\n<tr>\n<td style=\"width: 39.0909%\">\n<div id=\"comp-ly9oxzve\" class=\"HcOXKn c9GqVL QxJLC3 lq2cno comp-ly9oxzve wixui-rich-text\" data-testid=\"richTextElement\"><strong><span class=\"wixui-rich-text__text\"><span class=\"color_39 wixui-rich-text__text\">Primer Ciclo<\/span><\/span><\/strong><\/div>\n<div id=\"comp-ly9oxzv2\" class=\"HcOXKn c9GqVL QxJLC3 lq2cno comp-ly9oxzv2 wixui-rich-text\" data-testid=\"richTextElement\"><strong><span class=\"wixui-rich-text__text\"><span class=\"color_39 wixui-rich-text__text\">Segundo Ciclo<\/span><\/span><\/strong><\/div>\n<div class=\"HcOXKn c9GqVL QxJLC3 lq2cno comp-ly9oxzv2 wixui-rich-text\" data-testid=\"richTextElement\"><strong>Tercer Ciclo<\/strong><\/div>\n<\/td>\n<td style=\"width: 60.9091%\">\n<div id=\"comp-lzu2cld9\" class=\"HcOXKn c9GqVL QxJLC3 lq2cno comp-lzu2cld9 wixui-rich-text\" data-testid=\"richTextElement\"><strong><span class=\"color_39 wixui-rich-text__text\"><span class=\"wixui-rich-text__text\">Pedagog\u00eda Terap\u00e9utica<\/span><\/span><\/strong><\/div>\n<div class=\"AKxYR5 VZYmYf comp-lzu2d633\" data-testid=\"svgRoot-comp-lzu2d633\"><strong>Audici\u00f3n y Lenguaje<\/strong><\/div>\n<div id=\"comp-lzu2e1nw\" class=\"HcOXKn c9GqVL QxJLC3 lq2cno comp-lzu2e1nw wixui-rich-text\" data-testid=\"richTextElement\"><strong><span class=\"color_39 wixui-rich-text__text\"><span class=\"wixui-rich-text__text\">Orientaci\u00f3n escolar<\/span><\/span><\/strong><\/div>\n<\/td>\n<\/tr>\n<\/tbody>\n<\/table>\n","protected":false},"excerpt":{"rendered":"<p>OFERTA EDUCATIVA DEL CEP VIRGEN DE LA VILLA&nbsp; &nbsp; &nbsp; &nbsp; &nbsp; PARA EL CURSO ESCOLAR &nbsp; Educaci\u00f3n Primaria Equipo de Orientaci\u00f3n Educativa Primer Ciclo Segundo Ciclo Tercer Ciclo Pedagog\u00eda Terap\u00e9utica Audici\u00f3n y Lenguaje&#46;&#46;&#46;<\/p>\n","protected":false},"author":6203,"featured_media":0,"parent":0,"menu_order":0,"comment_status":"closed","ping_status":"closed","template":"","meta":{"ngg_post_thumbnail":0,"footnotes":"","_mc_calendar":[]},"aioseo_notices":[],"_links":{"self":[{"href":"https:\/\/blogsaverroes.juntadeandalucia.es\/cepvirgendelavilla\/wp-json\/wp\/v2\/pages\/2914"}],"collection":[{"href":"https:\/\/blogsaverroes.juntadeandalucia.es\/cepvirgendelavilla\/wp-json\/wp\/v2\/pages"}],"about":[{"href":"https:\/\/blogsaverroes.juntadeandalucia.es\/cepvirgendelavilla\/wp-json\/wp\/v2\/types\/page"}],"author":[{"embeddable":true,"href":"https:\/\/blogsaverroes.juntadeandalucia.es\/cepvirgendelavilla\/wp-json\/wp\/v2\/users\/6203"}],"replies":[{"embeddable":true,"href":"https:\/\/blogsaverroes.juntadeandalucia.es\/cepvirgendelavilla\/wp-json\/wp\/v2\/comments?post=2914"}],"version-history":[{"count":3,"href":"https:\/\/blogsaverroes.juntadeandalucia.es\/cepvirgendelavilla\/wp-json\/wp\/v2\/pages\/2914\/revisions"}],"predecessor-version":[{"id":2918,"href":"https:\/\/blogsaverroes.juntadeandalucia.es\/cepvirgendelavilla\/wp-json\/wp\/v2\/pages\/2914\/revisions\/2918"}],"wp:attachment":[{"href":"https:\/\/blogsaverroes.juntadeandalucia.es\/cepvirgendelavilla\/wp-json\/wp\/v2\/media?parent=2914"}],"curies":[{"name":"wp","href":"https:\/\/api.w.org\/{rel}","templated":true}]}}

<h2 class="font_2 wixui-rich-text__text"><span class="wixui-rich-text__text" style="color: #339966">OFERTA EDUCATIVA DEL CEP VIRGEN DE LA VILLA<br class="wixui-rich-text__text">&nbsp; &nbsp; &nbsp; &nbsp; &nbsp; PARA EL CURSO ESCOLAR</span></h2>
<div id="comp-ly9oxzv2" class="HcOXKn c9GqVL QxJLC3 lq2cno comp-ly9oxzv2 wixui-rich-text" data-testid="richTextElement">&nbsp;</div>
<table style="border-collapse: collapse;width: 100%">
<tbody>
<tr>
<td style="width: 39.0909%">
<h3 class="font_0 wixui-rich-text__text"><span class="wixui-rich-text__text" style="color: #339966">Educación Primaria</span></h3>
</td>
<td style="width: 60.9091%">
<h3 class="font_0 wixui-rich-text__text"><span class="wixui-rich-text__text" style="color: #339966">Equipo de Orientación Educativa</span></h3>
</td>
</tr>
<tr>
<td style="width: 39.0909%">
<div id="comp-ly9oxzve" class="HcOXKn c9GqVL QxJLC3 lq2cno comp-ly9oxzve wixui-rich-text" data-testid="richTextElement"><strong><span class="wixui-rich-text__text"><span class="color_39 wixui-rich-text__text">Primer Ciclo</span></span></strong></div>
<div id="comp-ly9oxzv2" class="HcOXKn c9GqVL QxJLC3 lq2cno comp-ly9oxzv2 wixui-rich-text" data-testid="richTextElement"><strong><span class="wixui-rich-text__text"><span class="color_39 wixui-rich-text__text">Segundo Ciclo</span></span></strong></div>
<div class="HcOXKn c9GqVL QxJLC3 lq2cno comp-ly9oxzv2 wixui-rich-text" data-testid="richTextElement"><strong>Tercer Ciclo</strong></div>
</td>
<td style="width: 60.9091%">
<div id="comp-lzu2cld9" class="HcOXKn c9GqVL QxJLC3 lq2cno comp-lzu2cld9 wixui-rich-text" data-testid="richTextElement"><strong><span class="color_39 wixui-rich-text__text"><span class="wixui-rich-text__text">Pedagogía Terapéutica</span></span></strong></div>
<div class="AKxYR5 VZYmYf comp-lzu2d633" data-testid="svgRoot-comp-lzu2d633"><strong>Audición y Lenguaje</strong></div>
<div id="comp-lzu2e1nw" class="HcOXKn c9GqVL QxJLC3 lq2cno comp-lzu2e1nw wixui-rich-text" data-testid="richTextElement"><strong><span class="color_39 wixui-rich-text__text"><span class="wixui-rich-text__text">Orientación escolar</span></span></strong></div>
</td>
</tr>
</tbody>
</table>

<p>OFERTA EDUCATIVA DEL CEP VIRGEN DE LA VILLA&nbsp; &nbsp; &nbsp; &nbsp; &nbsp; PARA EL CURSO ESCOLAR &nbsp; Educación Primaria Equipo de Orientación Educativa Primer Ciclo Segundo Ciclo Tercer Ciclo Pedagogía Terapéutica Audición y Lenguaje&#46;&#46;&#46;</p>
