{"id":44,"date":"2015-03-13T08:42:15","date_gmt":"2015-03-13T08:42:15","guid":{"rendered":"http:\/\/blogsaverroes.juntadeandalucia.es\/pre\/ceip\/?page_id=44"},"modified":"2024-10-30T16:32:08","modified_gmt":"2024-10-30T16:32:08","slug":"planes-y-proyectos","status":"publish","type":"page","link":"https:\/\/blogsaverroes.juntadeandalucia.es\/cepvirgendelavilla\/planes-y-proyectos\/","title":{"rendered":"Planes y Programas"},"content":{"rendered":"<p style=\"text-align: justify\">Cada centro personaliza y adapta su Proyecto Educativo adhiri\u00e9ndose a diferentes <strong>Planes y Programas<\/strong> promovidos desde la Consejer\u00eda de Educaci\u00f3n, Cultura y Deporte. Este apartado recoger\u00eda la descripci\u00f3n, finalidades, actividades, coordinador\/a, etc. de estos Planes y Programas desarrollados por el centro. A continuaci\u00f3n se muestran algunos de ellos.<\/p>\n<p dir=\"ltr\" style=\"text-align: justify\">&#8211;<a href=\"https:\/\/sites.google.com\/view\/documentos-virgenvilla\/secretaria\/servicios-del-centro\">PAC<\/a>&nbsp; (Plan de Apertura en Centros. )<\/p>\n<div class=\"CjVfdc\" style=\"text-align: justify\"><span class=\"C9DxTc \">&#8211;<\/span><a class=\"XqQF9c\" href=\"https:\/\/sites.google.com\/virgendelavilla.com\/mates-pcm\/inicio\" target=\"_blank\" rel=\"noopener\"><span class=\"C9DxTc aw5Odc \">PCM<\/span><\/a><span class=\"C9DxTc \">.&nbsp; (Plan competencia matem\u00e1tica. Plan de razonamiento matem\u00e1tico.<\/span><\/div>\n<div id=\"h.4sqevfkev4lb\" class=\"CobnVe yMxPgf aP9Z7e\" style=\"text-align: justify\">&nbsp;<\/div>\n<div class=\"CjVfdc\" style=\"text-align: justify\"><span class=\"C9DxTc \">&#8211;<\/span><a class=\"XqQF9c\" href=\"https:\/\/sites.google.com\/virgendelavilla.com\/proyecto-linguistico-centro\/inicio\" target=\"_blank\" rel=\"noopener\"><span class=\"C9DxTc aw5Odc \">PLC<\/span><\/a><span class=\"C9DxTc \">.&nbsp; (Plan Ling\u00fc\u00edstico de Centro) &nbsp; &#8211;<\/span><a class=\"XqQF9c\" href=\"https:\/\/sites.google.com\/view\/documentos-virgenvilla\/planes-y-proyectos\/plan-lector?authuser=0\" target=\"_blank\" rel=\"noopener\"><span class=\"C9DxTc aw5Odc \">Plan Lector<\/span><\/a><span class=\"C9DxTc \"> .&nbsp; &nbsp; &#8211;<a class=\"XqQF9c\" href=\"https:\/\/sites.google.com\/view\/documentos-virgenvilla\/planes-y-proyectos\/comunica?authuser=0\" target=\"_blank\" rel=\"noopener\"><span class=\"C9DxTc aw5Odc \">Comunica<\/span><\/a> .&nbsp; &nbsp; &nbsp; &nbsp; &nbsp; &nbsp; &nbsp; &nbsp; &nbsp;<\/span><\/div>\n<div id=\"h.u13drradtio2\" class=\"CobnVe yMxPgf aP9Z7e\" style=\"text-align: justify\">&nbsp;<\/div>\n<div class=\"CjVfdc\" style=\"text-align: justify\"><span class=\"C9DxTc \">&#8211;<\/span><a class=\"XqQF9c\" href=\"https:\/\/sites.google.com\/view\/documentos-virgenvilla\/planes-y-proyectos\/p-innov-investig-elaborac\" target=\"_blank\" rel=\"noopener\"><span class=\"C9DxTc aw5Odc \">Provectos de investigaci\u00f3n, innovaci\u00f3n y elaboraci\u00f3n de materiales<\/span><\/a><span class=\"C9DxTc \">.<\/span><\/div>\n<div class=\"CjVfdc\" style=\"text-align: justify\"><span class=\"C9DxTc \">&#8211;<\/span><a class=\"XqQF9c\" href=\"https:\/\/sites.google.com\/view\/documentos-virgenvilla\/planes-y-proyectos\/placm\" target=\"_blank\" rel=\"noopener\"><span class=\"C9DxTc aw5Odc \">PLACM<\/span><\/a><span class=\"C9DxTc \">. (Programa de Lengua \u00c1rabe y Cultura Marroqu\u00ed)&nbsp;&nbsp;&nbsp;&nbsp;&nbsp;&nbsp;&nbsp;&nbsp;&nbsp;&nbsp;&nbsp;&nbsp;&nbsp;&nbsp;&nbsp;&nbsp;&nbsp;&nbsp;&nbsp;&nbsp;&nbsp;&nbsp;&nbsp;&nbsp;&nbsp;<\/span><\/div>\n<div id=\"h.p_8QlotFsrlFRx\" class=\"CobnVe yMxPgf aP9Z7e\" style=\"text-align: justify\"><span class=\"C9DxTc \">&#8211;<\/span><a class=\"XqQF9c\" href=\"https:\/\/sites.google.com\/view\/documentos-virgenvilla\/planes-y-proyectos\/plan-de-bibliotecas?authuser=0\" target=\"_blank\" rel=\"noopener\"><span class=\"C9DxTc aw5Odc \">Plan de Biblioteca<\/span><\/a><span class=\"C9DxTc \">.&nbsp; &nbsp; &nbsp; &nbsp; &nbsp; &nbsp; &nbsp; &nbsp; &nbsp; &nbsp; &nbsp; &nbsp; &nbsp; &nbsp; &nbsp; &nbsp; &nbsp; &nbsp; &nbsp; &nbsp; &nbsp; &nbsp; &nbsp; &nbsp; &nbsp; &nbsp; &nbsp; &nbsp; &nbsp; &nbsp; &nbsp; &nbsp; &nbsp; &nbsp; &nbsp; &nbsp; &nbsp; &nbsp; &nbsp; &nbsp; &nbsp; &nbsp; &nbsp; &nbsp; &nbsp; &nbsp; &nbsp; &nbsp; &nbsp; &nbsp; &nbsp; &nbsp; &nbsp; &nbsp; &nbsp; &nbsp; &nbsp; &nbsp; &nbsp;<\/span><\/div>\n<div class=\"CjVfdc\" style=\"text-align: justify\"><span class=\"C9DxTc \">&#8211;<\/span><a class=\"XqQF9c\" href=\"https:\/\/sites.google.com\/view\/documentos-virgenvilla\/planes-y-proyectos\/plan-de-igualdad?authuser=0\" target=\"_blank\" rel=\"noopener\"><span class=\"C9DxTc aw5Odc \">Plan de&nbsp; Igualdad Coeducaci\u00f3n<\/span><\/a><span class=\"C9DxTc \">.&nbsp; &nbsp; &nbsp; &nbsp; &nbsp; &nbsp; &nbsp; &nbsp; &nbsp; &nbsp; &nbsp; &nbsp; &nbsp; &nbsp; &nbsp; &nbsp; &nbsp; &nbsp; &nbsp; &nbsp; &nbsp; &nbsp; &nbsp; &nbsp; &nbsp; &nbsp; &nbsp; &nbsp; &nbsp; &nbsp; &nbsp; &nbsp; &nbsp; &nbsp; &nbsp; &nbsp; &nbsp; &nbsp;<\/span><span class=\"C9DxTc \">&nbsp; &nbsp; &nbsp; &nbsp; &nbsp; &nbsp; &nbsp; &nbsp; &nbsp; &nbsp; &nbsp; &nbsp; &nbsp; &nbsp; &nbsp; &nbsp; &nbsp; &nbsp; &nbsp; &nbsp; <\/span><span class=\"C9DxTc \">&nbsp;<\/span><\/div>\n<div class=\"CjVfdc\" style=\"text-align: justify\"><span class=\"C9DxTc \">&#8211;<\/span><a class=\"XqQF9c\" href=\"https:\/\/sites.google.com\/view\/documentos-virgenvilla\/planes-y-proyectos\/plan-autoprotec-escolar?authuser=0\" target=\"_blank\" rel=\"noopener\"><span class=\"C9DxTc aw5Odc \">Plan de autoprotecci\u00f3n escolar<\/span><\/a><span class=\"C9DxTc \">.&nbsp;&nbsp;&nbsp;&nbsp;&nbsp;&nbsp;&nbsp;&nbsp;&nbsp;&nbsp;&nbsp;&nbsp;&nbsp;&nbsp;&nbsp;&nbsp;&nbsp;&nbsp;&nbsp;&nbsp;&nbsp;&nbsp;&nbsp;&nbsp;&nbsp;&nbsp;&nbsp;&nbsp;&nbsp;&nbsp;&nbsp;&nbsp;&nbsp;&nbsp;&nbsp;&nbsp;&nbsp;&nbsp;&nbsp;&nbsp;&nbsp;&nbsp;&nbsp;&nbsp;&nbsp;&nbsp;&nbsp;&nbsp;&nbsp;&nbsp;&nbsp;&nbsp;&nbsp;&nbsp;&nbsp;<\/span><\/div>\n<div id=\"h.p_cpMLTXAbkbSL\" class=\"CobnVe yMxPgf aP9Z7e\" style=\"text-align: justify\"><span class=\"C9DxTc \">&#8211;<\/span><a class=\"XqQF9c\" href=\"https:\/\/sites.google.com\/view\/documentos-virgenvilla\/planes-y-proyectos\/plan-trabajo-eoe?authuser=0\" target=\"_blank\" rel=\"noopener\"><span class=\"C9DxTc aw5Odc \">Plan de trabajo del EOE<\/span><\/a><span class=\"C9DxTc \">.&nbsp; &nbsp; &nbsp; &nbsp; &nbsp; &nbsp; &nbsp; &nbsp; &nbsp; &nbsp; &nbsp; &nbsp; &nbsp; &nbsp; &nbsp; &nbsp; &nbsp; &nbsp; &nbsp; &nbsp; &nbsp; &nbsp; &nbsp; &nbsp; &nbsp; &nbsp; &nbsp; &nbsp; &nbsp; &nbsp; &nbsp; &nbsp; &nbsp; &nbsp; &nbsp; &nbsp;&nbsp;<\/span><\/div>\n<p class=\"zfr3Q CDt4Ke \" dir=\"ltr\" style=\"text-align: justify\"><span class=\"C9DxTc \">&#8211;<\/span><a class=\"XqQF9c\" href=\"https:\/\/sites.google.com\/view\/documentos-virgenvilla\/planes-y-proyectos\/plan-cima\" target=\"_blank\" rel=\"noopener\"><span class=\"C9DxTc aw5Odc \">Plan&nbsp; CIMA<\/span><\/a><span class=\"C9DxTc \">.<\/span><\/p>\n<p class=\"zfr3Q CDt4Ke \" dir=\"ltr\" style=\"text-align: justify\"><span class=\"C9DxTc \">&nbsp;&#8211;<\/span><a class=\"XqQF9c\" href=\"https:\/\/sites.google.com\/view\/documentos-virgenvilla\/planes-y-proyectos\/plan-de-biling%C3%BCismo?authuser=0\" target=\"_blank\" rel=\"noopener\"><span class=\"C9DxTc aw5Odc \">Plan de biling\u00fcismo<\/span><\/a><span class=\"C9DxTc \">.<\/span><\/p>\n<div class=\"CjVfdc\" style=\"text-align: justify\"><span class=\"C9DxTc \">&#8211;<\/span><a class=\"XqQF9c\" href=\"https:\/\/sites.google.com\/view\/documentos-virgenvilla\/planes-y-proyectos\/proyecto-tic?authuser=0\" target=\"_blank\" rel=\"noopener\"><span class=\"C9DxTc aw5Odc \">Plan &nbsp; TDE TIC<\/span><\/a><span class=\"C9DxTc \">&nbsp;.&nbsp;&nbsp;<\/span><a class=\"XqQF9c\" href=\"https:\/\/sites.google.com\/view\/documentos-virgenvilla\/planes-y-proyectos\/proy-innovaci%C3%B3n-tde\" target=\"_blank\" rel=\"noopener\"><span class=\"C9DxTc aw5Odc \">enlace<\/span><\/a><span class=\"C9DxTc \">.<\/span><span class=\"C9DxTc \">&nbsp;<\/span><\/div>\n<div class=\"CjVfdc\" style=\"text-align: justify\"><span class=\"C9DxTc \">&#8211;<\/span><span class=\"C9DxTc \">Plan de actuaci\u00f3n digital PAD&nbsp;<\/span><a class=\"XqQF9c\" href=\"https:\/\/sites.google.com\/view\/documentos-virgenvilla\/planes-y-proyectos\/proy-innovaci%C3%B3n-tde\/pad\" target=\"_blank\" rel=\"noopener\"><span class=\"C9DxTc aw5Odc \">enlace<\/span><\/a><span class=\"C9DxTc \">.<\/span><span class=\"C9DxTc \">&nbsp;<\/span><\/div>\n<div class=\"CjVfdc\" style=\"text-align: justify\"><span class=\"C9DxTc \">&#8211;<\/span><a class=\"XqQF9c\" href=\"https:\/\/sites.google.com\/view\/documentos-virgenvilla\/planes-y-proyectos\/escuela-y-espacio-de-paz?authuser=0\" target=\"_blank\" rel=\"noopener\"><span class=\"C9DxTc aw5Odc \">Escuela y Espacio de Paz<\/span><\/a><span class=\"C9DxTc \">&nbsp;.<\/span><\/div>\n<p class=\"zfr3Q CDt4Ke \" dir=\"ltr\" style=\"text-align: justify\"><span class=\"C9DxTc \">&#8211;<\/span><a class=\"XqQF9c\" href=\"https:\/\/sites.google.com\/view\/documentos-virgenvilla\/planes-y-proyectos\/bienestar-emocional\" target=\"_blank\" rel=\"noopener\"><span class=\"C9DxTc aw5Odc \">Bienestar emocional<\/span><\/a><span class=\"C9DxTc \">.<\/span><\/p>\n<p>&nbsp;<\/p>\n","protected":false},"excerpt":{"rendered":"<p>Cada centro personaliza y adapta su Proyecto Educativo adhiri\u00e9ndose a diferentes Planes y Programas promovidos desde la Consejer\u00eda de Educaci\u00f3n, Cultura y Deporte. Este apartado recoger\u00eda la descripci\u00f3n, finalidades, actividades, coordinador\/a, etc. de estos&#46;&#46;&#46;<\/p>\n","protected":false},"author":1,"featured_media":0,"parent":0,"menu_order":0,"comment_status":"closed","ping_status":"closed","template":"page-template-full.php","meta":{"ngg_post_thumbnail":0,"footnotes":"","_mc_calendar":[]},"aioseo_notices":[],"_links":{"self":[{"href":"https:\/\/blogsaverroes.juntadeandalucia.es\/cepvirgendelavilla\/wp-json\/wp\/v2\/pages\/44"}],"collection":[{"href":"https:\/\/blogsaverroes.juntadeandalucia.es\/cepvirgendelavilla\/wp-json\/wp\/v2\/pages"}],"about":[{"href":"https:\/\/blogsaverroes.juntadeandalucia.es\/cepvirgendelavilla\/wp-json\/wp\/v2\/types\/page"}],"author":[{"embeddable":true,"href":"https:\/\/blogsaverroes.juntadeandalucia.es\/cepvirgendelavilla\/wp-json\/wp\/v2\/users\/1"}],"replies":[{"embeddable":true,"href":"https:\/\/blogsaverroes.juntadeandalucia.es\/cepvirgendelavilla\/wp-json\/wp\/v2\/comments?post=44"}],"version-history":[{"count":19,"href":"https:\/\/blogsaverroes.juntadeandalucia.es\/cepvirgendelavilla\/wp-json\/wp\/v2\/pages\/44\/revisions"}],"predecessor-version":[{"id":2754,"href":"https:\/\/blogsaverroes.juntadeandalucia.es\/cepvirgendelavilla\/wp-json\/wp\/v2\/pages\/44\/revisions\/2754"}],"wp:attachment":[{"href":"https:\/\/blogsaverroes.juntadeandalucia.es\/cepvirgendelavilla\/wp-json\/wp\/v2\/media?parent=44"}],"curies":[{"name":"wp","href":"https:\/\/api.w.org\/{rel}","templated":true}]}}