{"id":61,"date":"2024-03-25T07:32:42","date_gmt":"2024-03-25T07:32:42","guid":{"rendered":"https:\/\/blogsaverroes.juntadeandalucia.es\/ciasur\/?page_id=61"},"modified":"2024-03-25T21:00:38","modified_gmt":"2024-03-25T21:00:38","slug":"quienes-somos","status":"publish","type":"page","link":"https:\/\/blogsaverroes.juntadeandalucia.es\/ciasur\/quienes-somos\/","title":{"rendered":"Nuestro Universo"},"content":{"rendered":"<p style=\"text-align: justify\"><a href=\"https:\/\/blogsaverroes.juntadeandalucia.es\/ciasur\/quienes-somos\/01_logo_ciasur_peq\/\" rel=\"attachment wp-att-63\"><img loading=\"lazy\" decoding=\"async\" class=\" wp-image-63 alignleft\" src=\"https:\/\/blogsaverroes.juntadeandalucia.es\/ciasur\/files\/2024\/03\/01_Logo_CIASUR_Peq.png\" alt=\"\" width=\"213\" height=\"292\" srcset=\"https:\/\/blogsaverroes.juntadeandalucia.es\/ciasur\/files\/2024\/03\/01_Logo_CIASUR_Peq.png 400w, https:\/\/blogsaverroes.juntadeandalucia.es\/ciasur\/files\/2024\/03\/01_Logo_CIASUR_Peq-219x300.png 219w\" sizes=\"(max-width: 213px) 100vw, 213px\" \/><\/a>Somos C\u00edaSur, una asociaci\u00f3n dedicada a promover la igualdad y la inclusi\u00f3n en el Sector Sur de C\u00f3rdoba. Nuestra misi\u00f3n es crear comunidades educativas donde todas las personas sean valoradas por igual, sin importar su origen, cultura o circunstancias.<\/p>\n<p style=\"text-align: justify\">Nuestra asociaci\u00f3n naci\u00f3 hace varios a\u00f1os con el compromiso de Maricruz G\u00f3mez Morales, responsable de alumnos de Trastornos Graves de Conducta del CEIP San Juan de la Cruz de C\u00f3rdoba y de varios colegios e institutos de la zona. Comenzamos como un peque\u00f1o grupo de colegios unidos por la necesidad de combatir la discriminaci\u00f3n y promover la inclusi\u00f3n en nuestras aulas. Con el tiempo, hemos crecido y evolucionado para convertirnos en un referente en la lucha por la igualdad en la educaci\u00f3n.<\/p>\n<p style=\"text-align: justify\">En Esencia de Igualdad, nos regimos por valores fundamentales como el respeto, la tolerancia y la justicia. Creemos en la importancia de celebrar la diversidad y en el derecho de todas las personas a ser tratadas con dignidad y equidad.<\/p>\n<p style=\"text-align: justify\">Nuestro equipo est\u00e1 formado por un grupo diverso de educadores y profesionales comprometidos con nuestra causa. Hemos colaborado y colaboramos con asociaciones como APIC.&nbsp; Cada miembro aporta su experiencia y pasi\u00f3n por la igualdad, trabajando juntos para crear entornos escolares m\u00e1s inclusivos y acogedores. Aqu\u00ed te presentamos a nuestros l\u00edderes: Maricruz G\u00f3mez Morales, responsable de alumnos de Trastornos Graves de Conducta, y otros miembros destacados de nuestros colegios asociados.<\/p>\n<p style=\"text-align: justify\">Nuestra misi\u00f3n en Esencia de Igualdad es fomentar una cultura de respeto y aceptaci\u00f3n en nuestras comunidades educativas, donde todos los estudiantes puedan alcanzar su m\u00e1ximo potencial sin enfrentar barreras discriminatorias. Nuestra visi\u00f3n es crear un futuro donde la igualdad y la inclusi\u00f3n sean valores fundamentales en la educaci\u00f3n y en la sociedad en su conjunto.<\/p>\n","protected":false},"excerpt":{"rendered":"<p>Somos C\u00edaSur, una asociaci\u00f3n dedicada a promover la igualdad y la inclusi\u00f3n en el Sector Sur de C\u00f3rdoba. Nuestra misi\u00f3n es crear comunidades educativas donde&hellip;<\/p>\n","protected":false},"author":7619,"featured_media":0,"parent":0,"menu_order":0,"comment_status":"closed","ping_status":"closed","template":"","meta":{"ngg_post_thumbnail":0,"footnotes":""},"aioseo_notices":[],"_links":{"self":[{"href":"https:\/\/blogsaverroes.juntadeandalucia.es\/ciasur\/wp-json\/wp\/v2\/pages\/61"}],"collection":[{"href":"https:\/\/blogsaverroes.juntadeandalucia.es\/ciasur\/wp-json\/wp\/v2\/pages"}],"about":[{"href":"https:\/\/blogsaverroes.juntadeandalucia.es\/ciasur\/wp-json\/wp\/v2\/types\/page"}],"author":[{"embeddable":true,"href":"https:\/\/blogsaverroes.juntadeandalucia.es\/ciasur\/wp-json\/wp\/v2\/users\/7619"}],"replies":[{"embeddable":true,"href":"https:\/\/blogsaverroes.juntadeandalucia.es\/ciasur\/wp-json\/wp\/v2\/comments?post=61"}],"version-history":[{"count":3,"href":"https:\/\/blogsaverroes.juntadeandalucia.es\/ciasur\/wp-json\/wp\/v2\/pages\/61\/revisions"}],"predecessor-version":[{"id":124,"href":"https:\/\/blogsaverroes.juntadeandalucia.es\/ciasur\/wp-json\/wp\/v2\/pages\/61\/revisions\/124"}],"wp:attachment":[{"href":"https:\/\/blogsaverroes.juntadeandalucia.es\/ciasur\/wp-json\/wp\/v2\/media?parent=61"}],"curies":[{"name":"wp","href":"https:\/\/api.w.org\/{rel}","templated":true}]}}