{"id":282,"date":"2025-03-20T09:47:40","date_gmt":"2025-03-20T08:47:40","guid":{"rendered":"https:\/\/blogsaverroes.juntadeandalucia.es\/cimaalmeria\/?page_id=282"},"modified":"2025-03-20T09:48:27","modified_gmt":"2025-03-20T08:48:27","slug":"educomunicacion","status":"publish","type":"page","link":"https:\/\/blogsaverroes.juntadeandalucia.es\/cimaalmeria\/educomunicacion\/","title":{"rendered":"Educomunicaci\u00f3n"},"content":{"rendered":"<div class=\"pt-cv-wrapper\"><h3 class='pt-cv-heading-container heading1' data-blockid='18187f1jty'><span class='pt-cv-heading'> Actuaciones de Centros <\/span><\/h3><div class=\"pt-cv-view pt-cv-blockgrid iscvblock iscvhybrid grid1 layout1\" id=\"pt-cv-view-18187f1jty\"><div data-id=\"pt-cv-page-1\" class=\"pt-cv-page\" data-cvc=\"3\"><div class=\" pt-cv-content-item pt-cv-1-col\" ><div class=\"pt-cv-thumb-wrapper  \"><a href=\"https:\/\/blogsaverroes.juntadeandalucia.es\/cimaalmeria\/2025\/06\/23\/proyecto-telemediacion\/\" class=\"_blank pt-cv-href-thumbnail pt-cv-thumb-default\" target=\"_blank\" ><img decoding=\"async\" width=\"150\" height=\"150\" src=\"https:\/\/blogsaverroes.juntadeandalucia.es\/cimaalmeria\/files\/2025\/06\/Screenshot-2025-06-23-at-11-27-32-PROYECTO-TELEMEDIACION-CURSO-24_25-.docx-1-Maria-del-Mar-Rienda-Martinez.pdf-Google-Drive-150x150.png\" class=\"pt-cv-thumbnail\" alt=\"\" srcset=\"https:\/\/blogsaverroes.juntadeandalucia.es\/cimaalmeria\/files\/2025\/06\/Screenshot-2025-06-23-at-11-27-32-PROYECTO-TELEMEDIACION-CURSO-24_25-.docx-1-Maria-del-Mar-Rienda-Martinez.pdf-Google-Drive-150x150.png 150w, https:\/\/blogsaverroes.juntadeandalucia.es\/cimaalmeria\/files\/2025\/06\/Screenshot-2025-06-23-at-11-27-32-PROYECTO-TELEMEDIACION-CURSO-24_25-.docx-1-Maria-del-Mar-Rienda-Martinez.pdf-Google-Drive-80x80.png 80w, https:\/\/blogsaverroes.juntadeandalucia.es\/cimaalmeria\/files\/2025\/06\/Screenshot-2025-06-23-at-11-27-32-PROYECTO-TELEMEDIACION-CURSO-24_25-.docx-1-Maria-del-Mar-Rienda-Martinez.pdf-Google-Drive-320x320.png 320w\" sizes=\"(max-width: 150px) 100vw, 150px\" \/><\/a><\/div>\n<div class=\"pt-cv-taxoterm above_title\"><a href='https:\/\/blogsaverroes.juntadeandalucia.es\/cimaalmeria\/category\/educomunicacion\/comunicacion-oral-y-debate\/' title='Comunicaci\u00f3n oral y debate' class='pt-cv-tax-comunicacion-oral-y-debate'>Comunicaci\u00f3n oral y debate<\/a><a href='https:\/\/blogsaverroes.juntadeandalucia.es\/cimaalmeria\/category\/educomunicacion\/' title='Educomunicaci\u00f3n' class='pt-cv-tax-educomunicacion'>Educomunicaci\u00f3n<\/a><\/div>\n<h4 class=\"pt-cv-title\"><a href=\"https:\/\/blogsaverroes.juntadeandalucia.es\/cimaalmeria\/2025\/06\/23\/proyecto-telemediacion\/\" class=\"_blank\" target=\"_blank\" >Proyecto TELEMEDIACI\u00d3N<\/a><\/h4>\n<div class=\"pt-cv-content\">IES ALHADRA. Proyecto realizado por el alumnado de 1\u00ba de ciclo formativo de grado superior de mediaci\u00f3n comunicativa con el ...<br \/><div class=\"pt-cv-rmwrap\"><a href=\"https:\/\/blogsaverroes.juntadeandalucia.es\/cimaalmeria\/2025\/06\/23\/proyecto-telemediacion\/\" class=\"_blank pt-cv-readmore btn btn-success\" target=\"_blank\">Leer M\u00e1s<\/a><\/div><\/div><\/div>\n<div class=\" pt-cv-content-item pt-cv-1-col\" ><div class=\"pt-cv-thumb-wrapper  \"><a href=\"https:\/\/blogsaverroes.juntadeandalucia.es\/cimaalmeria\/2025\/06\/23\/libro-de-vida\/\" class=\"_blank pt-cv-href-thumbnail pt-cv-thumb-default\" target=\"_blank\" ><img decoding=\"async\" width=\"150\" height=\"150\" src=\"https:\/\/blogsaverroes.juntadeandalucia.es\/cimaalmeria\/files\/2025\/06\/Screenshot-2025-06-23-at-10-53-33-Instagram-150x150.png\" class=\"pt-cv-thumbnail\" alt=\"\" srcset=\"https:\/\/blogsaverroes.juntadeandalucia.es\/cimaalmeria\/files\/2025\/06\/Screenshot-2025-06-23-at-10-53-33-Instagram-150x150.png 150w, https:\/\/blogsaverroes.juntadeandalucia.es\/cimaalmeria\/files\/2025\/06\/Screenshot-2025-06-23-at-10-53-33-Instagram-80x80.png 80w, https:\/\/blogsaverroes.juntadeandalucia.es\/cimaalmeria\/files\/2025\/06\/Screenshot-2025-06-23-at-10-53-33-Instagram-320x320.png 320w\" sizes=\"(max-width: 150px) 100vw, 150px\" \/><\/a><\/div>\n<div class=\"pt-cv-taxoterm above_title\"><a href='https:\/\/blogsaverroes.juntadeandalucia.es\/cimaalmeria\/category\/educomunicacion\/comunicacion-escrita-y-creatividad-literaria\/' title='Comunicaci\u00f3n escrita y creatividad literaria' class='pt-cv-tax-comunicacion-escrita-y-creatividad-literaria'>Comunicaci\u00f3n escrita y creatividad literaria<\/a><a href='https:\/\/blogsaverroes.juntadeandalucia.es\/cimaalmeria\/category\/educomunicacion\/' title='Educomunicaci\u00f3n' class='pt-cv-tax-educomunicacion'>Educomunicaci\u00f3n<\/a><\/div>\n<h4 class=\"pt-cv-title\"><a href=\"https:\/\/blogsaverroes.juntadeandalucia.es\/cimaalmeria\/2025\/06\/23\/libro-de-vida\/\" class=\"_blank\" target=\"_blank\" >Libro de vida<\/a><\/h4>\n<div class=\"pt-cv-content\">IES ALHADRA. Los alumnos de APSD (Atenci\u00f3n a Personas en Situaci\u00f3n de Dependencia) visitaron la Unidad de Estancia Diurna \"Jos\u00e9 ...<br \/><div class=\"pt-cv-rmwrap\"><a href=\"https:\/\/blogsaverroes.juntadeandalucia.es\/cimaalmeria\/2025\/06\/23\/libro-de-vida\/\" class=\"_blank pt-cv-readmore btn btn-success\" target=\"_blank\">Leer M\u00e1s<\/a><\/div><\/div><\/div>\n<div class=\" pt-cv-content-item pt-cv-1-col\" ><div class=\"pt-cv-thumb-wrapper  \"><a href=\"https:\/\/blogsaverroes.juntadeandalucia.es\/cimaalmeria\/2025\/06\/23\/inclusivos-vinculados\/\" class=\"_blank pt-cv-href-thumbnail pt-cv-thumb-default\" target=\"_blank\" ><img decoding=\"async\" width=\"150\" height=\"150\" src=\"https:\/\/blogsaverroes.juntadeandalucia.es\/cimaalmeria\/files\/2025\/06\/Screenshot-2025-06-23-at-10-20-35-VINCULADOS-Susana-Tellez-Montoro.pdf-Google-Drive-150x150.png\" class=\"pt-cv-thumbnail\" alt=\"\" srcset=\"https:\/\/blogsaverroes.juntadeandalucia.es\/cimaalmeria\/files\/2025\/06\/Screenshot-2025-06-23-at-10-20-35-VINCULADOS-Susana-Tellez-Montoro.pdf-Google-Drive-150x150.png 150w, https:\/\/blogsaverroes.juntadeandalucia.es\/cimaalmeria\/files\/2025\/06\/Screenshot-2025-06-23-at-10-20-35-VINCULADOS-Susana-Tellez-Montoro.pdf-Google-Drive-80x80.png 80w, https:\/\/blogsaverroes.juntadeandalucia.es\/cimaalmeria\/files\/2025\/06\/Screenshot-2025-06-23-at-10-20-35-VINCULADOS-Susana-Tellez-Montoro.pdf-Google-Drive-320x320.png 320w, https:\/\/blogsaverroes.juntadeandalucia.es\/cimaalmeria\/files\/2025\/06\/Screenshot-2025-06-23-at-10-20-35-VINCULADOS-Susana-Tellez-Montoro.pdf-Google-Drive.png 455w\" sizes=\"(max-width: 150px) 100vw, 150px\" \/><\/a><\/div>\n<div class=\"pt-cv-taxoterm above_title\"><a href='https:\/\/blogsaverroes.juntadeandalucia.es\/cimaalmeria\/category\/educomunicacion\/comunicacion-en-la-red\/' title='Comunicaci\u00f3n en la Red' class='pt-cv-tax-comunicacion-en-la-red'>Comunicaci\u00f3n en la Red<\/a><a href='https:\/\/blogsaverroes.juntadeandalucia.es\/cimaalmeria\/category\/educomunicacion\/comunicacion-escrita-y-creatividad-literaria\/' title='Comunicaci\u00f3n escrita y creatividad literaria' class='pt-cv-tax-comunicacion-escrita-y-creatividad-literaria'>Comunicaci\u00f3n escrita y creatividad literaria<\/a><a href='https:\/\/blogsaverroes.juntadeandalucia.es\/cimaalmeria\/category\/educomunicacion\/comunicacion-oral-y-debate\/' title='Comunicaci\u00f3n oral y debate' class='pt-cv-tax-comunicacion-oral-y-debate'>Comunicaci\u00f3n oral y debate<\/a><a href='https:\/\/blogsaverroes.juntadeandalucia.es\/cimaalmeria\/category\/educomunicacion\/comunicacion-social-de-la-ciencia\/' title='Comunicaci\u00f3n social de la ciencia' class='pt-cv-tax-comunicacion-social-de-la-ciencia'>Comunicaci\u00f3n social de la ciencia<\/a><a href='https:\/\/blogsaverroes.juntadeandalucia.es\/cimaalmeria\/category\/educomunicacion\/' title='Educomunicaci\u00f3n' class='pt-cv-tax-educomunicacion'>Educomunicaci\u00f3n<\/a><\/div>\n<h4 class=\"pt-cv-title\"><a href=\"https:\/\/blogsaverroes.juntadeandalucia.es\/cimaalmeria\/2025\/06\/23\/inclusivos-vinculados\/\" class=\"_blank\" target=\"_blank\" >+ Inclusivos &#8211; Vinculados<\/a><\/h4>\n<div class=\"pt-cv-content\">IES AZCONA. Dos experiencias relacionadas con el \u00e1mbito de Educomunicaci\u00f3n: + INCLUSIVOS Siempre comprometidos con una educaci\u00f3n inclusiva y equitativa, ...<br \/><div class=\"pt-cv-rmwrap\"><a href=\"https:\/\/blogsaverroes.juntadeandalucia.es\/cimaalmeria\/2025\/06\/23\/inclusivos-vinculados\/\" class=\"_blank pt-cv-readmore btn btn-success\" target=\"_blank\">Leer M\u00e1s<\/a><\/div><\/div><\/div>\n<div class=\" pt-cv-content-item pt-cv-1-col\" ><div class=\"pt-cv-thumb-wrapper  \"><a href=\"https:\/\/blogsaverroes.juntadeandalucia.es\/cimaalmeria\/2025\/06\/02\/proyecto-mediadores-culturales\/\" class=\"_blank pt-cv-href-thumbnail pt-cv-thumb-default\" target=\"_blank\" ><img loading=\"lazy\" decoding=\"async\" width=\"150\" height=\"150\" src=\"https:\/\/blogsaverroes.juntadeandalucia.es\/cimaalmeria\/files\/2025\/06\/IMG_9113-Cristina-Leon-Gaton-150x150.jpg\" class=\"pt-cv-thumbnail\" alt=\"\" srcset=\"https:\/\/blogsaverroes.juntadeandalucia.es\/cimaalmeria\/files\/2025\/06\/IMG_9113-Cristina-Leon-Gaton-150x150.jpg 150w, https:\/\/blogsaverroes.juntadeandalucia.es\/cimaalmeria\/files\/2025\/06\/IMG_9113-Cristina-Leon-Gaton-80x80.jpg 80w, https:\/\/blogsaverroes.juntadeandalucia.es\/cimaalmeria\/files\/2025\/06\/IMG_9113-Cristina-Leon-Gaton-320x320.jpg 320w\" sizes=\"(max-width: 150px) 100vw, 150px\" \/><\/a><\/div>\n<div class=\"pt-cv-taxoterm above_title\"><a href='https:\/\/blogsaverroes.juntadeandalucia.es\/cimaalmeria\/category\/arte-cultura-y-creatividad\/' title='Arte, Cultura y Creatividad.' class='pt-cv-tax-arte-cultura-y-creatividad'>Arte, Cultura y Creatividad.<\/a><a href='https:\/\/blogsaverroes.juntadeandalucia.es\/cimaalmeria\/category\/educomunicacion\/comunicacion-oral-y-debate\/' title='Comunicaci\u00f3n oral y debate' class='pt-cv-tax-comunicacion-oral-y-debate'>Comunicaci\u00f3n oral y debate<\/a><a href='https:\/\/blogsaverroes.juntadeandalucia.es\/cimaalmeria\/category\/educomunicacion\/' title='Educomunicaci\u00f3n' class='pt-cv-tax-educomunicacion'>Educomunicaci\u00f3n<\/a><a href='https:\/\/blogsaverroes.juntadeandalucia.es\/cimaalmeria\/category\/arte-cultura-y-creatividad\/patrimonio-andaluz\/' title='Patrimonio andaluz' class='pt-cv-tax-patrimonio-andaluz'>Patrimonio andaluz<\/a><\/div>\n<h4 class=\"pt-cv-title\"><a href=\"https:\/\/blogsaverroes.juntadeandalucia.es\/cimaalmeria\/2025\/06\/02\/proyecto-mediadores-culturales\/\" class=\"_blank\" target=\"_blank\" >Proyecto \u00abMediadores Culturales\u00bb<\/a><\/h4>\n<div class=\"pt-cv-content\">CEIIP MADRE DE LA LUZ El proyecto \u201cMediadores culturales\u201d se desarrolla en el Museo de Almer\u00eda y se enmarca en ...<br \/><div class=\"pt-cv-rmwrap\"><a href=\"https:\/\/blogsaverroes.juntadeandalucia.es\/cimaalmeria\/2025\/06\/02\/proyecto-mediadores-culturales\/\" class=\"_blank pt-cv-readmore btn btn-success\" target=\"_blank\">Leer M\u00e1s<\/a><\/div><\/div><\/div>\n<div class=\" pt-cv-content-item pt-cv-1-col\" ><div class=\"pt-cv-thumb-wrapper  \"><a href=\"https:\/\/blogsaverroes.juntadeandalucia.es\/cimaalmeria\/2025\/05\/29\/historia-y-cultura-andaluza-investigacion-con-tic\/\" class=\"_blank pt-cv-href-thumbnail pt-cv-thumb-default\" target=\"_blank\" ><img loading=\"lazy\" decoding=\"async\" width=\"150\" height=\"150\" src=\"https:\/\/blogsaverroes.juntadeandalucia.es\/cimaalmeria\/files\/2025\/05\/Screenshot-2025-05-29-at-10-38-03-VIAJE-POR-ANDALUCIA.mp4-Google-Drive-150x150.png\" class=\"pt-cv-thumbnail\" alt=\"\" srcset=\"https:\/\/blogsaverroes.juntadeandalucia.es\/cimaalmeria\/files\/2025\/05\/Screenshot-2025-05-29-at-10-38-03-VIAJE-POR-ANDALUCIA.mp4-Google-Drive-150x150.png 150w, https:\/\/blogsaverroes.juntadeandalucia.es\/cimaalmeria\/files\/2025\/05\/Screenshot-2025-05-29-at-10-38-03-VIAJE-POR-ANDALUCIA.mp4-Google-Drive-80x80.png 80w, https:\/\/blogsaverroes.juntadeandalucia.es\/cimaalmeria\/files\/2025\/05\/Screenshot-2025-05-29-at-10-38-03-VIAJE-POR-ANDALUCIA.mp4-Google-Drive-320x320.png 320w\" sizes=\"(max-width: 150px) 100vw, 150px\" \/><\/a><\/div>\n<div class=\"pt-cv-taxoterm above_title\"><a href='https:\/\/blogsaverroes.juntadeandalucia.es\/cimaalmeria\/category\/educomunicacion\/comunicacion-en-la-red\/' title='Comunicaci\u00f3n en la Red' class='pt-cv-tax-comunicacion-en-la-red'>Comunicaci\u00f3n en la Red<\/a><a href='https:\/\/blogsaverroes.juntadeandalucia.es\/cimaalmeria\/category\/educomunicacion\/' title='Educomunicaci\u00f3n' class='pt-cv-tax-educomunicacion'>Educomunicaci\u00f3n<\/a><\/div>\n<h4 class=\"pt-cv-title\"><a href=\"https:\/\/blogsaverroes.juntadeandalucia.es\/cimaalmeria\/2025\/05\/29\/historia-y-cultura-andaluza-investigacion-con-tic\/\" class=\"_blank\" target=\"_blank\" >Historia y cultura andaluza: investigaci\u00f3n con TIC.<\/a><\/h4>\n<div class=\"pt-cv-content\">CEIP TIERNO GALV\u00c1N a. \u00c1rea(s) del curr\u00edculum implicadas. Lengua castellana y literatura. Matem\u00e1ticas. Conocimiento del Medio. Educaci\u00f3n Pl\u00e1stica. b. Etapa\/nivel ...<br \/><div class=\"pt-cv-rmwrap\"><a href=\"https:\/\/blogsaverroes.juntadeandalucia.es\/cimaalmeria\/2025\/05\/29\/historia-y-cultura-andaluza-investigacion-con-tic\/\" class=\"_blank pt-cv-readmore btn btn-success\" target=\"_blank\">Leer M\u00e1s<\/a><\/div><\/div><\/div>\n<div class=\" pt-cv-content-item pt-cv-1-col\" ><div class=\"pt-cv-thumb-wrapper  \"><a href=\"https:\/\/blogsaverroes.juntadeandalucia.es\/cimaalmeria\/2025\/03\/27\/sembrando-poesia\/\" class=\"_blank pt-cv-href-thumbnail pt-cv-thumb-default\" target=\"_blank\" ><img loading=\"lazy\" decoding=\"async\" width=\"150\" height=\"150\" src=\"https:\/\/blogsaverroes.juntadeandalucia.es\/cimaalmeria\/files\/2025\/03\/sembrando2-150x150.png\" class=\"pt-cv-thumbnail\" alt=\"\" \/><\/a><\/div>\n<div class=\"pt-cv-taxoterm above_title\"><a href='https:\/\/blogsaverroes.juntadeandalucia.es\/cimaalmeria\/category\/educomunicacion\/' title='Educomunicaci\u00f3n' class='pt-cv-tax-educomunicacion'>Educomunicaci\u00f3n<\/a><a href='https:\/\/blogsaverroes.juntadeandalucia.es\/cimaalmeria\/category\/educomunicacion\/radio-escolar\/' title='Radio escolar' class='pt-cv-tax-radio-escolar'>Radio escolar<\/a><\/div>\n<h4 class=\"pt-cv-title\"><a href=\"https:\/\/blogsaverroes.juntadeandalucia.es\/cimaalmeria\/2025\/03\/27\/sembrando-poesia\/\" class=\"_blank\" target=\"_blank\" >Sembrando Poes\u00eda.<\/a><\/h4>\n<div class=\"pt-cv-content\">Sembrando poes\u00eda del CEIP Federico Garc\u00eda Lorca de la Caba\u00f1uelas - V\u00edcar. Durante el trimestre, se grabaron unos poemas de ...<br \/><div class=\"pt-cv-rmwrap\"><a href=\"https:\/\/blogsaverroes.juntadeandalucia.es\/cimaalmeria\/2025\/03\/27\/sembrando-poesia\/\" class=\"_blank pt-cv-readmore btn btn-success\" target=\"_blank\">Leer M\u00e1s<\/a><\/div><\/div><\/div><\/div><\/div><\/div>\t\t\t<style type=\"text\/css\" id=\"pt-cv-inline-style-4a4b3000gb\">\n#pt-cv-view-18187f1jty .pt-cv-thumb-wrapper:not(.miniwrap) { width: 120px; }#pt-cv-view-18187f1jty .pt-cv-thumbnail:not(.pt-cv-thumbnailsm) { height: 120px; }#pt-cv-view-18187f1jty > .pt-cv-page {grid-template-columns: repeat(3, 1fr);grid-gap: 15px;}\n@media all and (max-width: 1024px) { \n#pt-cv-view-18187f1jty > .pt-cv-page {grid-template-columns: repeat(2, 1fr);}\n} \n@media all and (max-width: 767px) { \n#pt-cv-view-18187f1jty > .pt-cv-page {grid-template-columns: repeat(2, 1fr);}\n} <\/style>\r\n\t\t\t\n","protected":false},"excerpt":{"rendered":"","protected":false},"author":1269,"featured_media":0,"parent":0,"menu_order":0,"comment_status":"closed","ping_status":"closed","template":"","meta":{"footnotes":"","_mc_calendar":[]},"aioseo_notices":[],"_links":{"self":[{"href":"https:\/\/blogsaverroes.juntadeandalucia.es\/cimaalmeria\/wp-json\/wp\/v2\/pages\/282"}],"collection":[{"href":"https:\/\/blogsaverroes.juntadeandalucia.es\/cimaalmeria\/wp-json\/wp\/v2\/pages"}],"about":[{"href":"https:\/\/blogsaverroes.juntadeandalucia.es\/cimaalmeria\/wp-json\/wp\/v2\/types\/page"}],"author":[{"embeddable":true,"href":"https:\/\/blogsaverroes.juntadeandalucia.es\/cimaalmeria\/wp-json\/wp\/v2\/users\/1269"}],"replies":[{"embeddable":true,"href":"https:\/\/blogsaverroes.juntadeandalucia.es\/cimaalmeria\/wp-json\/wp\/v2\/comments?post=282"}],"version-history":[{"count":1,"href":"https:\/\/blogsaverroes.juntadeandalucia.es\/cimaalmeria\/wp-json\/wp\/v2\/pages\/282\/revisions"}],"predecessor-version":[{"id":284,"href":"https:\/\/blogsaverroes.juntadeandalucia.es\/cimaalmeria\/wp-json\/wp\/v2\/pages\/282\/revisions\/284"}],"wp:attachment":[{"href":"https:\/\/blogsaverroes.juntadeandalucia.es\/cimaalmeria\/wp-json\/wp\/v2\/media?parent=282"}],"curies":[{"name":"wp","href":"https:\/\/api.w.org\/{rel}","templated":true}]}}