{"id":970,"date":"2022-11-10T21:40:28","date_gmt":"2022-11-10T20:40:28","guid":{"rendered":"https:\/\/blogsaverroes.juntadeandalucia.es\/colecartaojal\/?page_id=970"},"modified":"2023-04-27T09:52:37","modified_gmt":"2023-04-27T08:52:37","slug":"ampa-2","status":"publish","type":"page","link":"https:\/\/blogsaverroes.juntadeandalucia.es\/colecartaojal\/ampa-2\/","title":{"rendered":"AMPA"},"content":{"rendered":"<p>\u00bfQu\u00e9 es el A.M.P.A?<\/p>\n<p>En la asociaci\u00f3n de madres y padres que vela por los derechos de los ni\u00f1os y ni\u00f1as del colegio ofreci\u00e9ndose a participar en todo aquello que sea un beneficio para la buena marcha del centro y la formaci\u00f3n del alumnado.<\/p>\n<p>El A.M.P.A participa en el Consejo Escolar&nbsp; e intenta ser el intermediario entre las familias y el colegio. En el presente curso la persona representante es Yolanda Gemas Santos.<\/p>\n<p>Como cualquier asociaci\u00f3n sin \u00e1nimo de lucro, tiene unos estatutos, cobra una cuota a sus socios, posee un C.I.F y una cuenta corriente en el banco. Todos sus datos econ\u00f3micos son p\u00fablicos.<\/p>\n<p>Ha de convocar un m\u00ednimo de asambleas al a\u00f1o, se renuevan cargos, se presentan cuentas, etc.<\/p>\n<p>El A.M.P.A se nutre de la cuotas de sus asociados (15 euros por familia) para colaborar con el centro en diferentes actividades y proyectos.<\/p>\n<p>Junta directiva: Presidenta: Rosa G\u00e1mez Reyes. Secretaria: Mar\u00eda del Mar Segura Parejo. Vicepresidenta: Isabel S\u00e1nchez G\u00f3mez. Tesorera y encargada de las redes sociales: Mar\u00eda Elvira Carrasco Morales. Vocales: Yolanda Gemas Santos, Esmeralda Ben\u00edtez Ortiz, Carmen Velasco Casado, Irene Martos Arjona, Gracia Pozo Mu\u00f1oz, Carlos Vilchez Mej\u00edas.<\/p>\n<p>Como padres, madres asociados podemos recurrir al AMPA para que tenga conocimiento de nuestras inquietudes, quejas, sugerencias, propuestas, etc., e incluso solicitarles que nos acompa\u00f1en a la hora de expresarlas ante la direcci\u00f3n del centro, Jefatura de estudios o inspecci\u00f3n. El representante del AMPA que est\u00e1 en el Consejo Escolar tambi\u00e9n puede llevar nuestras propuestas a las reuniones del mismo.<\/p>\n<p>&nbsp;Si quieres ponerte en contacto con nosotros puedes enviarnos un email a la siguiente direcci\u00f3n: ampadecartaojal@gmail.com<\/p>\n<p>Si quieres conocernos mejor tenemos nuestro propio blog y cuenta en instagram<\/p>\n<p>Blog:&nbsp;<a href=\"http:\/\/ampadecartaojal.blogspot.com\">http:\/\/ampadecartaojal.blogspot.com<\/a><\/p>\n<p>Instagram:&nbsp; @ampa_cartaojal<\/p>\n","protected":false},"excerpt":{"rendered":"<p>\u00bfQu\u00e9 es el A.M.P.A? En la asociaci\u00f3n de madres y padres que vela por los derechos de los ni\u00f1os y ni\u00f1as del colegio ofreci\u00e9ndose a participar en todo aquello que sea un beneficio para&#46;&#46;&#46;<\/p>\n","protected":false},"author":16247,"featured_media":0,"parent":0,"menu_order":0,"comment_status":"closed","ping_status":"closed","template":"","meta":{"ngg_post_thumbnail":0,"footnotes":""},"aioseo_notices":[],"_links":{"self":[{"href":"https:\/\/blogsaverroes.juntadeandalucia.es\/colecartaojal\/wp-json\/wp\/v2\/pages\/970"}],"collection":[{"href":"https:\/\/blogsaverroes.juntadeandalucia.es\/colecartaojal\/wp-json\/wp\/v2\/pages"}],"about":[{"href":"https:\/\/blogsaverroes.juntadeandalucia.es\/colecartaojal\/wp-json\/wp\/v2\/types\/page"}],"author":[{"embeddable":true,"href":"https:\/\/blogsaverroes.juntadeandalucia.es\/colecartaojal\/wp-json\/wp\/v2\/users\/16247"}],"replies":[{"embeddable":true,"href":"https:\/\/blogsaverroes.juntadeandalucia.es\/colecartaojal\/wp-json\/wp\/v2\/comments?post=970"}],"version-history":[{"count":4,"href":"https:\/\/blogsaverroes.juntadeandalucia.es\/colecartaojal\/wp-json\/wp\/v2\/pages\/970\/revisions"}],"predecessor-version":[{"id":1175,"href":"https:\/\/blogsaverroes.juntadeandalucia.es\/colecartaojal\/wp-json\/wp\/v2\/pages\/970\/revisions\/1175"}],"wp:attachment":[{"href":"https:\/\/blogsaverroes.juntadeandalucia.es\/colecartaojal\/wp-json\/wp\/v2\/media?parent=970"}],"curies":[{"name":"wp","href":"https:\/\/api.w.org\/{rel}","templated":true}]}}