{"id":3688,"date":"2024-04-23T18:15:17","date_gmt":"2024-04-23T17:15:17","guid":{"rendered":"https:\/\/blogsaverroes.juntadeandalucia.es\/colecoto\/?page_id=3688"},"modified":"2024-05-01T12:26:08","modified_gmt":"2024-05-01T11:26:08","slug":"dia-del-libro-2024","status":"publish","type":"page","link":"https:\/\/blogsaverroes.juntadeandalucia.es\/colecoto\/novedades\/dia-del-libro-2024\/","title":{"rendered":"D\u00eda del Libro 2024"},"content":{"rendered":"<h2><strong><span style=\"font-family: courier new, courier, monospace;color: #339966\">\u00a1El D\u00eda del Libro se ha celebrado a lo grande en nuestro cole!<\/span><\/strong><\/h2>\n<h2><strong><span style=\"font-family: courier new, courier, monospace;color: #339966\"> Los peque\u00f1os y mayores&nbsp; han disfrutado de una jornada repleta de aventuras literarias, comenzando con una gincana que har\u00eda palidecer al lobo de Caperucita. Han participado todos muy activos y felices. Muchas gracias a las familias que han participado.<img loading=\"lazy\" decoding=\"async\" class=\"aligncenter size-large wp-image-3689\" src=\"https:\/\/blogsaverroes.juntadeandalucia.es\/colecoto\/files\/2024\/04\/20240423_100147-1024x1024.jpg\" alt=\"\" width=\"1024\" height=\"1024\" srcset=\"https:\/\/blogsaverroes.juntadeandalucia.es\/colecoto\/files\/2024\/04\/20240423_100147-980x980.jpg 980w, https:\/\/blogsaverroes.juntadeandalucia.es\/colecoto\/files\/2024\/04\/20240423_100147-480x480.jpg 480w\" sizes=\"(min-width: 0px) and (max-width: 480px) 480px, (min-width: 481px) and (max-width: 980px) 980px, (min-width: 981px) 1024px, 100vw\" \/> <img loading=\"lazy\" decoding=\"async\" class=\"aligncenter size-large wp-image-3690\" src=\"https:\/\/blogsaverroes.juntadeandalucia.es\/colecoto\/files\/2024\/04\/20240423_100336-1024x1024.jpg\" alt=\"\" width=\"1024\" height=\"1024\" srcset=\"https:\/\/blogsaverroes.juntadeandalucia.es\/colecoto\/files\/2024\/04\/20240423_100336-980x980.jpg 980w, https:\/\/blogsaverroes.juntadeandalucia.es\/colecoto\/files\/2024\/04\/20240423_100336-480x480.jpg 480w\" sizes=\"(min-width: 0px) and (max-width: 480px) 480px, (min-width: 481px) and (max-width: 980px) 980px, (min-width: 981px) 1024px, 100vw\" \/> <img loading=\"lazy\" decoding=\"async\" class=\"aligncenter size-large wp-image-3691\" src=\"https:\/\/blogsaverroes.juntadeandalucia.es\/colecoto\/files\/2024\/04\/20240423_101238-1024x1024.jpg\" alt=\"\" width=\"1024\" height=\"1024\" srcset=\"https:\/\/blogsaverroes.juntadeandalucia.es\/colecoto\/files\/2024\/04\/20240423_101238-980x980.jpg 980w, https:\/\/blogsaverroes.juntadeandalucia.es\/colecoto\/files\/2024\/04\/20240423_101238-480x480.jpg 480w\" sizes=\"(min-width: 0px) and (max-width: 480px) 480px, (min-width: 481px) and (max-width: 980px) 980px, (min-width: 981px) 1024px, 100vw\" \/> <img loading=\"lazy\" decoding=\"async\" class=\"aligncenter size-large wp-image-3692\" src=\"https:\/\/blogsaverroes.juntadeandalucia.es\/colecoto\/files\/2024\/04\/20240423_101607-1024x1024.jpg\" alt=\"\" width=\"1024\" height=\"1024\" srcset=\"https:\/\/blogsaverroes.juntadeandalucia.es\/colecoto\/files\/2024\/04\/20240423_101607-980x980.jpg 980w, https:\/\/blogsaverroes.juntadeandalucia.es\/colecoto\/files\/2024\/04\/20240423_101607-480x480.jpg 480w\" sizes=\"(min-width: 0px) and (max-width: 480px) 480px, (min-width: 481px) and (max-width: 980px) 980px, (min-width: 981px) 1024px, 100vw\" \/> <img loading=\"lazy\" decoding=\"async\" class=\"aligncenter size-large wp-image-3693\" src=\"https:\/\/blogsaverroes.juntadeandalucia.es\/colecoto\/files\/2024\/04\/20240423_102215-1024x1024.jpg\" alt=\"\" width=\"1024\" height=\"1024\" srcset=\"https:\/\/blogsaverroes.juntadeandalucia.es\/colecoto\/files\/2024\/04\/20240423_102215-980x980.jpg 980w, https:\/\/blogsaverroes.juntadeandalucia.es\/colecoto\/files\/2024\/04\/20240423_102215-480x480.jpg 480w\" sizes=\"(min-width: 0px) and (max-width: 480px) 480px, (min-width: 481px) and (max-width: 980px) 980px, (min-width: 981px) 1024px, 100vw\" \/> <img loading=\"lazy\" decoding=\"async\" class=\"aligncenter size-large wp-image-3694\" src=\"https:\/\/blogsaverroes.juntadeandalucia.es\/colecoto\/files\/2024\/04\/20240423_103041-1024x1024.jpg\" alt=\"\" width=\"1024\" height=\"1024\" srcset=\"https:\/\/blogsaverroes.juntadeandalucia.es\/colecoto\/files\/2024\/04\/20240423_103041-980x980.jpg 980w, https:\/\/blogsaverroes.juntadeandalucia.es\/colecoto\/files\/2024\/04\/20240423_103041-480x480.jpg 480w\" sizes=\"(min-width: 0px) and (max-width: 480px) 480px, (min-width: 481px) and (max-width: 980px) 980px, (min-width: 981px) 1024px, 100vw\" \/> <img loading=\"lazy\" decoding=\"async\" class=\"aligncenter size-large wp-image-3695\" src=\"https:\/\/blogsaverroes.juntadeandalucia.es\/colecoto\/files\/2024\/04\/20240423_103311-1024x1024.jpg\" alt=\"\" width=\"1024\" height=\"1024\" srcset=\"https:\/\/blogsaverroes.juntadeandalucia.es\/colecoto\/files\/2024\/04\/20240423_103311-980x980.jpg 980w, https:\/\/blogsaverroes.juntadeandalucia.es\/colecoto\/files\/2024\/04\/20240423_103311-480x480.jpg 480w\" sizes=\"(min-width: 0px) and (max-width: 480px) 480px, (min-width: 481px) and (max-width: 980px) 980px, (min-width: 981px) 1024px, 100vw\" \/> <img loading=\"lazy\" decoding=\"async\" class=\"aligncenter size-large wp-image-3696\" src=\"https:\/\/blogsaverroes.juntadeandalucia.es\/colecoto\/files\/2024\/04\/20240423_103856-1024x1024.jpg\" alt=\"\" width=\"1024\" height=\"1024\" srcset=\"https:\/\/blogsaverroes.juntadeandalucia.es\/colecoto\/files\/2024\/04\/20240423_103856-980x980.jpg 980w, https:\/\/blogsaverroes.juntadeandalucia.es\/colecoto\/files\/2024\/04\/20240423_103856-480x480.jpg 480w\" sizes=\"(min-width: 0px) and (max-width: 480px) 480px, (min-width: 481px) and (max-width: 980px) 980px, (min-width: 981px) 1024px, 100vw\" \/> <img loading=\"lazy\" decoding=\"async\" class=\"aligncenter size-large wp-image-3697\" src=\"https:\/\/blogsaverroes.juntadeandalucia.es\/colecoto\/files\/2024\/04\/20240423_104235-1024x1024.jpg\" alt=\"\" width=\"1024\" height=\"1024\" srcset=\"https:\/\/blogsaverroes.juntadeandalucia.es\/colecoto\/files\/2024\/04\/20240423_104235-980x980.jpg 980w, https:\/\/blogsaverroes.juntadeandalucia.es\/colecoto\/files\/2024\/04\/20240423_104235-480x480.jpg 480w\" sizes=\"(min-width: 0px) and (max-width: 480px) 480px, (min-width: 481px) and (max-width: 980px) 980px, (min-width: 981px) 1024px, 100vw\" \/> <img loading=\"lazy\" decoding=\"async\" class=\"aligncenter size-large wp-image-3698\" src=\"https:\/\/blogsaverroes.juntadeandalucia.es\/colecoto\/files\/2024\/04\/20240423_104859-1024x1024.jpg\" alt=\"\" width=\"1024\" height=\"1024\" srcset=\"https:\/\/blogsaverroes.juntadeandalucia.es\/colecoto\/files\/2024\/04\/20240423_104859-980x980.jpg 980w, https:\/\/blogsaverroes.juntadeandalucia.es\/colecoto\/files\/2024\/04\/20240423_104859-480x480.jpg 480w\" sizes=\"(min-width: 0px) and (max-width: 480px) 480px, (min-width: 481px) and (max-width: 980px) 980px, (min-width: 981px) 1024px, 100vw\" \/> <img loading=\"lazy\" decoding=\"async\" class=\"aligncenter size-large wp-image-3699\" src=\"https:\/\/blogsaverroes.juntadeandalucia.es\/colecoto\/files\/2024\/04\/20240423_105350-1024x1024.jpg\" alt=\"\" width=\"1024\" height=\"1024\" srcset=\"https:\/\/blogsaverroes.juntadeandalucia.es\/colecoto\/files\/2024\/04\/20240423_105350-980x980.jpg 980w, https:\/\/blogsaverroes.juntadeandalucia.es\/colecoto\/files\/2024\/04\/20240423_105350-480x480.jpg 480w\" sizes=\"(min-width: 0px) and (max-width: 480px) 480px, (min-width: 481px) and (max-width: 980px) 980px, (min-width: 981px) 1024px, 100vw\" \/> <img loading=\"lazy\" decoding=\"async\" class=\"aligncenter size-large wp-image-3700\" src=\"https:\/\/blogsaverroes.juntadeandalucia.es\/colecoto\/files\/2024\/04\/20240423_110905-1024x1024.jpg\" alt=\"\" width=\"1024\" height=\"1024\" srcset=\"https:\/\/blogsaverroes.juntadeandalucia.es\/colecoto\/files\/2024\/04\/20240423_110905-980x980.jpg 980w, https:\/\/blogsaverroes.juntadeandalucia.es\/colecoto\/files\/2024\/04\/20240423_110905-480x480.jpg 480w\" sizes=\"(min-width: 0px) and (max-width: 480px) 480px, (min-width: 481px) and (max-width: 980px) 980px, (min-width: 981px) 1024px, 100vw\" \/> <img loading=\"lazy\" decoding=\"async\" class=\"aligncenter size-large wp-image-3701\" src=\"https:\/\/blogsaverroes.juntadeandalucia.es\/colecoto\/files\/2024\/04\/20240423_111336-1024x1024.jpg\" alt=\"\" width=\"1024\" height=\"1024\" srcset=\"https:\/\/blogsaverroes.juntadeandalucia.es\/colecoto\/files\/2024\/04\/20240423_111336-980x980.jpg 980w, https:\/\/blogsaverroes.juntadeandalucia.es\/colecoto\/files\/2024\/04\/20240423_111336-480x480.jpg 480w\" sizes=\"(min-width: 0px) and (max-width: 480px) 480px, (min-width: 481px) and (max-width: 980px) 980px, (min-width: 981px) 1024px, 100vw\" \/> <img loading=\"lazy\" decoding=\"async\" class=\"aligncenter size-large wp-image-3702\" src=\"https:\/\/blogsaverroes.juntadeandalucia.es\/colecoto\/files\/2024\/04\/20240423_111742-1024x1024.jpg\" alt=\"\" width=\"1024\" height=\"1024\" srcset=\"https:\/\/blogsaverroes.juntadeandalucia.es\/colecoto\/files\/2024\/04\/20240423_111742-980x980.jpg 980w, https:\/\/blogsaverroes.juntadeandalucia.es\/colecoto\/files\/2024\/04\/20240423_111742-480x480.jpg 480w\" sizes=\"(min-width: 0px) and (max-width: 480px) 480px, (min-width: 481px) and (max-width: 980px) 980px, (min-width: 981px) 1024px, 100vw\" \/> <img loading=\"lazy\" decoding=\"async\" class=\"aligncenter size-large wp-image-3703\" src=\"https:\/\/blogsaverroes.juntadeandalucia.es\/colecoto\/files\/2024\/04\/20240423_112233-1024x1024.jpg\" alt=\"\" width=\"1024\" height=\"1024\" srcset=\"https:\/\/blogsaverroes.juntadeandalucia.es\/colecoto\/files\/2024\/04\/20240423_112233-980x980.jpg 980w, https:\/\/blogsaverroes.juntadeandalucia.es\/colecoto\/files\/2024\/04\/20240423_112233-480x480.jpg 480w\" sizes=\"(min-width: 0px) and (max-width: 480px) 480px, (min-width: 481px) and (max-width: 980px) 980px, (min-width: 981px) 1024px, 100vw\" \/><img loading=\"lazy\" decoding=\"async\" class=\"aligncenter size-large wp-image-3705\" src=\"https:\/\/blogsaverroes.juntadeandalucia.es\/colecoto\/files\/2024\/04\/20240423_112432-1024x1024.jpg\" alt=\"\" width=\"1024\" height=\"1024\" srcset=\"https:\/\/blogsaverroes.juntadeandalucia.es\/colecoto\/files\/2024\/04\/20240423_112432-980x980.jpg 980w, https:\/\/blogsaverroes.juntadeandalucia.es\/colecoto\/files\/2024\/04\/20240423_112432-480x480.jpg 480w\" sizes=\"(min-width: 0px) and (max-width: 480px) 480px, (min-width: 481px) and (max-width: 980px) 980px, (min-width: 981px) 1024px, 100vw\" \/> <img loading=\"lazy\" decoding=\"async\" class=\"aligncenter size-large wp-image-3706\" src=\"https:\/\/blogsaverroes.juntadeandalucia.es\/colecoto\/files\/2024\/04\/20240423_112547-1024x1024.jpg\" alt=\"\" width=\"1024\" height=\"1024\" srcset=\"https:\/\/blogsaverroes.juntadeandalucia.es\/colecoto\/files\/2024\/04\/20240423_112547-980x980.jpg 980w, https:\/\/blogsaverroes.juntadeandalucia.es\/colecoto\/files\/2024\/04\/20240423_112547-480x480.jpg 480w\" sizes=\"(min-width: 0px) and (max-width: 480px) 480px, (min-width: 481px) and (max-width: 980px) 980px, (min-width: 981px) 1024px, 100vw\" \/><\/span><\/strong><\/h2>\n<h2><span style=\"font-family: courier new, courier, monospace;color: #339966\"><strong>Pero eso no es todo, la cereza del pastel fue la obra de teatro, gracias al Ayuntamiento. Un cuento teatral sobre las&nbsp; 3RRR: RECICLAR, REDUCIR, REUTILIZAR<\/strong>. <\/span><\/h2>\n<p><img loading=\"lazy\" decoding=\"async\" class=\"aligncenter size-large wp-image-3707\" src=\"https:\/\/blogsaverroes.juntadeandalucia.es\/colecoto\/files\/2024\/04\/20240423_122959-1024x1024.jpg\" alt=\"\" width=\"1024\" height=\"1024\" srcset=\"https:\/\/blogsaverroes.juntadeandalucia.es\/colecoto\/files\/2024\/04\/20240423_122959-980x980.jpg 980w, https:\/\/blogsaverroes.juntadeandalucia.es\/colecoto\/files\/2024\/04\/20240423_122959-480x480.jpg 480w\" sizes=\"(min-width: 0px) and (max-width: 480px) 480px, (min-width: 481px) and (max-width: 980px) 980px, (min-width: 981px) 1024px, 100vw\" \/> <img loading=\"lazy\" decoding=\"async\" class=\"aligncenter size-large wp-image-3708\" src=\"https:\/\/blogsaverroes.juntadeandalucia.es\/colecoto\/files\/2024\/04\/20240423_123331-1024x1024.jpg\" alt=\"\" width=\"1024\" height=\"1024\" srcset=\"https:\/\/blogsaverroes.juntadeandalucia.es\/colecoto\/files\/2024\/04\/20240423_123331-980x980.jpg 980w, https:\/\/blogsaverroes.juntadeandalucia.es\/colecoto\/files\/2024\/04\/20240423_123331-480x480.jpg 480w\" sizes=\"(min-width: 0px) and (max-width: 480px) 480px, (min-width: 481px) and (max-width: 980px) 980px, (min-width: 981px) 1024px, 100vw\" \/> <img loading=\"lazy\" decoding=\"async\" class=\"aligncenter size-large wp-image-3709\" src=\"https:\/\/blogsaverroes.juntadeandalucia.es\/colecoto\/files\/2024\/04\/20240423_124352-1024x1024.jpg\" alt=\"\" width=\"1024\" height=\"1024\" srcset=\"https:\/\/blogsaverroes.juntadeandalucia.es\/colecoto\/files\/2024\/04\/20240423_124352-980x980.jpg 980w, https:\/\/blogsaverroes.juntadeandalucia.es\/colecoto\/files\/2024\/04\/20240423_124352-480x480.jpg 480w\" sizes=\"(min-width: 0px) and (max-width: 480px) 480px, (min-width: 481px) and (max-width: 980px) 980px, (min-width: 981px) 1024px, 100vw\" \/> <img loading=\"lazy\" decoding=\"async\" class=\"aligncenter size-large wp-image-3710\" src=\"https:\/\/blogsaverroes.juntadeandalucia.es\/colecoto\/files\/2024\/04\/20240423_124356-1024x1024.jpg\" alt=\"\" width=\"1024\" height=\"1024\" srcset=\"https:\/\/blogsaverroes.juntadeandalucia.es\/colecoto\/files\/2024\/04\/20240423_124356-980x980.jpg 980w, https:\/\/blogsaverroes.juntadeandalucia.es\/colecoto\/files\/2024\/04\/20240423_124356-480x480.jpg 480w\" sizes=\"(min-width: 0px) and (max-width: 480px) 480px, (min-width: 481px) and (max-width: 980px) 980px, (min-width: 981px) 1024px, 100vw\" \/> <img loading=\"lazy\" decoding=\"async\" class=\"aligncenter size-large wp-image-3711\" src=\"https:\/\/blogsaverroes.juntadeandalucia.es\/colecoto\/files\/2024\/04\/20240423_125808-1024x1024.jpg\" alt=\"\" width=\"1024\" height=\"1024\" srcset=\"https:\/\/blogsaverroes.juntadeandalucia.es\/colecoto\/files\/2024\/04\/20240423_125808-980x980.jpg 980w, https:\/\/blogsaverroes.juntadeandalucia.es\/colecoto\/files\/2024\/04\/20240423_125808-480x480.jpg 480w\" sizes=\"(min-width: 0px) and (max-width: 480px) 480px, (min-width: 481px) and (max-width: 980px) 980px, (min-width: 981px) 1024px, 100vw\" \/> <img loading=\"lazy\" decoding=\"async\" class=\"aligncenter size-large wp-image-3712\" src=\"https:\/\/blogsaverroes.juntadeandalucia.es\/colecoto\/files\/2024\/04\/20240423_125811-1024x1024.jpg\" alt=\"\" width=\"1024\" height=\"1024\" srcset=\"https:\/\/blogsaverroes.juntadeandalucia.es\/colecoto\/files\/2024\/04\/20240423_125811-980x980.jpg 980w, https:\/\/blogsaverroes.juntadeandalucia.es\/colecoto\/files\/2024\/04\/20240423_125811-480x480.jpg 480w\" sizes=\"(min-width: 0px) and (max-width: 480px) 480px, (min-width: 481px) and (max-width: 980px) 980px, (min-width: 981px) 1024px, 100vw\" \/><\/p>\n","protected":false},"excerpt":{"rendered":"<p>\u00a1El D\u00eda del Libro se ha celebrado a lo grande en nuestro cole! Los peque\u00f1os y mayores&nbsp; han disfrutado de una jornada repleta de aventuras literarias, comenzando con una gincana que har\u00eda palidecer al lobo de Caperucita. Han participado todos muy activos y felices. Muchas gracias a las familias que han participado. Pero eso no [&hellip;]<\/p>\n","protected":false},"author":10756,"featured_media":0,"parent":206,"menu_order":0,"comment_status":"closed","ping_status":"closed","template":"","meta":{"_et_pb_use_builder":"","_et_pb_old_content":"","_et_gb_content_width":"","ngg_post_thumbnail":0,"footnotes":""},"aioseo_notices":[],"_links":{"self":[{"href":"https:\/\/blogsaverroes.juntadeandalucia.es\/colecoto\/wp-json\/wp\/v2\/pages\/3688"}],"collection":[{"href":"https:\/\/blogsaverroes.juntadeandalucia.es\/colecoto\/wp-json\/wp\/v2\/pages"}],"about":[{"href":"https:\/\/blogsaverroes.juntadeandalucia.es\/colecoto\/wp-json\/wp\/v2\/types\/page"}],"author":[{"embeddable":true,"href":"https:\/\/blogsaverroes.juntadeandalucia.es\/colecoto\/wp-json\/wp\/v2\/users\/10756"}],"replies":[{"embeddable":true,"href":"https:\/\/blogsaverroes.juntadeandalucia.es\/colecoto\/wp-json\/wp\/v2\/comments?post=3688"}],"version-history":[{"count":1,"href":"https:\/\/blogsaverroes.juntadeandalucia.es\/colecoto\/wp-json\/wp\/v2\/pages\/3688\/revisions"}],"predecessor-version":[{"id":3713,"href":"https:\/\/blogsaverroes.juntadeandalucia.es\/colecoto\/wp-json\/wp\/v2\/pages\/3688\/revisions\/3713"}],"up":[{"embeddable":true,"href":"https:\/\/blogsaverroes.juntadeandalucia.es\/colecoto\/wp-json\/wp\/v2\/pages\/206"}],"wp:attachment":[{"href":"https:\/\/blogsaverroes.juntadeandalucia.es\/colecoto\/wp-json\/wp\/v2\/media?parent=3688"}],"curies":[{"name":"wp","href":"https:\/\/api.w.org\/{rel}","templated":true}]}}