{"id":2398,"date":"2020-11-26T19:04:32","date_gmt":"2020-11-26T19:04:32","guid":{"rendered":"https:\/\/blogsaverroes.juntadeandalucia.es\/coledeviznar\/?page_id=2398"},"modified":"2025-11-06T11:30:03","modified_gmt":"2025-11-06T11:30:03","slug":"quienes-somos","status":"publish","type":"page","link":"https:\/\/blogsaverroes.juntadeandalucia.es\/coledeviznar\/quienes-somos\/","title":{"rendered":"Qui\u00e9nes somos"},"content":{"rendered":"<p class=\"font_7\" style=\"text-align: justify\"><span class=\"color_20\"><a href=\"https:\/\/blogsaverroes.juntadeandalucia.es\/coledeviznar\/files\/2020\/11\/V\u00edznar-Sierra-Nevada.jpg\"><img loading=\"lazy\" decoding=\"async\" class=\" wp-image-2396 alignright\" src=\"https:\/\/blogsaverroes.juntadeandalucia.es\/coledeviznar\/files\/2020\/11\/V\u00edznar-Sierra-Nevada.jpg\" alt=\"\" width=\"210\" height=\"157\" srcset=\"https:\/\/blogsaverroes.juntadeandalucia.es\/coledeviznar\/files\/2020\/11\/V\u00edznar-Sierra-Nevada.jpg 259w, https:\/\/blogsaverroes.juntadeandalucia.es\/coledeviznar\/files\/2020\/11\/V\u00edznar-Sierra-Nevada-24x18.jpg 24w, https:\/\/blogsaverroes.juntadeandalucia.es\/coledeviznar\/files\/2020\/11\/V\u00edznar-Sierra-Nevada-36x27.jpg 36w, https:\/\/blogsaverroes.juntadeandalucia.es\/coledeviznar\/files\/2020\/11\/V\u00edznar-Sierra-Nevada-48x36.jpg 48w\" sizes=\"(max-width: 210px) 100vw, 210px\" \/><\/a>El <strong>Colegio de Educaci\u00f3n Infantil y Primaria \u201cArzobispo Moscoso\u201d<\/strong> es un colegio p\u00fablico situado en la localidad de V\u00edznar. V\u00edznar est\u00e1 situado al N.O. de la provincia de Granada, distando 6 Kms. de la capital y limitando con los t\u00e9rminos de Alfacar, Hu\u00e9tor Santill\u00e1n, El Fargue, Jun y Granada. El t\u00e9rmino ocupa una extensi\u00f3n de 1.100 hect\u00e1reas y la altitud media de su n\u00facleo urbano es de 1.050 metros sobre el nivel del mar. A fecha de 2.018, la poblaci\u00f3n es de 980 habitantes.<\/span><\/p>\n<p>&nbsp;<\/p>\n<p class=\"font_7\" style=\"text-align: justify\"><a href=\"https:\/\/blogsaverroes.juntadeandalucia.es\/coledeviznar\/files\/2020\/11\/Vista-exterior.png\"><img loading=\"lazy\" decoding=\"async\" class=\"wp-image-2397 alignleft\" src=\"https:\/\/blogsaverroes.juntadeandalucia.es\/coledeviznar\/files\/2020\/11\/Vista-exterior-300x225.png\" alt=\"\" width=\"227\" height=\"170\" srcset=\"https:\/\/blogsaverroes.juntadeandalucia.es\/coledeviznar\/files\/2020\/11\/Vista-exterior-300x225.png 300w, https:\/\/blogsaverroes.juntadeandalucia.es\/coledeviznar\/files\/2020\/11\/Vista-exterior-1024x768.png 1024w, https:\/\/blogsaverroes.juntadeandalucia.es\/coledeviznar\/files\/2020\/11\/Vista-exterior-768x576.png 768w, https:\/\/blogsaverroes.juntadeandalucia.es\/coledeviznar\/files\/2020\/11\/Vista-exterior-1536x1152.png 1536w, https:\/\/blogsaverroes.juntadeandalucia.es\/coledeviznar\/files\/2020\/11\/Vista-exterior-2048x1536.png 2048w, https:\/\/blogsaverroes.juntadeandalucia.es\/coledeviznar\/files\/2020\/11\/Vista-exterior-24x18.png 24w, https:\/\/blogsaverroes.juntadeandalucia.es\/coledeviznar\/files\/2020\/11\/Vista-exterior-36x27.png 36w, https:\/\/blogsaverroes.juntadeandalucia.es\/coledeviznar\/files\/2020\/11\/Vista-exterior-48x36.png 48w, https:\/\/blogsaverroes.juntadeandalucia.es\/coledeviznar\/files\/2020\/11\/Vista-exterior.png 1600w\" sizes=\"(max-width: 227px) 100vw, 227px\" \/><\/a>Es un <strong>Centro incompleto formado por 6 unidades<\/strong>, 1 de Educaci\u00f3n Infantil y 5 de Educaci\u00f3n Primaria. Tiene una dotaci\u00f3n de 9 maestros\/as a tiempo completo (1 de Ingl\u00e9s, 1 de M\u00fasica\/Primaria, 1 de Educaci\u00f3n F\u00edsica\/Primaria, 1 Biling\u00fce de Primaria, 1 de Franc\u00e9s\/Primaria, 3 de Ed. Primaria y 1 de Educaci\u00f3n Infantil). <span class=\"color_20\">4 Maestras\/os a tiempo parcial: 1 maestro especialista de Pedagog\u00eda Terap\u00e9utica (martes), 3 maestros\/as de Religi\u00f3n para los alumnos\/as cuyos padres y madres han elegido esta opci\u00f3n (mi\u00e9rcoles). A tiempo parcial tambi\u00e9n disponemos de 1 <\/span><span class=\"color_20\">Orientadora escolar (martes) y 1 especialista en Audici\u00f3n y Lenguaje (lunes). La ratio de alumnos\/as es baja, (de 12 a 16 alumnos\/as por unidad).<\/span><\/p>\n<p>&nbsp;<\/p>\n<p style=\"text-align: justify\"><strong>El Centro es Biling\u00fce (Ingl\u00e9s)<\/strong>, con total implantaci\u00f3n durante el curso 2015\/2016, en las \u00e1reas de C. Sociales y C. Naturales. En el curso 2016\/2017 se implant\u00f3 la ense\u00f1anza del Franc\u00e9s. En la actualidad, esta segunda lengua extranjera se imparte en los tres Ciclos de Ed. Primaria (1\u00ba a 6\u00ba).<\/p>\n","protected":false},"excerpt":{"rendered":"<p>El Colegio de Educaci\u00f3n Infantil y Primaria \u201cArzobispo Moscoso\u201d es un colegio p\u00fablico situado en la localidad de V\u00edznar. V\u00edznar est\u00e1 situado al N.O. de la provincia de Granada, distando 6 Kms. de la&#46;&#46;&#46;<\/p>\n","protected":false},"author":11474,"featured_media":0,"parent":0,"menu_order":0,"comment_status":"closed","ping_status":"closed","template":"","meta":{"ngg_post_thumbnail":0,"footnotes":"","_mc_calendar":[]},"aioseo_notices":[],"_links":{"self":[{"href":"https:\/\/blogsaverroes.juntadeandalucia.es\/coledeviznar\/wp-json\/wp\/v2\/pages\/2398"}],"collection":[{"href":"https:\/\/blogsaverroes.juntadeandalucia.es\/coledeviznar\/wp-json\/wp\/v2\/pages"}],"about":[{"href":"https:\/\/blogsaverroes.juntadeandalucia.es\/coledeviznar\/wp-json\/wp\/v2\/types\/page"}],"author":[{"embeddable":true,"href":"https:\/\/blogsaverroes.juntadeandalucia.es\/coledeviznar\/wp-json\/wp\/v2\/users\/11474"}],"replies":[{"embeddable":true,"href":"https:\/\/blogsaverroes.juntadeandalucia.es\/coledeviznar\/wp-json\/wp\/v2\/comments?post=2398"}],"version-history":[{"count":8,"href":"https:\/\/blogsaverroes.juntadeandalucia.es\/coledeviznar\/wp-json\/wp\/v2\/pages\/2398\/revisions"}],"predecessor-version":[{"id":3384,"href":"https:\/\/blogsaverroes.juntadeandalucia.es\/coledeviznar\/wp-json\/wp\/v2\/pages\/2398\/revisions\/3384"}],"wp:attachment":[{"href":"https:\/\/blogsaverroes.juntadeandalucia.es\/coledeviznar\/wp-json\/wp\/v2\/media?parent=2398"}],"curies":[{"name":"wp","href":"https:\/\/api.w.org\/{rel}","templated":true}]}}