{"id":2421,"date":"2020-11-26T21:29:40","date_gmt":"2020-11-26T21:29:40","guid":{"rendered":"https:\/\/blogsaverroes.juntadeandalucia.es\/coledeviznar\/?page_id=2421"},"modified":"2025-11-06T12:05:05","modified_gmt":"2025-11-06T12:05:05","slug":"profesorado","status":"publish","type":"page","link":"https:\/\/blogsaverroes.juntadeandalucia.es\/coledeviznar\/profesorado\/","title":{"rendered":"Profesorado"},"content":{"rendered":"<p style=\"text-align: center\">&nbsp;<strong>El profesorado de nuestro centro este curso escolar 2025\/2026:<\/strong><\/p>\n<p style=\"text-align: center\"><strong>Educaci\u00f3n Infantil (3, 4 y 5 a\u00f1os):&nbsp;<\/strong><\/p>\n<p style=\"text-align: center\">D\u00aa. Sara R. S. (Tutora)<\/p>\n<p style=\"text-align: center\"><strong>Educaci\u00f3n Primaria:<\/strong><\/p>\n<p style=\"text-align: center\"><strong>1\u00ba Primaria: <\/strong>D\u00aa Mar\u00eda Encarnaci\u00f3n A. E. (Tutora)<\/p>\n<p style=\"text-align: center\"><strong>2\u00ba Primaria: <\/strong>D\u00aa. Nuria Ester L. G. (maestra de Franc\u00e9s y Tutora de 2\u00ba)<\/p>\n<p style=\"text-align: center\"><strong>3\u00ba Primaria: <\/strong>D. Francisco Javier Fern\u00e1ndez Polo (Especialista Biling\u00fce y tutor 3\u00ba)<\/p>\n<p style=\"text-align: center\"><strong>4\u00ba Primaria: <\/strong>D\u00aa. Loli P. C. (Tutora y especialista de M\u00fasica)&nbsp;<\/p>\n<p style=\"text-align: center\"><strong>3er Ciclo (5\u00ba y 6\u00ba): <\/strong>M\u00aa Jes\u00fas B. R. (Tutora)<\/p>\n<p style=\"text-align: center\"><strong>Especialistas sin tutor\u00eda:<\/strong><\/p>\n<p style=\"text-align: center\">D. Rafael Santiago B. C. (maestro Ed. F\u00edsica)<\/p>\n<p style=\"text-align: center\">D\u00aa. Patricia M. P. (maestra de Primaria)<\/p>\n<p style=\"text-align: center\">D. \u00c1lvaro D. S. (maestro de Primaria)<\/p>\n<p style=\"text-align: center\">D\u00aa. Mar\u00eda G. S. (maestra de Religi\u00f3n)<\/p>\n<p style=\"text-align: center\">D. Antonio R. G. (maestro de Ingl\u00e9s)<\/p>\n<p style=\"text-align: center\">D. Juan \u00c1. R. (especialista en Pedagog\u00eda Terap\u00e9utica)<\/p>\n<p style=\"text-align: center\">D\u00aa. Ruth I. P. (especialista Orientaci\u00f3n Escolar)<\/p>\n<p style=\"text-align: center\">D\u00aa. Sof\u00eda N. N. (especialista en Audici\u00f3n y Lenguaje)<\/p>\n<p>&nbsp;<\/p>\n<p>&nbsp;<\/p>\n<p>&nbsp;<\/p>\n<p>&nbsp;<\/p>\n<p>&nbsp;<\/p>\n","protected":false},"excerpt":{"rendered":"<p>&nbsp;El profesorado de nuestro centro este curso escolar 2025\/2026: Educaci\u00f3n Infantil (3, 4 y 5 a\u00f1os):&nbsp; D\u00aa. Sara R. S. (Tutora) Educaci\u00f3n Primaria: 1\u00ba Primaria: D\u00aa Mar\u00eda Encarnaci\u00f3n A. E. (Tutora) 2\u00ba Primaria: D\u00aa.&#46;&#46;&#46;<\/p>\n","protected":false},"author":11474,"featured_media":0,"parent":0,"menu_order":0,"comment_status":"closed","ping_status":"closed","template":"","meta":{"ngg_post_thumbnail":0,"footnotes":"","_mc_calendar":[]},"aioseo_notices":[],"_links":{"self":[{"href":"https:\/\/blogsaverroes.juntadeandalucia.es\/coledeviznar\/wp-json\/wp\/v2\/pages\/2421"}],"collection":[{"href":"https:\/\/blogsaverroes.juntadeandalucia.es\/coledeviznar\/wp-json\/wp\/v2\/pages"}],"about":[{"href":"https:\/\/blogsaverroes.juntadeandalucia.es\/coledeviznar\/wp-json\/wp\/v2\/types\/page"}],"author":[{"embeddable":true,"href":"https:\/\/blogsaverroes.juntadeandalucia.es\/coledeviznar\/wp-json\/wp\/v2\/users\/11474"}],"replies":[{"embeddable":true,"href":"https:\/\/blogsaverroes.juntadeandalucia.es\/coledeviznar\/wp-json\/wp\/v2\/comments?post=2421"}],"version-history":[{"count":8,"href":"https:\/\/blogsaverroes.juntadeandalucia.es\/coledeviznar\/wp-json\/wp\/v2\/pages\/2421\/revisions"}],"predecessor-version":[{"id":3388,"href":"https:\/\/blogsaverroes.juntadeandalucia.es\/coledeviznar\/wp-json\/wp\/v2\/pages\/2421\/revisions\/3388"}],"wp:attachment":[{"href":"https:\/\/blogsaverroes.juntadeandalucia.es\/coledeviznar\/wp-json\/wp\/v2\/media?parent=2421"}],"curies":[{"name":"wp","href":"https:\/\/api.w.org\/{rel}","templated":true}]}}

<p style="text-align: center">&nbsp;<strong>El profesorado de nuestro centro este curso escolar 2025/2026:</strong></p>
<p style="text-align: center"><strong>Educación Infantil (3, 4 y 5 años):&nbsp;</strong></p>
<p style="text-align: center">Dª. Sara R. S. (Tutora)</p>
<p style="text-align: center"><strong>Educación Primaria:</strong></p>
<p style="text-align: center"><strong>1º Primaria: </strong>Dª María Encarnación A. E. (Tutora)</p>
<p style="text-align: center"><strong>2º Primaria: </strong>Dª. Nuria Ester L. G. (maestra de Francés y Tutora de 2º)</p>
<p style="text-align: center"><strong>3º Primaria: </strong>D. Francisco Javier Fernández Polo (Especialista Bilingüe y tutor 3º)</p>
<p style="text-align: center"><strong>4º Primaria: </strong>Dª. Loli P. C. (Tutora y especialista de Música)&nbsp;</p>
<p style="text-align: center"><strong>3er Ciclo (5º y 6º): </strong>Mª Jesús B. R. (Tutora)</p>
<p style="text-align: center"><strong>Especialistas sin tutoría:</strong></p>
<p style="text-align: center">D. Rafael Santiago B. C. (maestro Ed. Física)</p>
<p style="text-align: center">Dª. Patricia M. P. (maestra de Primaria)</p>
<p style="text-align: center">D. Álvaro D. S. (maestro de Primaria)</p>
<p style="text-align: center">Dª. María G. S. (maestra de Religión)</p>
<p style="text-align: center">D. Antonio R. G. (maestro de Inglés)</p>
<p style="text-align: center">D. Juan Á. R. (especialista en Pedagogía Terapéutica)</p>
<p style="text-align: center">Dª. Ruth I. P. (especialista Orientación Escolar)</p>
<p style="text-align: center">Dª. Sofía N. N. (especialista en Audición y Lenguaje)</p>
<p>&nbsp;</p>
<p>&nbsp;</p>
<p>&nbsp;</p>
<p>&nbsp;</p>
<p>&nbsp;</p>

<p>&nbsp;El profesorado de nuestro centro este curso escolar 2025/2026: Educación Infantil (3, 4 y 5 años):&nbsp; Dª. Sara R. S. (Tutora) Educación Primaria: 1º Primaria: Dª María Encarnación A. E. (Tutora) 2º Primaria: Dª.&#46;&#46;&#46;</p>
