{"id":2605,"date":"2022-01-24T18:39:23","date_gmt":"2022-01-24T18:39:23","guid":{"rendered":"https:\/\/blogsaverroes.juntadeandalucia.es\/coledeviznar\/?page_id=2605"},"modified":"2022-01-26T12:56:22","modified_gmt":"2022-01-26T12:56:22","slug":"religion-2","status":"publish","type":"page","link":"https:\/\/blogsaverroes.juntadeandalucia.es\/coledeviznar\/religion-2\/","title":{"rendered":"Religi\u00f3n"},"content":{"rendered":"<h2 style=\"text-align: center\">Aqu\u00ed presentamos los padlet con los que el alumnado trabaja en Clase de Religi\u00f3n.&nbsp;<\/h2>\n<h2 style=\"text-align: center\">En ellos encontrar\u00e1n recursos que pueden volver a ver en casa.<\/h2>\n<p>&nbsp;<\/p>\n<div dir=\"auto\" style=\"text-align: center\">Ed. <strong>Infantil<\/strong>: <a href=\"http:\/\/www.padlet.com\/maestramariareli\/infantil\">http:\/\/www.padlet.com\/maestramariareli\/infantil<\/a><\/div>\n<div dir=\"auto\" style=\"text-align: center\">&nbsp;<\/div>\n<div dir=\"auto\" style=\"text-align: center\">Ed. Primaria <strong>1er Ciclo<\/strong>: <a href=\"http:\/\/www.padlet.com\/maestramariareli\/1ciclo\">http:\/\/www.padlet.com\/maestramariareli\/1ciclo<\/a><\/div>\n<div dir=\"auto\" style=\"text-align: center\">&nbsp;<\/div>\n<div dir=\"auto\" style=\"text-align: center\">Ed. Primaria <strong>2\u00ba Ciclo<\/strong>: <a href=\"http:\/\/www.padlet.com\/maestramariareli\/2ciclo\">http:\/\/www.padlet.com\/maestramariareli\/2ciclo<\/a><\/div>\n<div dir=\"auto\" style=\"text-align: center\">&nbsp;<\/div>\n<div dir=\"auto\" style=\"text-align: center\">Ed. Primaria <strong>3er Ciclo<\/strong>: <a href=\"http:\/\/www.padlet.com\/maestramariareli\/3ciclo\">http:\/\/www.padlet.com\/maestramariareli\/3ciclo<\/a><\/div>\n<div dir=\"auto\">&nbsp;<\/div>\n<div dir=\"auto\"><span style=\"color: #ff0000\"><strong>Importante<\/strong>: La palabra m\u00e1gica para poder acceder es \u00ab<strong>reli<\/strong>\u00ab<\/span><\/div>\n","protected":false},"excerpt":{"rendered":"<p>Aqu\u00ed presentamos los padlet con los que el alumnado trabaja en Clase de Religi\u00f3n.&nbsp; En ellos encontrar\u00e1n recursos que pueden volver a ver en casa. &nbsp; Ed. Infantil: http:\/\/www.padlet.com\/maestramariareli\/infantil &nbsp; Ed. Primaria 1er Ciclo:&#46;&#46;&#46;<\/p>\n","protected":false},"author":11474,"featured_media":0,"parent":0,"menu_order":0,"comment_status":"closed","ping_status":"closed","template":"","meta":{"ngg_post_thumbnail":0,"footnotes":"","_mc_calendar":[]},"aioseo_notices":[],"_links":{"self":[{"href":"https:\/\/blogsaverroes.juntadeandalucia.es\/coledeviznar\/wp-json\/wp\/v2\/pages\/2605"}],"collection":[{"href":"https:\/\/blogsaverroes.juntadeandalucia.es\/coledeviznar\/wp-json\/wp\/v2\/pages"}],"about":[{"href":"https:\/\/blogsaverroes.juntadeandalucia.es\/coledeviznar\/wp-json\/wp\/v2\/types\/page"}],"author":[{"embeddable":true,"href":"https:\/\/blogsaverroes.juntadeandalucia.es\/coledeviznar\/wp-json\/wp\/v2\/users\/11474"}],"replies":[{"embeddable":true,"href":"https:\/\/blogsaverroes.juntadeandalucia.es\/coledeviznar\/wp-json\/wp\/v2\/comments?post=2605"}],"version-history":[{"count":7,"href":"https:\/\/blogsaverroes.juntadeandalucia.es\/coledeviznar\/wp-json\/wp\/v2\/pages\/2605\/revisions"}],"predecessor-version":[{"id":2668,"href":"https:\/\/blogsaverroes.juntadeandalucia.es\/coledeviznar\/wp-json\/wp\/v2\/pages\/2605\/revisions\/2668"}],"wp:attachment":[{"href":"https:\/\/blogsaverroes.juntadeandalucia.es\/coledeviznar\/wp-json\/wp\/v2\/media?parent=2605"}],"curies":[{"name":"wp","href":"https:\/\/api.w.org\/{rel}","templated":true}]}}