{"id":3121,"date":"2023-02-08T20:21:40","date_gmt":"2023-02-08T20:21:40","guid":{"rendered":"https:\/\/blogsaverroes.juntadeandalucia.es\/coledeviznar\/?page_id=3121"},"modified":"2026-01-29T09:23:30","modified_gmt":"2026-01-29T09:23:30","slug":"catalogo","status":"publish","type":"page","link":"https:\/\/blogsaverroes.juntadeandalucia.es\/coledeviznar\/catalogo\/","title":{"rendered":"Cat\u00e1logo"},"content":{"rendered":"<p style=\"text-align: justify\">En este enlace adjuntamos el cat\u00e1logo de publicaciones que forman parte de nuestra Biblioteca y que pueden ofrecerse en pr\u00e9stamo:<\/p>\n<p><a href=\"https:\/\/blogsaverroes.juntadeandalucia.es\/coledeviznar\/files\/2022\/04\/Cat\u00e1logo-Biblioteca-La-Puerta-de-las-Aventuras.pdf\">Cat\u00e1logo Biblioteca La Puerta de las Aventuras<\/a><\/p>\n<p><a href=\"https:\/\/blogsaverroes.juntadeandalucia.es\/coledeviznar\/files\/2026\/01\/Biblioteca-pagina-web_page-0001.jpg\"><img loading=\"lazy\" decoding=\"async\" class=\"aligncenter size-medium wp-image-3408\" src=\"https:\/\/blogsaverroes.juntadeandalucia.es\/coledeviznar\/files\/2026\/01\/Biblioteca-pagina-web_page-0001-212x300.jpg\" alt=\"\" width=\"212\" height=\"300\" srcset=\"https:\/\/blogsaverroes.juntadeandalucia.es\/coledeviznar\/files\/2026\/01\/Biblioteca-pagina-web_page-0001-212x300.jpg 212w, https:\/\/blogsaverroes.juntadeandalucia.es\/coledeviznar\/files\/2026\/01\/Biblioteca-pagina-web_page-0001-725x1024.jpg 725w, https:\/\/blogsaverroes.juntadeandalucia.es\/coledeviznar\/files\/2026\/01\/Biblioteca-pagina-web_page-0001-768x1085.jpg 768w, https:\/\/blogsaverroes.juntadeandalucia.es\/coledeviznar\/files\/2026\/01\/Biblioteca-pagina-web_page-0001-1087x1536.jpg 1087w, https:\/\/blogsaverroes.juntadeandalucia.es\/coledeviznar\/files\/2026\/01\/Biblioteca-pagina-web_page-0001-1449x2048.jpg 1449w, https:\/\/blogsaverroes.juntadeandalucia.es\/coledeviznar\/files\/2026\/01\/Biblioteca-pagina-web_page-0001.jpg 1132w\" sizes=\"(max-width: 212px) 100vw, 212px\" \/><\/a><\/p>\n","protected":false},"excerpt":{"rendered":"<p>En este enlace adjuntamos el cat\u00e1logo de publicaciones que forman parte de nuestra Biblioteca y que pueden ofrecerse en pr\u00e9stamo: Cat\u00e1logo Biblioteca La Puerta de las Aventuras<\/p>\n","protected":false},"author":11474,"featured_media":0,"parent":0,"menu_order":0,"comment_status":"closed","ping_status":"closed","template":"","meta":{"ngg_post_thumbnail":0,"footnotes":"","_mc_calendar":[]},"aioseo_notices":[],"_links":{"self":[{"href":"https:\/\/blogsaverroes.juntadeandalucia.es\/coledeviznar\/wp-json\/wp\/v2\/pages\/3121"}],"collection":[{"href":"https:\/\/blogsaverroes.juntadeandalucia.es\/coledeviznar\/wp-json\/wp\/v2\/pages"}],"about":[{"href":"https:\/\/blogsaverroes.juntadeandalucia.es\/coledeviznar\/wp-json\/wp\/v2\/types\/page"}],"author":[{"embeddable":true,"href":"https:\/\/blogsaverroes.juntadeandalucia.es\/coledeviznar\/wp-json\/wp\/v2\/users\/11474"}],"replies":[{"embeddable":true,"href":"https:\/\/blogsaverroes.juntadeandalucia.es\/coledeviznar\/wp-json\/wp\/v2\/comments?post=3121"}],"version-history":[{"count":6,"href":"https:\/\/blogsaverroes.juntadeandalucia.es\/coledeviznar\/wp-json\/wp\/v2\/pages\/3121\/revisions"}],"predecessor-version":[{"id":3409,"href":"https:\/\/blogsaverroes.juntadeandalucia.es\/coledeviznar\/wp-json\/wp\/v2\/pages\/3121\/revisions\/3409"}],"wp:attachment":[{"href":"https:\/\/blogsaverroes.juntadeandalucia.es\/coledeviznar\/wp-json\/wp\/v2\/media?parent=3121"}],"curies":[{"name":"wp","href":"https:\/\/api.w.org\/{rel}","templated":true}]}}