{"id":1782,"date":"2025-08-16T22:53:57","date_gmt":"2025-08-16T21:53:57","guid":{"rendered":"https:\/\/blogsaverroes.juntadeandalucia.es\/colegio-picasso\/?page_id=1782"},"modified":"2025-08-24T21:45:14","modified_gmt":"2025-08-24T20:45:14","slug":"ensenanza","status":"publish","type":"page","link":"https:\/\/blogsaverroes.juntadeandalucia.es\/colegio-picasso\/ensenanza\/","title":{"rendered":"Ense\u00f1anza"},"content":{"rendered":"<p>[et_pb_section fb_built=&#8221;1&#8243; _builder_version=&#8221;4.16&#8243; global_colors_info=&#8221;{}&#8221;][et_pb_row _builder_version=&#8221;4.16&#8243; background_size=&#8221;initial&#8221; background_position=&#8221;top_left&#8221; background_repeat=&#8221;repeat&#8221; global_colors_info=&#8221;{}&#8221;][et_pb_column type=&#8221;4_4&#8243; _builder_version=&#8221;4.16&#8243; custom_padding=&#8221;|||&#8221; global_colors_info=&#8221;{}&#8221; custom_padding__hover=&#8221;|||&#8221;][et_pb_image src=&#8221;https:\/\/blogsaverroes.juntadeandalucia.es\/colegio-picasso\/files\/2020\/01\/descarga-1.jpg&#8221; title_text=&#8221;descarga-1&#8243; align=&#8221;center&#8221; _builder_version=&#8221;4.24.2&#8243; _module_preset=&#8221;default&#8221; background_color=&#8221;#FFF347&#8243; background_enable_pattern_style=&#8221;on&#8221; background_pattern_style=&#8221;confetti&#8221; hover_enabled=&#8221;0&#8243; box_shadow_style=&#8221;preset1&#8243; global_colors_info=&#8221;{}&#8221; width=&#8221;90%&#8221; max_width=&#8221;91%&#8221; module_alignment=&#8221;center&#8221; min_height=&#8221;253px&#8221; height=&#8221;257px&#8221; sticky_enabled=&#8221;0&#8243;][\/et_pb_image][et_pb_text _builder_version=&#8221;4.24.2&#8243; background_size=&#8221;initial&#8221; background_position=&#8221;top_left&#8221; background_repeat=&#8221;repeat&#8221; hover_enabled=&#8221;0&#8243; global_colors_info=&#8221;{}&#8221; width=&#8221;79%&#8221; max_width=&#8221;87%&#8221; module_alignment=&#8221;center&#8221; min_height=&#8221;724px&#8221; height=&#8221;693px&#8221; max_height=&#8221;768px&#8221; sticky_enabled=&#8221;0&#8243;]<\/p>\n<p>EDUCACI\u00d3N PRIMARIA<\/p>\n<p>La etapa de Educaci\u00f3n Primaria comprende seis cursos acad\u00e9micos, que se cursar\u00e1n ordinariamente entre los seis y los doce a\u00f1os de edad, y se organiza en \u00e1reas, que tendr\u00e1n un car\u00e1cter global e integrador.<\/p>\n<p>El curr\u00edculo de esta etapa est\u00e1 organizado en tres ciclos de dos cursos cada uno:<\/p>\n<ul>\n<li><strong>Primer ciclo:<\/strong> primer y segundo curso<\/li>\n<li><strong>Segundo ciclo: <\/strong>tercer y cuarto curso<\/li>\n<li><strong>Tercer ciclo:<\/strong> quinto y sexto curso<\/li>\n<\/ul>\n<p>La finalidad de la Educaci\u00f3n Primaria es facilitar a los alumnos y alumnas los aprendizajes de la expresi\u00f3n y comprensi\u00f3n oral, la lectura, la escritura, el c\u00e1lculo, la adquisici\u00f3n de nociones b\u00e1sicas de la cultura, y el h\u00e1bito de convivencia as\u00ed como los de estudio y trabajo, el sentido art\u00edstico, la creatividad y la afectividad, con el fin de garantizar una formaci\u00f3n integral que contribuya al pleno desarrollo de la personalidad de los alumnos y alumnas y de prepararlos para cursar con aprovechamiento la Educaci\u00f3n Secundaria Obligatoria.<\/p>\n<p>El curr\u00edculo de esta etapa tiene un car\u00e1cter global e integrador, potenci\u00e1ndose el Dise\u00f1o Universal de Aprendizaje (DUA) que garantice una efectiva educaci\u00f3n inclusiva permitiendo el acceso al curr\u00edculo a todo el alumnado.<\/p>\n<p>Este curr\u00edculo concreta los conocimientos, las habilidades para aplicarlos en diferentes situaciones y las actitudes ante la vida para la adquisici\u00f3n de las competencias clave. Todo ello mediante el desarrollo de aprendizajes significativos y motivadores, realizando actividades y tareas relevantes, as\u00ed como resolviendo problemas complejos en contextos determinados. Asimismo, toma como eje estrat\u00e9gico y vertebrador del proceso de ense\u00f1anza y aprendizaje el desarrollo de las capacidades del alumnado y la integraci\u00f3n de las competencias clave en el curr\u00edculo educativo y en las pr\u00e1cticas docentes.<\/p>\n<p>El alumnado de esta etapa es el que en el futuro necesitar\u00e1 desarrollar capacidades de crear, innovar, imaginar, pensar, etc., adquiriendo competencias tanto cognitivas como no cognitivas y habilidades esenciales que se complementan con las competencias clave. Se destacan como habilidades esenciales (<em>soft skills<\/em>) la capacidad de di\u00e1logo y habilidades comunicativas (debate, comunicaci\u00f3n oral), la capacidad resolutiva (habilidades de c\u00e1lculo, resoluci\u00f3n de problemas, razonamiento matem\u00e1tico), el pensamiento cr\u00edtico y anal\u00edtico (capacidad de reflexi\u00f3n, aprender a pensar y elaborar nuestros propios juicios), la inteligencia emocional (habilidades sociales, control de las emociones, integridad, tolerancia, optimismo, empat\u00eda\u2026), la capacidad de responsabilidad, iniciativa, perseverancia (h\u00e1bitos de vida saludable y deporte), el equilibrio f\u00edsico, mental y espiritual (cuidado de nuestro cuerpo), etc. Dichas competencias y habilidades se desarrollar\u00e1n mediante la implementaci\u00f3n de estrategias metodol\u00f3gicas de manera transversal en todas las \u00e1reas de la etapa.<\/p>\n<p>[\/et_pb_text][\/et_pb_column][\/et_pb_row][et_pb_row _builder_version=&#8221;4.24.2&#8243; _module_preset=&#8221;default&#8221; background_color=&#8221;#FFF347&#8243; background_enable_pattern_style=&#8221;on&#8221; background_pattern_style=&#8221;confetti&#8221; background_enable_mask_style=&#8221;on&#8221; background_mask_style=&#8221;wave&#8221; global_colors_info=&#8221;{}&#8221;][et_pb_column type=&#8221;4_4&#8243; _builder_version=&#8221;4.24.2&#8243; _module_preset=&#8221;default&#8221; global_colors_info=&#8221;{}&#8221;][\/et_pb_column][\/et_pb_row][\/et_pb_section]<\/p>\n","protected":false},"excerpt":{"rendered":"<p>EDUCACI\u00d3N PRIMARIA La etapa de Educaci\u00f3n Primaria comprende seis cursos acad\u00e9micos, que se cursar\u00e1n ordinariamente entre los seis y los doce a\u00f1os de edad, y se organiza en \u00e1reas, que tendr\u00e1n un car\u00e1cter global e integrador. El curr\u00edculo de esta etapa est\u00e1 organizado en tres ciclos de dos cursos cada uno: Primer ciclo: primer y [&hellip;]<\/p>\n","protected":false},"author":18218,"featured_media":0,"parent":0,"menu_order":0,"comment_status":"closed","ping_status":"closed","template":"","meta":{"_et_pb_use_builder":"on","_et_pb_old_content":"<p>EDUCACI\u00d3N PRIMARIA<\/p><p>La etapa de Educaci\u00f3n Primaria comprende seis cursos acad\u00e9micos, que se cursar\u00e1n ordinariamente entre los seis y los doce a\u00f1os de edad, y se organiza en \u00e1reas, que tendr\u00e1n un car\u00e1cter global e integrador.<\/p><p>El curr\u00edculo de esta etapa est\u00e1 organizado en tres ciclos de dos cursos cada uno:<\/p><ul><li><strong>Primer ciclo:<\/strong> primer y segundo curso<\/li><li><strong>Segundo ciclo: <\/strong>tercer y cuarto curso<\/li><li><strong>Tercer ciclo:<\/strong> quinto y sexto curso<\/li><\/ul><p>La finalidad de la Educaci\u00f3n Primaria es facilitar a los alumnos y alumnas los aprendizajes de la expresi\u00f3n y comprensi\u00f3n oral, la lectura, la escritura, el c\u00e1lculo, la adquisici\u00f3n de nociones b\u00e1sicas de la cultura, y el h\u00e1bito de convivencia as\u00ed como los de estudio y trabajo, el sentido art\u00edstico, la creatividad y la afectividad, con el fin de garantizar una formaci\u00f3n integral que contribuya al pleno desarrollo de la personalidad de los alumnos y alumnas y de prepararlos para cursar con aprovechamiento la Educaci\u00f3n Secundaria Obligatoria.<\/p><p>El curr\u00edculo de esta etapa tiene un car\u00e1cter global e integrador, potenci\u00e1ndose el Dise\u00f1o Universal de Aprendizaje (DUA) que garantice una efectiva educaci\u00f3n inclusiva permitiendo el acceso al curr\u00edculo a todo el alumnado.<\/p><p>Este curr\u00edculo concreta los conocimientos, las habilidades para aplicarlos en diferentes situaciones y las actitudes ante la vida para la adquisici\u00f3n de las competencias clave. Todo ello mediante el desarrollo de aprendizajes significativos y motivadores, realizando actividades y tareas relevantes, as\u00ed como resolviendo problemas complejos en contextos determinados. Asimismo, toma como eje estrat\u00e9gico y vertebrador del proceso de ense\u00f1anza y aprendizaje el desarrollo de las capacidades del alumnado y la integraci\u00f3n de las competencias clave en el curr\u00edculo educativo y en las pr\u00e1cticas docentes.<\/p><p>El alumnado de esta etapa es el que en el futuro necesitar\u00e1 desarrollar capacidades de crear, innovar, imaginar, pensar, etc., adquiriendo competencias tanto cognitivas como no cognitivas y habilidades esenciales que se complementan con las competencias clave. Se destacan como habilidades esenciales (<em>soft skills<\/em>) la capacidad de di\u00e1logo y habilidades comunicativas (debate, comunicaci\u00f3n oral), la capacidad resolutiva (habilidades de c\u00e1lculo, resoluci\u00f3n de problemas, razonamiento matem\u00e1tico), el pensamiento cr\u00edtico y anal\u00edtico (capacidad de reflexi\u00f3n, aprender a pensar y elaborar nuestros propios juicios), la inteligencia emocional (habilidades sociales, control de las emociones, integridad, tolerancia, optimismo, empat\u00eda\u2026), la capacidad de responsabilidad, iniciativa, perseverancia (h\u00e1bitos de vida saludable y deporte), el equilibrio f\u00edsico, mental y espiritual (cuidado de nuestro cuerpo), etc. Dichas competencias y habilidades se desarrollar\u00e1n mediante la implementaci\u00f3n de estrategias metodol\u00f3gicas de manera transversal en todas las \u00e1reas de la etapa.<\/p>","_et_gb_content_width":"","ngg_post_thumbnail":0,"footnotes":""},"aioseo_notices":[],"_links":{"self":[{"href":"https:\/\/blogsaverroes.juntadeandalucia.es\/colegio-picasso\/wp-json\/wp\/v2\/pages\/1782"}],"collection":[{"href":"https:\/\/blogsaverroes.juntadeandalucia.es\/colegio-picasso\/wp-json\/wp\/v2\/pages"}],"about":[{"href":"https:\/\/blogsaverroes.juntadeandalucia.es\/colegio-picasso\/wp-json\/wp\/v2\/types\/page"}],"author":[{"embeddable":true,"href":"https:\/\/blogsaverroes.juntadeandalucia.es\/colegio-picasso\/wp-json\/wp\/v2\/users\/18218"}],"replies":[{"embeddable":true,"href":"https:\/\/blogsaverroes.juntadeandalucia.es\/colegio-picasso\/wp-json\/wp\/v2\/comments?post=1782"}],"version-history":[{"count":8,"href":"https:\/\/blogsaverroes.juntadeandalucia.es\/colegio-picasso\/wp-json\/wp\/v2\/pages\/1782\/revisions"}],"predecessor-version":[{"id":2271,"href":"https:\/\/blogsaverroes.juntadeandalucia.es\/colegio-picasso\/wp-json\/wp\/v2\/pages\/1782\/revisions\/2271"}],"wp:attachment":[{"href":"https:\/\/blogsaverroes.juntadeandalucia.es\/colegio-picasso\/wp-json\/wp\/v2\/media?parent=1782"}],"curies":[{"name":"wp","href":"https:\/\/api.w.org\/{rel}","templated":true}]}}