{"id":845,"date":"2020-12-18T08:40:01","date_gmt":"2020-12-18T07:40:01","guid":{"rendered":"https:\/\/blogsaverroes.juntadeandalucia.es\/pre\/plantilla-pencil\/?page_id=845"},"modified":"2025-08-30T22:01:59","modified_gmt":"2025-08-30T21:01:59","slug":"aula-matinal","status":"publish","type":"page","link":"https:\/\/blogsaverroes.juntadeandalucia.es\/colegio-picasso\/aula-matinal\/","title":{"rendered":"Aula matinal"},"content":{"rendered":"<p>[et_pb_section fb_built=&#8221;1&#8243; _builder_version=&#8221;4.24.2&#8243; custom_padding=&#8221;0px||0px|&#8221; z_index_tablet=&#8221;500&#8243; box_shadow_horizontal_tablet=&#8221;0px&#8221; box_shadow_vertical_tablet=&#8221;0px&#8221; box_shadow_blur_tablet=&#8221;40px&#8221; box_shadow_spread_tablet=&#8221;0px&#8221; global_colors_info=&#8221;{}&#8221;][et_pb_row _builder_version=&#8221;4.24.2&#8243; background_position=&#8221;top_left&#8221; background_repeat=&#8221;repeat&#8221; custom_margin=&#8221;|auto||90px||&#8221; global_colors_info=&#8221;{}&#8221;][et_pb_column type=&#8221;4_4&#8243; _builder_version=&#8221;4.16&#8243; custom_padding=&#8221;|||&#8221; global_colors_info=&#8221;{}&#8221; custom_padding__hover=&#8221;|||&#8221;][et_pb_image src=&#8221;https:\/\/blogsaverroes.juntadeandalucia.es\/colegio-picasso\/files\/2025\/08\/Captura-de-pantalla-2025-08-04-a-las-13.05.04.png&#8221; title_text=&#8221;Captura de pantalla 2025-08-04 a las 13.05.04&#8243; align=&#8221;center&#8221; admin_label=&#8221;Imagen de la portada&#8221; _builder_version=&#8221;4.24.2&#8243; background_color=&#8221;#AADB24&#8243; background_enable_pattern_style=&#8221;on&#8221; background_pattern_style=&#8221;confetti&#8221; min_height=&#8221;229px&#8221; height=&#8221;131px&#8221; max_height=&#8221;669px&#8221; animation_style=&#8221;bounce&#8221; hover_enabled=&#8221;0&#8243; z_index_tablet=&#8221;500&#8243; box_shadow_style=&#8221;preset1&#8243; box_shadow_horizontal_tablet=&#8221;0px&#8221; box_shadow_vertical_tablet=&#8221;0px&#8221; box_shadow_blur_tablet=&#8221;40px&#8221; box_shadow_spread_tablet=&#8221;0px&#8221; global_colors_info=&#8221;{}&#8221; width_last_edited=&#8221;on|phone&#8221; sticky_enabled=&#8221;0&#8243; width_phone=&#8221;78%&#8221; max_width=&#8221;99%&#8221; module_alignment=&#8221;left&#8221;][\/et_pb_image][et_pb_text admin_label=&#8221;Texto descriptivo&#8221; _builder_version=&#8221;4.24.2&#8243; width=&#8221;94%&#8221; max_width=&#8221;94%&#8221; module_alignment=&#8221;center&#8221; link_option_url=&#8221;https:\/\/www.juntadeandalucia.es\/educacion\/portales\/web\/inspeccion-educativa\/w\/resolucion-de-4-de-marzo-de-2025-por-la-que-se-establece-el-calendario-de-actuaciones-en-el-procedimiento-de-admision-del-alumnado-en-los-servicios-complementarios-de-aula-matinal-comedor-escolar-y-actividades-extraescolares-para-el-curso-escolar-2025\/26?redirect=%2Feducacion%2Fportales%2Fweb%2Feducacion%2Ffamilias%2Fservicios-complementarios%2Faula-matinal&#8221; hover_enabled=&#8221;0&#8243; z_index_tablet=&#8221;500&#8243; text_text_shadow_horizontal_length_tablet=&#8221;0px&#8221; text_text_shadow_vertical_length_tablet=&#8221;0px&#8221; text_text_shadow_blur_strength_tablet=&#8221;1px&#8221; link_text_shadow_horizontal_length_tablet=&#8221;0px&#8221; link_text_shadow_vertical_length_tablet=&#8221;0px&#8221; link_text_shadow_blur_strength_tablet=&#8221;1px&#8221; ul_text_shadow_horizontal_length_tablet=&#8221;0px&#8221; ul_text_shadow_vertical_length_tablet=&#8221;0px&#8221; ul_text_shadow_blur_strength_tablet=&#8221;1px&#8221; ol_text_shadow_horizontal_length_tablet=&#8221;0px&#8221; ol_text_shadow_vertical_length_tablet=&#8221;0px&#8221; ol_text_shadow_blur_strength_tablet=&#8221;1px&#8221; quote_text_shadow_horizontal_length_tablet=&#8221;0px&#8221; quote_text_shadow_vertical_length_tablet=&#8221;0px&#8221; quote_text_shadow_blur_strength_tablet=&#8221;1px&#8221; header_text_shadow_horizontal_length_tablet=&#8221;0px&#8221; header_text_shadow_vertical_length_tablet=&#8221;0px&#8221; header_text_shadow_blur_strength_tablet=&#8221;1px&#8221; header_2_text_shadow_horizontal_length_tablet=&#8221;0px&#8221; header_2_text_shadow_vertical_length_tablet=&#8221;0px&#8221; header_2_text_shadow_blur_strength_tablet=&#8221;1px&#8221; header_3_text_shadow_horizontal_length_tablet=&#8221;0px&#8221; header_3_text_shadow_vertical_length_tablet=&#8221;0px&#8221; header_3_text_shadow_blur_strength_tablet=&#8221;1px&#8221; header_4_text_shadow_horizontal_length_tablet=&#8221;0px&#8221; header_4_text_shadow_vertical_length_tablet=&#8221;0px&#8221; header_4_text_shadow_blur_strength_tablet=&#8221;1px&#8221; header_5_text_shadow_horizontal_length_tablet=&#8221;0px&#8221; header_5_text_shadow_vertical_length_tablet=&#8221;0px&#8221; header_5_text_shadow_blur_strength_tablet=&#8221;1px&#8221; header_6_text_shadow_horizontal_length_tablet=&#8221;0px&#8221; header_6_text_shadow_vertical_length_tablet=&#8221;0px&#8221; header_6_text_shadow_blur_strength_tablet=&#8221;1px&#8221; box_shadow_horizontal_tablet=&#8221;0px&#8221; box_shadow_vertical_tablet=&#8221;0px&#8221; box_shadow_blur_tablet=&#8221;40px&#8221; box_shadow_spread_tablet=&#8221;0px&#8221; global_colors_info=&#8221;{}&#8221; width_last_edited=&#8221;on|phone&#8221; sticky_enabled=&#8221;0&#8243; width_phone=&#8221;72%&#8221; height_last_edited=&#8221;on|phone&#8221; height_phone=&#8221;1000px&#8221; max_height=&#8221;1000px&#8221; text_font_size=&#8221;13px&#8221; text_orientation_last_edited=&#8221;on|phone&#8221; content_last_edited=&#8221;on|phone&#8221; width_tablet=&#8221;94%&#8221; content_tablet=&#8221;<\/p>\n<h2>\u00a0 \u00a0 \u00a0 \u00a0 Aula matinal<\/h2>\n<div>\n<p><span>El plan de apertura de aula matinal es un servicio ofrecido por la Junta de Andaluc\u00eda para facilitar la conciliaci\u00f3n de la vida laboral y familiar de los padres, permitiendo que los ni\u00f1os lleguen antes del horario lectivo.<\/span><\/p>\n<p><span> Su objetivo es facilitar\u00a0la conciliaci\u00f3n de la vida laboral y familiar de los padres, permiti\u00e9ndoles llevar a sus hijos al colegio antes de entrar a trabajar.<\/span><\/p>\n<p>&nbsp;<\/p>\n<\/div>\n<div>\n<p><span>Este servicio suele funcionar de 7:30 a 9:00 de la ma\u00f1ana, de lunes a viernes, coincidiendo con el inicio del horario lectivo. Se ofrecen diversas actividades para entretener y ocupar a los ni\u00f1os antes de que comience la jornada escolar.<\/span><\/p>\n<p>&nbsp;<\/p>\n<\/div>\n<div>\n<p><span>Para la organizaci\u00f3n de esta actividad se requieren\u00a0\u00a0monitores y personal cualificado para la atenci\u00f3n y organizaci\u00f3n de las actividades.<\/span><\/p>\n<p><span>Se debe realizar la solicitud de plaza en el aula matinal, y en algunos casos, se pueden solicitar bonificaciones en el precio<\/span><\/p>\n<\/div>\n<div>\n<p><span>Existe un coste por el servicio, que puede variar seg\u00fan el centro educativo y la comunidad aut\u00f3noma<\/span><\/p>\n<\/div>\n<div>\n<p><span>Se establecen normas de comportamiento y convivencia para asegurar el buen funcionamiento del aula matinal y el bienestar de los ni\u00f1os.\u00a0<\/span><\/p>\n<\/div>\n<div class=\"%22WaaZC%22\">\n<div class=\"%22RJPOee\">\n<div class=\"%22rPeykc%22\" data-hveid=\"%22CDcQAQ%22\" data-ved=\"%222ahUKEwicqMiBx-eOAxUgTKQEHVy3DrcQo_EKegQINxAB%22\"><\/div>\n<\/div>\n<\/div>\n<p>&#8221; content_phone=&#8221;<\/p>\n<h2>\u00a0 \u00a0 \u00a0 \u00a0 Aula matinal<\/h2>\n<div>\n<p><span>El plan de apertura de aula matinal es un servicio ofrecido por la Junta de Andaluc\u00eda para facilitar la conciliaci\u00f3n de la vida laboral y familiar de los padres, permitiendo que los ni\u00f1os lleguen antes del horario lectivo.<\/span><\/p>\n<p><span> Su objetivo es facilitar\u00a0la conciliaci\u00f3n de la vida laboral y familiar de los padres, permiti\u00e9ndoles llevar a sus hijos al colegio antes de entrar a trabajar.<\/span><\/p>\n<p>&nbsp;<\/p>\n<\/div>\n<div>\n<p><span>Este servicio suele funcionar de 7:30 a 9:00 de la ma\u00f1ana, de lunes a viernes, coincidiendo con el inicio del horario lectivo. Se ofrecen diversas actividades para entretener y ocupar a los ni\u00f1os antes de que comience la jornada escolar.<\/span><\/p>\n<p>&nbsp;<\/p>\n<\/div>\n<div>\n<p><span>Para la organizaci\u00f3n de esta actividad se requieren\u00a0\u00a0monitores y personal cualificado para la atenci\u00f3n y organizaci\u00f3n de las actividades.<\/span><\/p>\n<p><span>Se debe realizar la solicitud de plaza en el aula matinal, y en algunos casos, se pueden solicitar bonificaciones en el precio<\/span><\/p>\n<\/div>\n<div>\n<p><span>Existe un coste por el servicio, que puede variar seg\u00fan el centro educativo y la comunidad aut\u00f3noma<\/span><\/p>\n<\/div>\n<div>\n<p><span>Se establecen normas de comportamiento y convivencia para asegurar el buen funcionamiento del aula matinal y el bienestar de los ni\u00f1os.\u00a0<\/span><\/p>\n<\/div>\n<div class=\"%22WaaZC%22\">\n<div class=\"%22RJPOee\">\n<div class=\"%22rPeykc%22\" data-hveid=\"%22CDcQAQ%22\" data-ved=\"%222ahUKEwicqMiBx-eOAxUgTKQEHVy3DrcQo_EKegQINxAB%22\"><\/div>\n<\/div>\n<\/div>\n<p>&#8220;]<\/p>\n<h2>\u00a0 \u00a0 \u00a0 \u00a0 Aula matinal<\/h2>\n<div>\n<p><span style=\"font-family: verdana, geneva, sans-serif;font-size: 12pt\">El plan de apertura de aula matinal es un servicio ofrecido por la Junta de Andaluc\u00eda para facilitar la conciliaci\u00f3n de la vida laboral y familiar de los padres, permitiendo que los ni\u00f1os lleguen antes del horario lectivo.<\/span><\/p>\n<p><span style=\"font-family: verdana, geneva, sans-serif;font-size: 12pt\"> Su objetivo es facilitar\u00a0la conciliaci\u00f3n de la vida laboral y familiar de los padres, permiti\u00e9ndoles llevar a sus hijos al colegio antes de entrar a trabajar.<\/span><\/p>\n<p>&nbsp;<\/p>\n<\/div>\n<div>\n<p><span style=\"font-family: verdana, geneva, sans-serif;font-size: 12pt\">Este servicio suele funcionar de 7:30 a 9:00 de la ma\u00f1ana, de lunes a viernes, coincidiendo con el inicio del horario lectivo. Se ofrecen diversas actividades para entretener y ocupar a los ni\u00f1os antes de que comience la jornada escolar.<\/span><\/p>\n<p>&nbsp;<\/p>\n<\/div>\n<div>\n<p><span style=\"font-family: verdana, geneva, sans-serif;font-size: 12pt\">Para la organizaci\u00f3n de esta actividad se requieren\u00a0\u00a0monitores y personal cualificado para la atenci\u00f3n y organizaci\u00f3n de las actividades.<\/span><\/p>\n<p><span style=\"font-family: verdana, geneva, sans-serif;font-size: 12pt\">Se debe realizar la solicitud de plaza en el aula matinal, y en algunos casos, se pueden solicitar bonificaciones en el precio<\/span><\/p>\n<\/div>\n<div>\n<p><span style=\"font-family: verdana, geneva, sans-serif;font-size: 12pt\">Existe un coste por el servicio, que puede variar seg\u00fan el centro educativo y la comunidad aut\u00f3noma<\/span><\/p>\n<\/div>\n<div>\n<p><span style=\"font-family: verdana, geneva, sans-serif;font-size: 12pt\">Se establecen normas de comportamiento y convivencia para asegurar el buen funcionamiento del aula matinal y el bienestar de los ni\u00f1os.\u00a0<\/span><\/p>\n<\/div>\n<div class=\"WaaZC\">\n<div class=\"RJPOee EIJn2\">\n<div class=\"rPeykc\" data-hveid=\"CDcQAQ\" data-ved=\"2ahUKEwicqMiBx-eOAxUgTKQEHVy3DrcQo_EKegQINxAB\"><\/div>\n<\/div>\n<\/div>\n<p>[\/et_pb_text][et_pb_blurb url=&#8221;https:\/\/www.juntadeandalucia.es\/educacion\/portales\/familias\/servicios-complementarios&#8221; url_new_window=&#8221;on&#8221; image=&#8221;https:\/\/blogsaverroes.juntadeandalucia.es\/colegio-picasso\/files\/2025\/08\/buscar-e1755293986557.png&#8221; _builder_version=&#8221;4.24.2&#8243; _module_preset=&#8221;default&#8221; global_colors_info=&#8221;{}&#8221;][\/et_pb_blurb][\/et_pb_column][\/et_pb_row][\/et_pb_section][et_pb_section fb_built=&#8221;1&#8243; _builder_version=&#8221;4.24.2&#8243; _module_preset=&#8221;default&#8221; global_colors_info=&#8221;{}&#8221;][et_pb_row _builder_version=&#8221;4.24.2&#8243; _module_preset=&#8221;default&#8221; background_color=&#8221;rgba(177,219,63,0.8)&#8221; background_enable_pattern_style=&#8221;on&#8221; background_pattern_style=&#8221;confetti&#8221; background_enable_mask_style=&#8221;on&#8221; background_mask_style=&#8221;wave&#8221; min_height=&#8221;138px&#8221; custom_margin=&#8221;-107px|auto||auto||&#8221; global_colors_info=&#8221;{}&#8221;][et_pb_column type=&#8221;4_4&#8243; _builder_version=&#8221;4.24.2&#8243; _module_preset=&#8221;default&#8221; global_colors_info=&#8221;{}&#8221;][\/et_pb_column][\/et_pb_row][\/et_pb_section]<\/p>\n","protected":false},"excerpt":{"rendered":"<p>\u00a0 \u00a0 \u00a0 \u00a0 Aula matinal El plan de apertura de aula matinal es un servicio ofrecido por la Junta de Andaluc\u00eda para facilitar la conciliaci\u00f3n de la vida laboral y familiar de los padres, permitiendo que los ni\u00f1os lleguen antes del horario lectivo. Su objetivo es facilitar\u00a0la conciliaci\u00f3n de la vida laboral y familiar [&hellip;]<\/p>\n","protected":false},"author":19291,"featured_media":0,"parent":0,"menu_order":0,"comment_status":"closed","ping_status":"closed","template":"","meta":{"_et_pb_use_builder":"on","_et_pb_old_content":"","_et_gb_content_width":"","ngg_post_thumbnail":0,"footnotes":""},"aioseo_notices":[],"_links":{"self":[{"href":"https:\/\/blogsaverroes.juntadeandalucia.es\/colegio-picasso\/wp-json\/wp\/v2\/pages\/845"}],"collection":[{"href":"https:\/\/blogsaverroes.juntadeandalucia.es\/colegio-picasso\/wp-json\/wp\/v2\/pages"}],"about":[{"href":"https:\/\/blogsaverroes.juntadeandalucia.es\/colegio-picasso\/wp-json\/wp\/v2\/types\/page"}],"author":[{"embeddable":true,"href":"https:\/\/blogsaverroes.juntadeandalucia.es\/colegio-picasso\/wp-json\/wp\/v2\/users\/19291"}],"replies":[{"embeddable":true,"href":"https:\/\/blogsaverroes.juntadeandalucia.es\/colegio-picasso\/wp-json\/wp\/v2\/comments?post=845"}],"version-history":[{"count":62,"href":"https:\/\/blogsaverroes.juntadeandalucia.es\/colegio-picasso\/wp-json\/wp\/v2\/pages\/845\/revisions"}],"predecessor-version":[{"id":2315,"href":"https:\/\/blogsaverroes.juntadeandalucia.es\/colegio-picasso\/wp-json\/wp\/v2\/pages\/845\/revisions\/2315"}],"wp:attachment":[{"href":"https:\/\/blogsaverroes.juntadeandalucia.es\/colegio-picasso\/wp-json\/wp\/v2\/media?parent=845"}],"curies":[{"name":"wp","href":"https:\/\/api.w.org\/{rel}","templated":true}]}}