{"id":1601,"date":"2025-01-27T14:30:37","date_gmt":"2025-01-27T13:30:37","guid":{"rendered":"https:\/\/blogsaverroes.juntadeandalucia.es\/colegioacapulco\/?page_id=1601"},"modified":"2026-04-20T17:50:57","modified_gmt":"2026-04-20T16:50:57","slug":"programa-prex","status":"publish","type":"page","link":"https:\/\/blogsaverroes.juntadeandalucia.es\/colegioacapulco\/programa-prex\/","title":{"rendered":"PREX"},"content":{"rendered":"<p style=\"text-align: center\"><span style=\"color: #000000\"><strong><span style=\"color: #0000ff\">El Programa de Refuerzo de la Lengua Extranjera (PREX), financiado por la Consejer\u00eda de Desarrollo Educativo y Formaci\u00f3n Profesional, <span style=\"text-decoration: underline\">que se imparte por primera vez en su historia en nuestro centro<\/span><\/span>, se concibe como las actuaciones dirigidas a reforzar el aprendizaje de la primera lengua extranjera, incidiendo en la comprensi\u00f3n auditiva y expresi\u00f3n e interacci\u00f3n oral desde edades tempranas, en aquellos centros docentes p\u00fablicos de Educaci\u00f3n Primaria que no imparten ense\u00f1anza biling\u00fce, con el fin de mejorar la competencia comunicativa del alumnado en dicha lengua.<\/strong><\/span><\/p>\n<p style=\"text-align: center\"><span style=\"color: #000000\"><strong>Se pretende conseguir la mejora de la comprensi\u00f3n auditiva y expresi\u00f3n e interacci\u00f3n oral desde edades tempranas, en aquellos centros docentes p\u00fablicos de Educaci\u00f3n Primaria que no imparten ense\u00f1anza biling\u00fce, con el fin de mejorar la competencia comunicativa del alumnado en dicha lengua.<\/strong><\/span><\/p>\n<p style=\"text-align: center\"><span style=\"color: #0000ff\"><strong><span style=\"text-decoration: underline\">Actualmente se lleva a cabo en 1\u00ba y 2\u00ba de Primaria, los lunes y mi\u00e9rcoles de 15:00 a 16:00 horas.<\/span><\/strong><\/span><\/p>\n<div id=\"left-area\">\n<article id=\"post-1096\" class=\"post-1096 page type-page status-publish has-post-thumbnail hentry\">\n<div class=\"entry-content\">\n<div class=\"block block-layout-builder block-field-blocknodeplanes-y-programasfield-planes-objetivos\">\n<div class=\"content\">\n<div class=\"clearfix text-formatted field field--name-field-planes-objetivos field--type-text-long field--label-above\">\n<div class=\"field__item\">\n<p style=\"text-align: center\">&nbsp;<\/p>\n<\/div>\n<\/div>\n<\/div>\n<\/div>\n<\/div>\n<\/article>\n<\/div>\n<div id=\"sidebar\">\n<div id=\"custom_html-2\" class=\"widget_text et_pb_widget widget_custom_html\">&nbsp;<\/div>\n<\/div>\n","protected":false},"excerpt":{"rendered":"<p>El Programa de Refuerzo de la Lengua Extranjera (PREX), financiado por la Consejer\u00eda de Desarrollo Educativo y Formaci\u00f3n Profesional, que se imparte por primera vez en su historia en nuestro centro, se concibe como las actuaciones dirigidas a reforzar el aprendizaje de la primera lengua extranjera, incidiendo en la comprensi\u00f3n auditiva y expresi\u00f3n e interacci\u00f3n [&hellip;]<\/p>\n","protected":false},"author":19840,"featured_media":1603,"parent":0,"menu_order":0,"comment_status":"closed","ping_status":"closed","template":"","meta":{"_et_pb_use_builder":"","_et_pb_old_content":"","_et_gb_content_width":"","ngg_post_thumbnail":0,"footnotes":""},"aioseo_notices":[],"_links":{"self":[{"href":"https:\/\/blogsaverroes.juntadeandalucia.es\/colegioacapulco\/wp-json\/wp\/v2\/pages\/1601"}],"collection":[{"href":"https:\/\/blogsaverroes.juntadeandalucia.es\/colegioacapulco\/wp-json\/wp\/v2\/pages"}],"about":[{"href":"https:\/\/blogsaverroes.juntadeandalucia.es\/colegioacapulco\/wp-json\/wp\/v2\/types\/page"}],"author":[{"embeddable":true,"href":"https:\/\/blogsaverroes.juntadeandalucia.es\/colegioacapulco\/wp-json\/wp\/v2\/users\/19840"}],"replies":[{"embeddable":true,"href":"https:\/\/blogsaverroes.juntadeandalucia.es\/colegioacapulco\/wp-json\/wp\/v2\/comments?post=1601"}],"version-history":[{"count":5,"href":"https:\/\/blogsaverroes.juntadeandalucia.es\/colegioacapulco\/wp-json\/wp\/v2\/pages\/1601\/revisions"}],"predecessor-version":[{"id":2139,"href":"https:\/\/blogsaverroes.juntadeandalucia.es\/colegioacapulco\/wp-json\/wp\/v2\/pages\/1601\/revisions\/2139"}],"wp:featuredmedia":[{"embeddable":true,"href":"https:\/\/blogsaverroes.juntadeandalucia.es\/colegioacapulco\/wp-json\/wp\/v2\/media\/1603"}],"wp:attachment":[{"href":"https:\/\/blogsaverroes.juntadeandalucia.es\/colegioacapulco\/wp-json\/wp\/v2\/media?parent=1601"}],"curies":[{"name":"wp","href":"https:\/\/api.w.org\/{rel}","templated":true}]}}

<p style="text-align: center"><span style="color: #000000"><strong><span style="color: #0000ff">El Programa de Refuerzo de la Lengua Extranjera (PREX), financiado por la Consejería de Desarrollo Educativo y Formación Profesional, <span style="text-decoration: underline">que se imparte por primera vez en su historia en nuestro centro</span></span>, se concibe como las actuaciones dirigidas a reforzar el aprendizaje de la primera lengua extranjera, incidiendo en la comprensión auditiva y expresión e interacción oral desde edades tempranas, en aquellos centros docentes públicos de Educación Primaria que no imparten enseñanza bilingüe, con el fin de mejorar la competencia comunicativa del alumnado en dicha lengua.</strong></span></p>
<p style="text-align: center"><span style="color: #000000"><strong>Se pretende conseguir la mejora de la comprensión auditiva y expresión e interacción oral desde edades tempranas, en aquellos centros docentes públicos de Educación Primaria que no imparten enseñanza bilingüe, con el fin de mejorar la competencia comunicativa del alumnado en dicha lengua.</strong></span></p>
<p style="text-align: center"><span style="color: #0000ff"><strong><span style="text-decoration: underline">Actualmente se lleva a cabo en 1º y 2º de Primaria, los lunes y miércoles de 15:00 a 16:00 horas.</span></strong></span></p>
<div id="left-area">
<article id="post-1096" class="post-1096 page type-page status-publish has-post-thumbnail hentry">
<div class="entry-content">
<div class="block block-layout-builder block-field-blocknodeplanes-y-programasfield-planes-objetivos">
<div class="content">
<div class="clearfix text-formatted field field--name-field-planes-objetivos field--type-text-long field--label-above">
<div class="field__item">
<p style="text-align: center">&nbsp;</p>
</div>
</div>
</div>
</div>
</div>
</article>
</div>
<div id="sidebar">
<div id="custom_html-2" class="widget_text et_pb_widget widget_custom_html">&nbsp;</div>
</div>

<p>El Programa de Refuerzo de la Lengua Extranjera (PREX), financiado por la Consejería de Desarrollo Educativo y Formación Profesional, que se imparte por primera vez en su historia en nuestro centro, se concibe como las actuaciones dirigidas a reforzar el aprendizaje de la primera lengua extranjera, incidiendo en la comprensión auditiva y expresión e interacción [&hellip;]</p>
