{"id":840,"date":"2020-12-18T08:38:52","date_gmt":"2020-12-18T07:38:52","guid":{"rendered":"https:\/\/blogsaverroes.juntadeandalucia.es\/pre\/plantilla-pencil\/?page_id=840"},"modified":"2025-02-18T13:05:48","modified_gmt":"2025-02-18T12:05:48","slug":"ampa","status":"publish","type":"page","link":"https:\/\/blogsaverroes.juntadeandalucia.es\/colegioacapulco\/ampa\/","title":{"rendered":"INNOVACI\u00d3N"},"content":{"rendered":"<p style=\"text-align: left\"><span style=\"text-decoration: underline;font-size: 14pt;color: #000000\">Durante el curso escolar 2024-2025 nuestro colegio lleva a cabo 2 proyectos de innovaci\u00f3n educativa:<\/span><\/p>\n<p style=\"text-align: left\"><span style=\"font-size: 12pt;color: #ff00ff\"><strong><span style=\"text-decoration: underline\">1-PROYECTO INNOVACI\u00d3N M\u00daSICA 2024-2025<\/span><\/strong><\/span><\/p>\n<p style=\"text-align: left\"><span style=\"font-size: 12pt;color: #ff00ff\"><strong><span style=\"text-decoration: underline\">2-PROYECTO INNOVACI\u00d3N HUERTO ESCOLAR A\u00d1O 2- 2024-2025<\/span><\/strong><\/span><\/p>\n<p style=\"text-align: left\"><span style=\"font-size: 12pt;color: #000000\">Adem\u00e1s, durante el&nbsp; pasado curso escolar 2023-2024 llevamos a cabo el primer a\u00f1o del proyecto<\/span> <span style=\"font-size: 12pt;color: #0000ff\"><strong><span style=\"text-decoration: underline\">PROYECTO DE INNOVACI\u00d3N &#8220;El huerto escolar como aula de aprendizaje pr\u00e1ctico de las asignaturas, espacio de reciclaje, sostenibilidad y econom\u00eda circular&#8221; <\/span><\/strong><\/span><span style=\"font-size: 12pt;color: #0000ff\"><strong><span style=\"text-decoration: underline\">&nbsp;y desarrollamos&nbsp; el PROYECTO DE INNOVACI\u00d3N &#8220;Proyecto Uniendo culturas a trav\u00e9s del juego&#8221;<\/span><\/strong><\/span><\/p>\n<p><span style=\"text-decoration: underline;color: #0000ff\"><strong><span style=\"font-size: 14pt\">Pueden ver la informaci\u00f3n de todos los proyectos en la secci\u00f3n desplegable correspondiente de esta secci\u00f3n (pulsando en secci\u00f3n INNOVACI\u00d3N y seleccionando el proyecto que desee ver)<\/span><\/strong><\/span><\/p>\n<p>&nbsp;<\/p>\n","protected":false},"excerpt":{"rendered":"<p>Durante el curso escolar 2024-2025 nuestro colegio lleva a cabo 2 proyectos de innovaci\u00f3n educativa: 1-PROYECTO INNOVACI\u00d3N M\u00daSICA 2024-2025 2-PROYECTO INNOVACI\u00d3N HUERTO ESCOLAR A\u00d1O 2- 2024-2025 Adem\u00e1s, durante el&nbsp; pasado curso escolar 2023-2024 llevamos a cabo el primer a\u00f1o del proyecto PROYECTO DE INNOVACI\u00d3N &#8220;El huerto escolar como aula de aprendizaje pr\u00e1ctico de las asignaturas, [&hellip;]<\/p>\n","protected":false},"author":7051,"featured_media":1630,"parent":0,"menu_order":0,"comment_status":"closed","ping_status":"closed","template":"","meta":{"_et_pb_use_builder":"off","_et_pb_old_content":"","_et_gb_content_width":"","ngg_post_thumbnail":0,"footnotes":""},"aioseo_notices":[],"_links":{"self":[{"href":"https:\/\/blogsaverroes.juntadeandalucia.es\/colegioacapulco\/wp-json\/wp\/v2\/pages\/840"}],"collection":[{"href":"https:\/\/blogsaverroes.juntadeandalucia.es\/colegioacapulco\/wp-json\/wp\/v2\/pages"}],"about":[{"href":"https:\/\/blogsaverroes.juntadeandalucia.es\/colegioacapulco\/wp-json\/wp\/v2\/types\/page"}],"author":[{"embeddable":true,"href":"https:\/\/blogsaverroes.juntadeandalucia.es\/colegioacapulco\/wp-json\/wp\/v2\/users\/7051"}],"replies":[{"embeddable":true,"href":"https:\/\/blogsaverroes.juntadeandalucia.es\/colegioacapulco\/wp-json\/wp\/v2\/comments?post=840"}],"version-history":[{"count":11,"href":"https:\/\/blogsaverroes.juntadeandalucia.es\/colegioacapulco\/wp-json\/wp\/v2\/pages\/840\/revisions"}],"predecessor-version":[{"id":1675,"href":"https:\/\/blogsaverroes.juntadeandalucia.es\/colegioacapulco\/wp-json\/wp\/v2\/pages\/840\/revisions\/1675"}],"wp:featuredmedia":[{"embeddable":true,"href":"https:\/\/blogsaverroes.juntadeandalucia.es\/colegioacapulco\/wp-json\/wp\/v2\/media\/1630"}],"wp:attachment":[{"href":"https:\/\/blogsaverroes.juntadeandalucia.es\/colegioacapulco\/wp-json\/wp\/v2\/media?parent=840"}],"curies":[{"name":"wp","href":"https:\/\/api.w.org\/{rel}","templated":true}]}}