{"id":45,"date":"2020-01-09T12:46:56","date_gmt":"2020-01-09T11:46:56","guid":{"rendered":"http:\/\/blogsaverroes.juntadeandalucia.es\/pre\/nuevoceip2v2\/?page_id=45"},"modified":"2024-01-31T09:59:06","modified_gmt":"2024-01-31T08:59:06","slug":"inicio","status":"publish","type":"page","link":"https:\/\/blogsaverroes.juntadeandalucia.es\/colegioalbondon\/","title":{"rendered":"Inicio"},"content":{"rendered":"<p>[et_pb_section fb_built=&#8221;1&#8243; fullwidth=&#8221;on&#8221; admin_label=&#8221;Secci\u00f3n&#8221; _builder_version=&#8221;4.14.5&#8243; _module_preset=&#8221;default&#8221; global_colors_info=&#8221;{}&#8221;][et_pb_fullwidth_slider _builder_version=&#8221;4.14.5&#8243; _module_preset=&#8221;default&#8221; background_color=&#8221;#FFFFFF&#8221; background_image=&#8221;https:\/\/blogsaverroes.juntadeandalucia.es\/colegioalbondon\/files\/2024\/01\/2.png&#8221; global_colors_info=&#8221;{}&#8221;][et_pb_slide _builder_version=&#8221;4.14.5&#8243; _module_preset=&#8221;default&#8221; background_color=&#8221;#E02B20&#8243; background_enable_color=&#8221;on&#8221; global_colors_info=&#8221;{}&#8221; sticky_transition=&#8221;on&#8221;][\/et_pb_slide][\/et_pb_fullwidth_slider][\/et_pb_section][et_pb_section fb_built=&#8221;1&#8243; admin_label=&#8221;section&#8221; _builder_version=&#8221;3.22&#8243; global_colors_info=&#8221;{}&#8221;][et_pb_row admin_label=&#8221;row&#8221; _builder_version=&#8221;3.25&#8243; background_size=&#8221;initial&#8221; background_position=&#8221;top_left&#8221; background_repeat=&#8221;repeat&#8221; global_colors_info=&#8221;{}&#8221;][et_pb_column type=&#8221;4_4&#8243; _builder_version=&#8221;3.25&#8243; custom_padding=&#8221;|||&#8221; global_colors_info=&#8221;{}&#8221; custom_padding__hover=&#8221;|||&#8221;][et_pb_blog fullwidth=&#8221;off&#8221; posts_number=&#8221;20&#8243; include_categories=&#8221;6&#8243; admin_label=&#8221;Blog&#8221; _builder_version=&#8221;4.14.5&#8243; _module_preset=&#8221;default&#8221; global_colors_info=&#8221;{}&#8221;][\/et_pb_blog][et_pb_text admin_label=&#8221;Text&#8221; _builder_version=&#8221;3.27.4&#8243; background_size=&#8221;initial&#8221; background_position=&#8221;top_left&#8221; background_repeat=&#8221;repeat&#8221; global_colors_info=&#8221;{}&#8221;]<\/p>\n<p class=\"font_8\">BIENVENIDOS A NUESTRA P\u00c1GINA WEB<\/p>\n<p class=\"font_8\">La presente p\u00e1gina surge con la intenci\u00f3n de crear un espacio de comunicaci\u00f3n para toda la Comunidad Educativa, del CEIP Infanta Cristina de Albond\u00f3n, Granada, dando a conocer diferentes aspectos de nuestro d\u00eda a d\u00eda, tales como celebraciones o documentaci\u00f3n entre otros.<\/p>\n<p>Se trata de un espacio de car\u00e1cter informativo, elaborado con la mayor ilusi\u00f3n desde el Centro Escolar, de manera que todas las im\u00e1genes que aqu\u00ed se muestran, especialmente aquellas relacionadas con nuestro alumnado, van dirigidas exclusivamente a que las familias compartan los procesos que se est\u00e1n llevando a cabo, de manera que queda totalmente prohibida su reproducci\u00f3n, y publicidad en redes sociales, sin autorizaci\u00f3n expresa ni consentimiento de los tutores legales, los cuales se reservan todos los derechos relacionados con las mismas.[\/et_pb_text][\/et_pb_column][\/et_pb_row][et_pb_row column_structure=&#8221;1_3,1_3,1_3&#8243; _builder_version=&#8221;4.14.5&#8243; _module_preset=&#8221;default&#8221; hover_enabled=&#8221;0&#8243; global_colors_info=&#8221;{}&#8221; sticky_enabled=&#8221;0&#8243;][et_pb_column type=&#8221;1_3&#8243; _builder_version=&#8221;4.14.5&#8243; _module_preset=&#8221;default&#8221; global_colors_info=&#8221;{}&#8221;][et_pb_icon font_icon=&#8221;&#xf041;||fa||900&#8243; icon_color=&#8221;#EDF000&#8243; icon_width=&#8221;32px&#8221; _builder_version=&#8221;4.14.5&#8243; _module_preset=&#8221;default&#8221; hover_enabled=&#8221;0&#8243; global_colors_info=&#8221;{}&#8221; sticky_enabled=&#8221;0&#8243;][\/et_pb_icon][et_pb_text _builder_version=&#8221;4.14.5&#8243; _module_preset=&#8221;default&#8221; hover_enabled=&#8221;0&#8243; sticky_enabled=&#8221;0&#8243;]<\/p>\n<p style=\"text-align: center\">C\/Balc\u00f3n de Europa, n\u00ba 20<\/p>\n<p style=\"text-align: center\">Albond\u00f3n, Granada<\/p>\n<p>[\/et_pb_text][\/et_pb_column][et_pb_column _builder_version=&#8221;4.14.5&#8243; _module_preset=&#8221;default&#8221; type=&#8221;1_3&#8243;][et_pb_icon font_icon=&#8221;&#xf879;||fa||900&#8243; icon_color=&#8221;#EDF000&#8243; icon_width=&#8221;32px&#8221; _builder_version=&#8221;4.14.5&#8243; _module_preset=&#8221;default&#8221; hover_enabled=&#8221;0&#8243; global_colors_info=&#8221;{}&#8221; sticky_enabled=&#8221;0&#8243;][\/et_pb_icon][et_pb_text _builder_version=&#8221;4.14.5&#8243; _module_preset=&#8221;default&#8221; hover_enabled=&#8221;0&#8243; sticky_enabled=&#8221;0&#8243;]<\/p>\n<p style=\"text-align: center\">958654921<\/p>\n<p style=\"text-align: center\">677981604<\/p>\n<p>[\/et_pb_text][\/et_pb_column][et_pb_column type=&#8221;1_3&#8243; _builder_version=&#8221;4.14.5&#8243; _module_preset=&#8221;default&#8221; global_colors_info=&#8221;{}&#8221;][et_pb_icon font_icon=&#8221;&#xf0e0;||fa||900&#8243; icon_color=&#8221;#EDF000&#8243; icon_width=&#8221;32px&#8221; _builder_version=&#8221;4.14.5&#8243; _module_preset=&#8221;default&#8221; hover_enabled=&#8221;0&#8243; global_colors_info=&#8221;{}&#8221; sticky_enabled=&#8221;0&#8243; custom_padding=&#8221;||2px|||&#8221;][\/et_pb_icon][et_pb_text admin_label=&#8221;Texto&#8221; _builder_version=&#8221;4.14.5&#8243; _module_preset=&#8221;default&#8221; hover_enabled=&#8221;0&#8243; global_colors_info=&#8221;{}&#8221; sticky_enabled=&#8221;0&#8243;]<\/p>\n<p style=\"text-align: center\">18000088.edu@juntadeandalucia.es<\/p>\n<p>[\/et_pb_text][\/et_pb_column][\/et_pb_row][\/et_pb_section]<\/p>\n","protected":false},"excerpt":{"rendered":"<p>BIENVENIDOS A NUESTRA P\u00c1GINA WEB La presente p\u00e1gina surge con la intenci\u00f3n de crear un espacio de comunicaci\u00f3n para toda la Comunidad Educativa, del CEIP Infanta Cristina de Albond\u00f3n, Granada, dando a conocer diferentes aspectos de nuestro d\u00eda a d\u00eda, tales como celebraciones o documentaci\u00f3n entre otros. Se trata de un espacio de car\u00e1cter informativo, [&hellip;]<\/p>\n","protected":false},"author":1951,"featured_media":573,"parent":0,"menu_order":0,"comment_status":"closed","ping_status":"closed","template":"","meta":{"_et_pb_use_builder":"on","_et_pb_old_content":"<p class=\"font_8\">BIENVENIDOS A NUESTRA P\u00c1GINA WEB<\/p>\r\n<p class=\"font_8\">La presente p\u00e1gina surge con la intenci\u00f3n de crear un espacio de comunicaci\u00f3n para toda la Comunidad Educativa, del CEIP Infanta Cristina de Albond\u00f3n, Granada, dando a conocer diferentes aspectos de nuestro d\u00eda a d\u00eda, tales como celebraciones o documentaci\u00f3n entre otros.<\/p>\r\nSe trata de un espacio de car\u00e1cter informativo, elaborado con la mayor ilusi\u00f3n desde el Centro Escolar, de manera que todas las im\u00e1genes que aqu\u00ed se muestran, especialmente aquellas relacionadas con nuestro alumnado, van dirigidas exclusivamente a que las familias compartan los procesos que se est\u00e1n llevando a cabo, de manera que queda totalmente prohibida su reproducci\u00f3n, y publicidad en redes sociales, sin autorizaci\u00f3n expresa ni consentimiento de los tutores legales, los cuales se reservan todos los derechos relacionados con las mismas.","_et_gb_content_width":"","ngg_post_thumbnail":0,"footnotes":""},"aioseo_notices":[],"_links":{"self":[{"href":"https:\/\/blogsaverroes.juntadeandalucia.es\/colegioalbondon\/wp-json\/wp\/v2\/pages\/45"}],"collection":[{"href":"https:\/\/blogsaverroes.juntadeandalucia.es\/colegioalbondon\/wp-json\/wp\/v2\/pages"}],"about":[{"href":"https:\/\/blogsaverroes.juntadeandalucia.es\/colegioalbondon\/wp-json\/wp\/v2\/types\/page"}],"author":[{"embeddable":true,"href":"https:\/\/blogsaverroes.juntadeandalucia.es\/colegioalbondon\/wp-json\/wp\/v2\/users\/1951"}],"replies":[{"embeddable":true,"href":"https:\/\/blogsaverroes.juntadeandalucia.es\/colegioalbondon\/wp-json\/wp\/v2\/comments?post=45"}],"version-history":[{"count":38,"href":"https:\/\/blogsaverroes.juntadeandalucia.es\/colegioalbondon\/wp-json\/wp\/v2\/pages\/45\/revisions"}],"predecessor-version":[{"id":2471,"href":"https:\/\/blogsaverroes.juntadeandalucia.es\/colegioalbondon\/wp-json\/wp\/v2\/pages\/45\/revisions\/2471"}],"wp:featuredmedia":[{"embeddable":true,"href":"https:\/\/blogsaverroes.juntadeandalucia.es\/colegioalbondon\/wp-json\/wp\/v2\/media\/573"}],"wp:attachment":[{"href":"https:\/\/blogsaverroes.juntadeandalucia.es\/colegioalbondon\/wp-json\/wp\/v2\/media?parent=45"}],"curies":[{"name":"wp","href":"https:\/\/api.w.org\/{rel}","templated":true}]}}

<p>[et_pb_section fb_built=&#8221;1&#8243; fullwidth=&#8221;on&#8221; admin_label=&#8221;Sección&#8221; _builder_version=&#8221;4.14.5&#8243; _module_preset=&#8221;default&#8221; global_colors_info=&#8221;{}&#8221;][et_pb_fullwidth_slider _builder_version=&#8221;4.14.5&#8243; _module_preset=&#8221;default&#8221; background_color=&#8221;#FFFFFF&#8221; background_image=&#8221;https://blogsaverroes.juntadeandalucia.es/colegioalbondon/files/2024/01/2.png&#8221; global_colors_info=&#8221;{}&#8221;][et_pb_slide _builder_version=&#8221;4.14.5&#8243; _module_preset=&#8221;default&#8221; background_color=&#8221;#E02B20&#8243; background_enable_color=&#8221;on&#8221; global_colors_info=&#8221;{}&#8221; sticky_transition=&#8221;on&#8221;][/et_pb_slide][/et_pb_fullwidth_slider][/et_pb_section][et_pb_section fb_built=&#8221;1&#8243; admin_label=&#8221;section&#8221; _builder_version=&#8221;3.22&#8243; global_colors_info=&#8221;{}&#8221;][et_pb_row admin_label=&#8221;row&#8221; _builder_version=&#8221;3.25&#8243; background_size=&#8221;initial&#8221; background_position=&#8221;top_left&#8221; background_repeat=&#8221;repeat&#8221; global_colors_info=&#8221;{}&#8221;][et_pb_column type=&#8221;4_4&#8243; _builder_version=&#8221;3.25&#8243; custom_padding=&#8221;|||&#8221; global_colors_info=&#8221;{}&#8221; custom_padding__hover=&#8221;|||&#8221;][et_pb_blog fullwidth=&#8221;off&#8221; posts_number=&#8221;20&#8243; include_categories=&#8221;6&#8243; admin_label=&#8221;Blog&#8221; _builder_version=&#8221;4.14.5&#8243; _module_preset=&#8221;default&#8221; global_colors_info=&#8221;{}&#8221;][/et_pb_blog][et_pb_text admin_label=&#8221;Text&#8221; _builder_version=&#8221;3.27.4&#8243; background_size=&#8221;initial&#8221; background_position=&#8221;top_left&#8221; background_repeat=&#8221;repeat&#8221; global_colors_info=&#8221;{}&#8221;]</p>
<p class="font_8">BIENVENIDOS A NUESTRA PÁGINA WEB</p>
<p class="font_8">La presente página surge con la intención de crear un espacio de comunicación para toda la Comunidad Educativa, del CEIP Infanta Cristina de Albondón, Granada, dando a conocer diferentes aspectos de nuestro día a día, tales como celebraciones o documentación entre otros.</p>
<p>Se trata de un espacio de carácter informativo, elaborado con la mayor ilusión desde el Centro Escolar, de manera que todas las imágenes que aquí se muestran, especialmente aquellas relacionadas con nuestro alumnado, van dirigidas exclusivamente a que las familias compartan los procesos que se están llevando a cabo, de manera que queda totalmente prohibida su reproducción, y publicidad en redes sociales, sin autorización expresa ni consentimiento de los tutores legales, los cuales se reservan todos los derechos relacionados con las mismas.[/et_pb_text][/et_pb_column][/et_pb_row][et_pb_row column_structure=&#8221;1_3,1_3,1_3&#8243; _builder_version=&#8221;4.14.5&#8243; _module_preset=&#8221;default&#8221; hover_enabled=&#8221;0&#8243; global_colors_info=&#8221;{}&#8221; sticky_enabled=&#8221;0&#8243;][et_pb_column type=&#8221;1_3&#8243; _builder_version=&#8221;4.14.5&#8243; _module_preset=&#8221;default&#8221; global_colors_info=&#8221;{}&#8221;][et_pb_icon font_icon=&#8221;&#xf041;||fa||900&#8243; icon_color=&#8221;#EDF000&#8243; icon_width=&#8221;32px&#8221; _builder_version=&#8221;4.14.5&#8243; _module_preset=&#8221;default&#8221; hover_enabled=&#8221;0&#8243; global_colors_info=&#8221;{}&#8221; sticky_enabled=&#8221;0&#8243;][/et_pb_icon][et_pb_text _builder_version=&#8221;4.14.5&#8243; _module_preset=&#8221;default&#8221; hover_enabled=&#8221;0&#8243; sticky_enabled=&#8221;0&#8243;]</p>
<p style="text-align: center">C/Balcón de Europa, nº 20</p>
<p style="text-align: center">Albondón, Granada</p>
<p>[/et_pb_text][/et_pb_column][et_pb_column _builder_version=&#8221;4.14.5&#8243; _module_preset=&#8221;default&#8221; type=&#8221;1_3&#8243;][et_pb_icon font_icon=&#8221;&#xf879;||fa||900&#8243; icon_color=&#8221;#EDF000&#8243; icon_width=&#8221;32px&#8221; _builder_version=&#8221;4.14.5&#8243; _module_preset=&#8221;default&#8221; hover_enabled=&#8221;0&#8243; global_colors_info=&#8221;{}&#8221; sticky_enabled=&#8221;0&#8243;][/et_pb_icon][et_pb_text _builder_version=&#8221;4.14.5&#8243; _module_preset=&#8221;default&#8221; hover_enabled=&#8221;0&#8243; sticky_enabled=&#8221;0&#8243;]</p>
<p style="text-align: center">958654921</p>
<p style="text-align: center">677981604</p>
<p>[/et_pb_text][/et_pb_column][et_pb_column type=&#8221;1_3&#8243; _builder_version=&#8221;4.14.5&#8243; _module_preset=&#8221;default&#8221; global_colors_info=&#8221;{}&#8221;][et_pb_icon font_icon=&#8221;&#xf0e0;||fa||900&#8243; icon_color=&#8221;#EDF000&#8243; icon_width=&#8221;32px&#8221; _builder_version=&#8221;4.14.5&#8243; _module_preset=&#8221;default&#8221; hover_enabled=&#8221;0&#8243; global_colors_info=&#8221;{}&#8221; sticky_enabled=&#8221;0&#8243; custom_padding=&#8221;||2px|||&#8221;][/et_pb_icon][et_pb_text admin_label=&#8221;Texto&#8221; _builder_version=&#8221;4.14.5&#8243; _module_preset=&#8221;default&#8221; hover_enabled=&#8221;0&#8243; global_colors_info=&#8221;{}&#8221; sticky_enabled=&#8221;0&#8243;]</p>
<p style="text-align: center">18000088.edu@juntadeandalucia.es</p>
<p>[/et_pb_text][/et_pb_column][/et_pb_row][/et_pb_section]</p>

<p>BIENVENIDOS A NUESTRA PÁGINA WEB La presente página surge con la intención de crear un espacio de comunicación para toda la Comunidad Educativa, del CEIP Infanta Cristina de Albondón, Granada, dando a conocer diferentes aspectos de nuestro día a día, tales como celebraciones o documentación entre otros. Se trata de un espacio de carácter informativo, [&hellip;]</p>

<p class="font_8">BIENVENIDOS A NUESTRA PÁGINA WEB</p>
<p class="font_8">La presente página surge con la intención de crear un espacio de comunicación para toda la Comunidad Educativa, del CEIP Infanta Cristina de Albondón, Granada, dando a conocer diferentes aspectos de nuestro día a día, tales como celebraciones o documentación entre otros.</p>
Se trata de un espacio de carácter informativo, elaborado con la mayor ilusión desde el Centro Escolar, de manera que todas las imágenes que aquí se muestran, especialmente aquellas relacionadas con nuestro alumnado, van dirigidas exclusivamente a que las familias compartan los procesos que se están llevando a cabo, de manera que queda totalmente prohibida su reproducción, y publicidad en redes sociales, sin autorización expresa ni consentimiento de los tutores legales, los cuales se reservan todos los derechos relacionados con las mismas.
