{"id":1807,"date":"2023-10-23T09:44:22","date_gmt":"2023-10-23T07:44:22","guid":{"rendered":"http:\/\/blogsaverroes.juntadeandalucia.es\/colegioandalucia\/?page_id=1807"},"modified":"2024-11-14T23:00:53","modified_gmt":"2024-11-14T22:00:53","slug":"creciendo-en-salud-habitos-de-vida-saludable","status":"publish","type":"page","link":"https:\/\/blogsaverroes.juntadeandalucia.es\/colegioandalucia\/creciendo-en-salud-habitos-de-vida-saludable\/","title":{"rendered":"CIMA \u00abH\u00e1bitos de vida Saludable\u00bb"},"content":{"rendered":"<p><img loading=\"lazy\" decoding=\"async\" class=\"aligncenter size-full wp-image-1875\" src=\"https:\/\/blogsaverroes.juntadeandalucia.es\/colegioandalucia\/files\/2024\/03\/Comunicado-frutas-verduras-y-leche_1.jpg\" alt=\"\" width=\"794\" height=\"1123\" srcset=\"https:\/\/blogsaverroes.juntadeandalucia.es\/colegioandalucia\/files\/2024\/03\/Comunicado-frutas-verduras-y-leche_1.jpg 794w, https:\/\/blogsaverroes.juntadeandalucia.es\/colegioandalucia\/files\/2024\/03\/Comunicado-frutas-verduras-y-leche_1-212x300.jpg 212w, https:\/\/blogsaverroes.juntadeandalucia.es\/colegioandalucia\/files\/2024\/03\/Comunicado-frutas-verduras-y-leche_1-724x1024.jpg 724w, https:\/\/blogsaverroes.juntadeandalucia.es\/colegioandalucia\/files\/2024\/03\/Comunicado-frutas-verduras-y-leche_1-768x1086.jpg 768w\" sizes=\"(max-width: 794px) 100vw, 794px\" \/> <img loading=\"lazy\" decoding=\"async\" class=\"aligncenter size-full wp-image-1876\" src=\"https:\/\/blogsaverroes.juntadeandalucia.es\/colegioandalucia\/files\/2024\/03\/Comunicado-frutas-verduras-y-leche_2.jpg\" alt=\"\" width=\"794\" height=\"1123\" srcset=\"https:\/\/blogsaverroes.juntadeandalucia.es\/colegioandalucia\/files\/2024\/03\/Comunicado-frutas-verduras-y-leche_2.jpg 794w, https:\/\/blogsaverroes.juntadeandalucia.es\/colegioandalucia\/files\/2024\/03\/Comunicado-frutas-verduras-y-leche_2-212x300.jpg 212w, https:\/\/blogsaverroes.juntadeandalucia.es\/colegioandalucia\/files\/2024\/03\/Comunicado-frutas-verduras-y-leche_2-724x1024.jpg 724w, https:\/\/blogsaverroes.juntadeandalucia.es\/colegioandalucia\/files\/2024\/03\/Comunicado-frutas-verduras-y-leche_2-768x1086.jpg 768w\" sizes=\"(max-width: 794px) 100vw, 794px\" \/><\/p>\n<p>&nbsp;<\/p>\n<p>Adem\u00e1s, es importante destacar la importancia de traer <strong>desayunos saludables<\/strong> al colegio. El desayuno es la primera comida del d\u00eda y proporciona a los ni\u00f1os la energ\u00eda necesaria para afrontar la jornada escolar, contribuyendo a mejorar la concentraci\u00f3n, el rendimiento acad\u00e9mico y el estado de \u00e1nimo de los estudiantes.<\/p>\n<p>Reciban un cordial saludo,<br \/>\nCEIP Andaluc\u00eda<\/p>\n<p>&nbsp;<\/p>\n<p>&nbsp;<\/p>\n<p><a href=\"https:\/\/drive.google.com\/file\/d\/1lMhF5MYS0_S5SbUa2Glr8t81zulZ0MaO\/view?usp=sharing\"><img loading=\"lazy\" decoding=\"async\" class=\"aligncenter size-full wp-image-1808\" src=\"https:\/\/blogsaverroes.juntadeandalucia.es\/colegioandalucia\/files\/2023\/10\/Desayunos-saludables_1.jpg\" alt=\"\" width=\"793\" height=\"1123\" srcset=\"https:\/\/blogsaverroes.juntadeandalucia.es\/colegioandalucia\/files\/2023\/10\/Desayunos-saludables_1.jpg 793w, https:\/\/blogsaverroes.juntadeandalucia.es\/colegioandalucia\/files\/2023\/10\/Desayunos-saludables_1-212x300.jpg 212w, https:\/\/blogsaverroes.juntadeandalucia.es\/colegioandalucia\/files\/2023\/10\/Desayunos-saludables_1-723x1024.jpg 723w, https:\/\/blogsaverroes.juntadeandalucia.es\/colegioandalucia\/files\/2023\/10\/Desayunos-saludables_1-768x1088.jpg 768w\" sizes=\"(max-width: 793px) 100vw, 793px\" \/><\/a> <a href=\"https:\/\/drive.google.com\/file\/d\/1lMhF5MYS0_S5SbUa2Glr8t81zulZ0MaO\/view?usp=sharing\"><img loading=\"lazy\" decoding=\"async\" class=\"aligncenter size-full wp-image-1809\" src=\"https:\/\/blogsaverroes.juntadeandalucia.es\/colegioandalucia\/files\/2023\/10\/Desayunos-saludables_2.jpg\" alt=\"\" width=\"793\" height=\"1123\" srcset=\"https:\/\/blogsaverroes.juntadeandalucia.es\/colegioandalucia\/files\/2023\/10\/Desayunos-saludables_2.jpg 793w, https:\/\/blogsaverroes.juntadeandalucia.es\/colegioandalucia\/files\/2023\/10\/Desayunos-saludables_2-212x300.jpg 212w, https:\/\/blogsaverroes.juntadeandalucia.es\/colegioandalucia\/files\/2023\/10\/Desayunos-saludables_2-723x1024.jpg 723w, https:\/\/blogsaverroes.juntadeandalucia.es\/colegioandalucia\/files\/2023\/10\/Desayunos-saludables_2-768x1088.jpg 768w\" sizes=\"(max-width: 793px) 100vw, 793px\" \/><\/a><\/p>\n","protected":false},"excerpt":{"rendered":"<p>&nbsp; Adem\u00e1s, es importante destacar la importancia de traer desayunos saludables al colegio. El desayuno es la primera comida del d\u00eda y proporciona a los ni\u00f1os la energ\u00eda necesaria para afrontar la jornada escolar,&#46;&#46;&#46;<\/p>\n","protected":false},"author":2050,"featured_media":0,"parent":0,"menu_order":0,"comment_status":"closed","ping_status":"closed","template":"","meta":{"footnotes":""},"aioseo_notices":[],"_links":{"self":[{"href":"https:\/\/blogsaverroes.juntadeandalucia.es\/colegioandalucia\/wp-json\/wp\/v2\/pages\/1807"}],"collection":[{"href":"https:\/\/blogsaverroes.juntadeandalucia.es\/colegioandalucia\/wp-json\/wp\/v2\/pages"}],"about":[{"href":"https:\/\/blogsaverroes.juntadeandalucia.es\/colegioandalucia\/wp-json\/wp\/v2\/types\/page"}],"author":[{"embeddable":true,"href":"https:\/\/blogsaverroes.juntadeandalucia.es\/colegioandalucia\/wp-json\/wp\/v2\/users\/2050"}],"replies":[{"embeddable":true,"href":"https:\/\/blogsaverroes.juntadeandalucia.es\/colegioandalucia\/wp-json\/wp\/v2\/comments?post=1807"}],"version-history":[{"count":4,"href":"https:\/\/blogsaverroes.juntadeandalucia.es\/colegioandalucia\/wp-json\/wp\/v2\/pages\/1807\/revisions"}],"predecessor-version":[{"id":1966,"href":"https:\/\/blogsaverroes.juntadeandalucia.es\/colegioandalucia\/wp-json\/wp\/v2\/pages\/1807\/revisions\/1966"}],"wp:attachment":[{"href":"https:\/\/blogsaverroes.juntadeandalucia.es\/colegioandalucia\/wp-json\/wp\/v2\/media?parent=1807"}],"curies":[{"name":"wp","href":"https:\/\/api.w.org\/{rel}","templated":true}]}}

CIMA «Hábitos de vida Saludable»

<p><img loading="lazy" decoding="async" class="aligncenter size-full wp-image-1875" src="https://blogsaverroes.juntadeandalucia.es/colegioandalucia/files/2024/03/Comunicado-frutas-verduras-y-leche_1.jpg" alt="" width="794" height="1123" srcset="https://blogsaverroes.juntadeandalucia.es/colegioandalucia/files/2024/03/Comunicado-frutas-verduras-y-leche_1.jpg 794w, https://blogsaverroes.juntadeandalucia.es/colegioandalucia/files/2024/03/Comunicado-frutas-verduras-y-leche_1-212x300.jpg 212w, https://blogsaverroes.juntadeandalucia.es/colegioandalucia/files/2024/03/Comunicado-frutas-verduras-y-leche_1-724x1024.jpg 724w, https://blogsaverroes.juntadeandalucia.es/colegioandalucia/files/2024/03/Comunicado-frutas-verduras-y-leche_1-768x1086.jpg 768w" sizes="(max-width: 794px) 100vw, 794px" /> <img loading="lazy" decoding="async" class="aligncenter size-full wp-image-1876" src="https://blogsaverroes.juntadeandalucia.es/colegioandalucia/files/2024/03/Comunicado-frutas-verduras-y-leche_2.jpg" alt="" width="794" height="1123" srcset="https://blogsaverroes.juntadeandalucia.es/colegioandalucia/files/2024/03/Comunicado-frutas-verduras-y-leche_2.jpg 794w, https://blogsaverroes.juntadeandalucia.es/colegioandalucia/files/2024/03/Comunicado-frutas-verduras-y-leche_2-212x300.jpg 212w, https://blogsaverroes.juntadeandalucia.es/colegioandalucia/files/2024/03/Comunicado-frutas-verduras-y-leche_2-724x1024.jpg 724w, https://blogsaverroes.juntadeandalucia.es/colegioandalucia/files/2024/03/Comunicado-frutas-verduras-y-leche_2-768x1086.jpg 768w" sizes="(max-width: 794px) 100vw, 794px" /></p>
<p>&nbsp;</p>
<p>Además, es importante destacar la importancia de traer <strong>desayunos saludables</strong> al colegio. El desayuno es la primera comida del día y proporciona a los niños la energía necesaria para afrontar la jornada escolar, contribuyendo a mejorar la concentración, el rendimiento académico y el estado de ánimo de los estudiantes.</p>
<p>Reciban un cordial saludo,<br />
CEIP Andalucía</p>
<p>&nbsp;</p>
<p>&nbsp;</p>
<p><a href="https://drive.google.com/file/d/1lMhF5MYS0_S5SbUa2Glr8t81zulZ0MaO/view?usp=sharing"><img loading="lazy" decoding="async" class="aligncenter size-full wp-image-1808" src="https://blogsaverroes.juntadeandalucia.es/colegioandalucia/files/2023/10/Desayunos-saludables_1.jpg" alt="" width="793" height="1123" srcset="https://blogsaverroes.juntadeandalucia.es/colegioandalucia/files/2023/10/Desayunos-saludables_1.jpg 793w, https://blogsaverroes.juntadeandalucia.es/colegioandalucia/files/2023/10/Desayunos-saludables_1-212x300.jpg 212w, https://blogsaverroes.juntadeandalucia.es/colegioandalucia/files/2023/10/Desayunos-saludables_1-723x1024.jpg 723w, https://blogsaverroes.juntadeandalucia.es/colegioandalucia/files/2023/10/Desayunos-saludables_1-768x1088.jpg 768w" sizes="(max-width: 793px) 100vw, 793px" /></a> <a href="https://drive.google.com/file/d/1lMhF5MYS0_S5SbUa2Glr8t81zulZ0MaO/view?usp=sharing"><img loading="lazy" decoding="async" class="aligncenter size-full wp-image-1809" src="https://blogsaverroes.juntadeandalucia.es/colegioandalucia/files/2023/10/Desayunos-saludables_2.jpg" alt="" width="793" height="1123" srcset="https://blogsaverroes.juntadeandalucia.es/colegioandalucia/files/2023/10/Desayunos-saludables_2.jpg 793w, https://blogsaverroes.juntadeandalucia.es/colegioandalucia/files/2023/10/Desayunos-saludables_2-212x300.jpg 212w, https://blogsaverroes.juntadeandalucia.es/colegioandalucia/files/2023/10/Desayunos-saludables_2-723x1024.jpg 723w, https://blogsaverroes.juntadeandalucia.es/colegioandalucia/files/2023/10/Desayunos-saludables_2-768x1088.jpg 768w" sizes="(max-width: 793px) 100vw, 793px" /></a></p>

<p>&nbsp; Además, es importante destacar la importancia de traer desayunos saludables al colegio. El desayuno es la primera comida del día y proporciona a los niños la energía necesaria para afrontar la jornada escolar,&#46;&#46;&#46;</p>
