{"id":2027,"date":"2025-05-27T09:29:09","date_gmt":"2025-05-27T07:29:09","guid":{"rendered":"https:\/\/blogsaverroes.juntadeandalucia.es\/colegioandalucia\/?page_id=2027"},"modified":"2025-05-27T11:31:56","modified_gmt":"2025-05-27T09:31:56","slug":"planes-y-programas-fse","status":"publish","type":"page","link":"https:\/\/blogsaverroes.juntadeandalucia.es\/colegioandalucia\/planes-y-programas-fse\/","title":{"rendered":"Planes y Programas &#8211; FSE"},"content":{"rendered":"<p><img loading=\"lazy\" decoding=\"async\" class=\"aligncenter size-full wp-image-2031\" src=\"https:\/\/blogsaverroes.juntadeandalucia.es\/colegioandalucia\/files\/2025\/05\/Encabez_logos-FSE-21-27_actualizadoFeb25.png\" alt=\"\" width=\"1785\" height=\"113\" srcset=\"https:\/\/blogsaverroes.juntadeandalucia.es\/colegioandalucia\/files\/2025\/05\/Encabez_logos-FSE-21-27_actualizadoFeb25.png 1600w, https:\/\/blogsaverroes.juntadeandalucia.es\/colegioandalucia\/files\/2025\/05\/Encabez_logos-FSE-21-27_actualizadoFeb25-300x19.png 300w, https:\/\/blogsaverroes.juntadeandalucia.es\/colegioandalucia\/files\/2025\/05\/Encabez_logos-FSE-21-27_actualizadoFeb25-1024x65.png 1024w, https:\/\/blogsaverroes.juntadeandalucia.es\/colegioandalucia\/files\/2025\/05\/Encabez_logos-FSE-21-27_actualizadoFeb25-768x49.png 768w, https:\/\/blogsaverroes.juntadeandalucia.es\/colegioandalucia\/files\/2025\/05\/Encabez_logos-FSE-21-27_actualizadoFeb25-1536x97.png 1536w\" sizes=\"(max-width: 1785px) 100vw, 1785px\" \/><\/p>\n<p>Estimadas familias, El CEIP Andaluc\u00eda de Fuengirola es un centro que cuenta con varios programas que son desarrollados y cofinanciados por Fondos Sociales Europeos para el presente curso. Los Fondos Sociales Europeos (FSE) financian una variedad de programas educativos a trav\u00e9s de diferentes estrategias y programas operativos. Estos programas buscan mejorar la educaci\u00f3n, la formaci\u00f3n y el empleo, con un enfoque en la inclusi\u00f3n social y la igualdad de oportunidades. Entre ellos, los que son desarrolados en nuestro colegio tenemos los siguientes:<\/p>\n<p class=\"p1\">\u2022 \u201cActuaciones de prevenci\u00f3n del abandono escolar (PROA) \u201d<\/p>\n<p class=\"p1\">\u2022 \u201cPrograma apoyo curricular alumnado NEAE&nbsp; (Pedagog\u00eda Terap\u00e9utica)\u201d<\/p>\n<p class=\"p1\">\u2022 \u201cAsistentes Lingu\u0308\u00edsticos\u201d<\/p>\n<p class=\"p1\">\u2022 \u201cOrientaci\u00f3n educativa y profesional en el \u00e1mbito educativo\u201d<\/p>\n<p class=\"p1\">\u2022 \u201cAtenci\u00f3n socioeducativa en zonas con necesidades de transformaci\u00f3n social (ZNTS)\u201d<\/p>\n<p>&nbsp;<\/p>\n<p><img loading=\"lazy\" decoding=\"async\" class=\"aligncenter size-full wp-image-2032\" src=\"https:\/\/blogsaverroes.juntadeandalucia.es\/colegioandalucia\/files\/2025\/05\/Carteleria_FSE-2021-27.-Educacion-Prioridad-3.-PT-PROA-Refuerzo-Estival-Orientadores-Bilingue-y-AL.jpg\" alt=\"\" width=\"1587\" height=\"2245\" srcset=\"https:\/\/blogsaverroes.juntadeandalucia.es\/colegioandalucia\/files\/2025\/05\/Carteleria_FSE-2021-27.-Educacion-Prioridad-3.-PT-PROA-Refuerzo-Estival-Orientadores-Bilingue-y-AL.jpg 1587w, https:\/\/blogsaverroes.juntadeandalucia.es\/colegioandalucia\/files\/2025\/05\/Carteleria_FSE-2021-27.-Educacion-Prioridad-3.-PT-PROA-Refuerzo-Estival-Orientadores-Bilingue-y-AL-212x300.jpg 212w, https:\/\/blogsaverroes.juntadeandalucia.es\/colegioandalucia\/files\/2025\/05\/Carteleria_FSE-2021-27.-Educacion-Prioridad-3.-PT-PROA-Refuerzo-Estival-Orientadores-Bilingue-y-AL-724x1024.jpg 724w, https:\/\/blogsaverroes.juntadeandalucia.es\/colegioandalucia\/files\/2025\/05\/Carteleria_FSE-2021-27.-Educacion-Prioridad-3.-PT-PROA-Refuerzo-Estival-Orientadores-Bilingue-y-AL-768x1086.jpg 768w, https:\/\/blogsaverroes.juntadeandalucia.es\/colegioandalucia\/files\/2025\/05\/Carteleria_FSE-2021-27.-Educacion-Prioridad-3.-PT-PROA-Refuerzo-Estival-Orientadores-Bilingue-y-AL-1086x1536.jpg 1086w, https:\/\/blogsaverroes.juntadeandalucia.es\/colegioandalucia\/files\/2025\/05\/Carteleria_FSE-2021-27.-Educacion-Prioridad-3.-PT-PROA-Refuerzo-Estival-Orientadores-Bilingue-y-AL-1448x2048.jpg 1448w\" sizes=\"(max-width: 1587px) 100vw, 1587px\" \/> <img loading=\"lazy\" decoding=\"async\" class=\"aligncenter size-full wp-image-2033\" src=\"https:\/\/blogsaverroes.juntadeandalucia.es\/colegioandalucia\/files\/2025\/05\/Carteleria_FSE-2021-27.-Educacion-Prioridad-7.-ZNTS.png\" alt=\"\" width=\"1587\" height=\"2245\" srcset=\"https:\/\/blogsaverroes.juntadeandalucia.es\/colegioandalucia\/files\/2025\/05\/Carteleria_FSE-2021-27.-Educacion-Prioridad-7.-ZNTS.png 1587w, https:\/\/blogsaverroes.juntadeandalucia.es\/colegioandalucia\/files\/2025\/05\/Carteleria_FSE-2021-27.-Educacion-Prioridad-7.-ZNTS-212x300.png 212w, https:\/\/blogsaverroes.juntadeandalucia.es\/colegioandalucia\/files\/2025\/05\/Carteleria_FSE-2021-27.-Educacion-Prioridad-7.-ZNTS-724x1024.png 724w, https:\/\/blogsaverroes.juntadeandalucia.es\/colegioandalucia\/files\/2025\/05\/Carteleria_FSE-2021-27.-Educacion-Prioridad-7.-ZNTS-768x1086.png 768w, https:\/\/blogsaverroes.juntadeandalucia.es\/colegioandalucia\/files\/2025\/05\/Carteleria_FSE-2021-27.-Educacion-Prioridad-7.-ZNTS-1086x1536.png 1086w, https:\/\/blogsaverroes.juntadeandalucia.es\/colegioandalucia\/files\/2025\/05\/Carteleria_FSE-2021-27.-Educacion-Prioridad-7.-ZNTS-1448x2048.png 1448w\" sizes=\"(max-width: 1587px) 100vw, 1587px\" \/><\/p>\n<p>&nbsp;<\/p>\n<p>&nbsp;<\/p>\n","protected":false},"excerpt":{"rendered":"<p>Estimadas familias, El CEIP Andaluc\u00eda de Fuengirola es un centro que cuenta con varios programas que son desarrollados y cofinanciados por Fondos Sociales Europeos para el presente curso. Los Fondos Sociales Europeos (FSE) financian&#46;&#46;&#46;<\/p>\n","protected":false},"author":2050,"featured_media":0,"parent":0,"menu_order":0,"comment_status":"closed","ping_status":"closed","template":"","meta":{"footnotes":""},"aioseo_notices":[],"_links":{"self":[{"href":"https:\/\/blogsaverroes.juntadeandalucia.es\/colegioandalucia\/wp-json\/wp\/v2\/pages\/2027"}],"collection":[{"href":"https:\/\/blogsaverroes.juntadeandalucia.es\/colegioandalucia\/wp-json\/wp\/v2\/pages"}],"about":[{"href":"https:\/\/blogsaverroes.juntadeandalucia.es\/colegioandalucia\/wp-json\/wp\/v2\/types\/page"}],"author":[{"embeddable":true,"href":"https:\/\/blogsaverroes.juntadeandalucia.es\/colegioandalucia\/wp-json\/wp\/v2\/users\/2050"}],"replies":[{"embeddable":true,"href":"https:\/\/blogsaverroes.juntadeandalucia.es\/colegioandalucia\/wp-json\/wp\/v2\/comments?post=2027"}],"version-history":[{"count":7,"href":"https:\/\/blogsaverroes.juntadeandalucia.es\/colegioandalucia\/wp-json\/wp\/v2\/pages\/2027\/revisions"}],"predecessor-version":[{"id":2037,"href":"https:\/\/blogsaverroes.juntadeandalucia.es\/colegioandalucia\/wp-json\/wp\/v2\/pages\/2027\/revisions\/2037"}],"wp:attachment":[{"href":"https:\/\/blogsaverroes.juntadeandalucia.es\/colegioandalucia\/wp-json\/wp\/v2\/media?parent=2027"}],"curies":[{"name":"wp","href":"https:\/\/api.w.org\/{rel}","templated":true}]}}

<p><img loading="lazy" decoding="async" class="aligncenter size-full wp-image-2031" src="https://blogsaverroes.juntadeandalucia.es/colegioandalucia/files/2025/05/Encabez_logos-FSE-21-27_actualizadoFeb25.png" alt="" width="1785" height="113" srcset="https://blogsaverroes.juntadeandalucia.es/colegioandalucia/files/2025/05/Encabez_logos-FSE-21-27_actualizadoFeb25.png 1600w, https://blogsaverroes.juntadeandalucia.es/colegioandalucia/files/2025/05/Encabez_logos-FSE-21-27_actualizadoFeb25-300x19.png 300w, https://blogsaverroes.juntadeandalucia.es/colegioandalucia/files/2025/05/Encabez_logos-FSE-21-27_actualizadoFeb25-1024x65.png 1024w, https://blogsaverroes.juntadeandalucia.es/colegioandalucia/files/2025/05/Encabez_logos-FSE-21-27_actualizadoFeb25-768x49.png 768w, https://blogsaverroes.juntadeandalucia.es/colegioandalucia/files/2025/05/Encabez_logos-FSE-21-27_actualizadoFeb25-1536x97.png 1536w" sizes="(max-width: 1785px) 100vw, 1785px" /></p>
<p>Estimadas familias, El CEIP Andalucía de Fuengirola es un centro que cuenta con varios programas que son desarrollados y cofinanciados por Fondos Sociales Europeos para el presente curso. Los Fondos Sociales Europeos (FSE) financian una variedad de programas educativos a través de diferentes estrategias y programas operativos. Estos programas buscan mejorar la educación, la formación y el empleo, con un enfoque en la inclusión social y la igualdad de oportunidades. Entre ellos, los que son desarrolados en nuestro colegio tenemos los siguientes:</p>
<p class="p1">• “Actuaciones de prevención del abandono escolar (PROA) ”</p>
<p class="p1">• “Programa apoyo curricular alumnado NEAE&nbsp; (Pedagogía Terapéutica)”</p>
<p class="p1">• “Asistentes Lingüísticos”</p>
<p class="p1">• “Orientación educativa y profesional en el ámbito educativo”</p>
<p class="p1">• “Atención socioeducativa en zonas con necesidades de transformación social (ZNTS)”</p>
<p>&nbsp;</p>
<p><img loading="lazy" decoding="async" class="aligncenter size-full wp-image-2032" src="https://blogsaverroes.juntadeandalucia.es/colegioandalucia/files/2025/05/Carteleria_FSE-2021-27.-Educacion-Prioridad-3.-PT-PROA-Refuerzo-Estival-Orientadores-Bilingue-y-AL.jpg" alt="" width="1587" height="2245" srcset="https://blogsaverroes.juntadeandalucia.es/colegioandalucia/files/2025/05/Carteleria_FSE-2021-27.-Educacion-Prioridad-3.-PT-PROA-Refuerzo-Estival-Orientadores-Bilingue-y-AL.jpg 1587w, https://blogsaverroes.juntadeandalucia.es/colegioandalucia/files/2025/05/Carteleria_FSE-2021-27.-Educacion-Prioridad-3.-PT-PROA-Refuerzo-Estival-Orientadores-Bilingue-y-AL-212x300.jpg 212w, https://blogsaverroes.juntadeandalucia.es/colegioandalucia/files/2025/05/Carteleria_FSE-2021-27.-Educacion-Prioridad-3.-PT-PROA-Refuerzo-Estival-Orientadores-Bilingue-y-AL-724x1024.jpg 724w, https://blogsaverroes.juntadeandalucia.es/colegioandalucia/files/2025/05/Carteleria_FSE-2021-27.-Educacion-Prioridad-3.-PT-PROA-Refuerzo-Estival-Orientadores-Bilingue-y-AL-768x1086.jpg 768w, https://blogsaverroes.juntadeandalucia.es/colegioandalucia/files/2025/05/Carteleria_FSE-2021-27.-Educacion-Prioridad-3.-PT-PROA-Refuerzo-Estival-Orientadores-Bilingue-y-AL-1086x1536.jpg 1086w, https://blogsaverroes.juntadeandalucia.es/colegioandalucia/files/2025/05/Carteleria_FSE-2021-27.-Educacion-Prioridad-3.-PT-PROA-Refuerzo-Estival-Orientadores-Bilingue-y-AL-1448x2048.jpg 1448w" sizes="(max-width: 1587px) 100vw, 1587px" /> <img loading="lazy" decoding="async" class="aligncenter size-full wp-image-2033" src="https://blogsaverroes.juntadeandalucia.es/colegioandalucia/files/2025/05/Carteleria_FSE-2021-27.-Educacion-Prioridad-7.-ZNTS.png" alt="" width="1587" height="2245" srcset="https://blogsaverroes.juntadeandalucia.es/colegioandalucia/files/2025/05/Carteleria_FSE-2021-27.-Educacion-Prioridad-7.-ZNTS.png 1587w, https://blogsaverroes.juntadeandalucia.es/colegioandalucia/files/2025/05/Carteleria_FSE-2021-27.-Educacion-Prioridad-7.-ZNTS-212x300.png 212w, https://blogsaverroes.juntadeandalucia.es/colegioandalucia/files/2025/05/Carteleria_FSE-2021-27.-Educacion-Prioridad-7.-ZNTS-724x1024.png 724w, https://blogsaverroes.juntadeandalucia.es/colegioandalucia/files/2025/05/Carteleria_FSE-2021-27.-Educacion-Prioridad-7.-ZNTS-768x1086.png 768w, https://blogsaverroes.juntadeandalucia.es/colegioandalucia/files/2025/05/Carteleria_FSE-2021-27.-Educacion-Prioridad-7.-ZNTS-1086x1536.png 1086w, https://blogsaverroes.juntadeandalucia.es/colegioandalucia/files/2025/05/Carteleria_FSE-2021-27.-Educacion-Prioridad-7.-ZNTS-1448x2048.png 1448w" sizes="(max-width: 1587px) 100vw, 1587px" /></p>
<p>&nbsp;</p>
<p>&nbsp;</p>

<p>Estimadas familias, El CEIP Andalucía de Fuengirola es un centro que cuenta con varios programas que son desarrollados y cofinanciados por Fondos Sociales Europeos para el presente curso. Los Fondos Sociales Europeos (FSE) financian&#46;&#46;&#46;</p>
