{"id":425,"date":"2017-01-22T21:10:44","date_gmt":"2017-01-22T20:10:44","guid":{"rendered":"http:\/\/blogsaverroes.juntadeandalucia.es\/colegioandalucia\/?page_id=425"},"modified":"2019-02-18T10:30:06","modified_gmt":"2019-02-18T09:30:06","slug":"dia-de-andalucia","status":"publish","type":"page","link":"https:\/\/blogsaverroes.juntadeandalucia.es\/colegioandalucia\/dia-de-andalucia\/","title":{"rendered":"D\u00eda de Andaluc\u00eda"},"content":{"rendered":"<h2 style=\"text-align: center\"><em><span style=\"color: #008000\">Concurso de preguntas<\/span><\/em><\/h2>\n<p style=\"text-align: center\"><a href=\"https:\/\/drive.google.com\/file\/d\/0Byvt-T0cS26sOGk4MkFfVUdNUkU\/view?usp=sharing\" target=\"_blank\" rel=\"noopener\">Bases del concurso<\/a><\/p>\n<p style=\"text-align: center\"><a href=\"https:\/\/drive.google.com\/file\/d\/1T9PYBa2Ym_m1IqZ6h5zRzJmxz2CI9Iu_\/view\" target=\"_blank\" rel=\"noopener\">Cuaderno de preguntas<\/a><\/p>\n<p style=\"text-align: center\">&nbsp;<\/p>\n<p style=\"text-align: center\"><span style=\"color: #008000\"><strong>PROGRAMA DEL D\u00cdA DE ANDALUC\u00cdA 2019<\/strong><\/span><\/p>\n<p><img loading=\"lazy\" decoding=\"async\" class=\"aligncenter size-full wp-image-1011\" src=\"https:\/\/blogsaverroes.juntadeandalucia.es\/colegioandalucia\/files\/2017\/01\/Programa-2019_P\u00e1gina_2.png\" alt=\"\" width=\"2339\" height=\"1654\" srcset=\"https:\/\/blogsaverroes.juntadeandalucia.es\/colegioandalucia\/files\/2017\/01\/Programa-2019_P\u00e1gina_2.png 1600w, https:\/\/blogsaverroes.juntadeandalucia.es\/colegioandalucia\/files\/2017\/01\/Programa-2019_P\u00e1gina_2-300x212.png 300w, https:\/\/blogsaverroes.juntadeandalucia.es\/colegioandalucia\/files\/2017\/01\/Programa-2019_P\u00e1gina_2-768x543.png 768w, https:\/\/blogsaverroes.juntadeandalucia.es\/colegioandalucia\/files\/2017\/01\/Programa-2019_P\u00e1gina_2-1024x724.png 1024w, https:\/\/blogsaverroes.juntadeandalucia.es\/colegioandalucia\/files\/2017\/01\/Programa-2019_P\u00e1gina_2-24x17.png 24w, https:\/\/blogsaverroes.juntadeandalucia.es\/colegioandalucia\/files\/2017\/01\/Programa-2019_P\u00e1gina_2-36x25.png 36w, https:\/\/blogsaverroes.juntadeandalucia.es\/colegioandalucia\/files\/2017\/01\/Programa-2019_P\u00e1gina_2-48x34.png 48w\" sizes=\"(max-width: 2339px) 100vw, 2339px\" \/> <img loading=\"lazy\" decoding=\"async\" class=\"aligncenter size-full wp-image-1012\" src=\"https:\/\/blogsaverroes.juntadeandalucia.es\/colegioandalucia\/files\/2017\/01\/Programa-2019_P\u00e1gina_1.png\" alt=\"\" width=\"2339\" height=\"1654\" srcset=\"https:\/\/blogsaverroes.juntadeandalucia.es\/colegioandalucia\/files\/2017\/01\/Programa-2019_P\u00e1gina_1.png 1600w, https:\/\/blogsaverroes.juntadeandalucia.es\/colegioandalucia\/files\/2017\/01\/Programa-2019_P\u00e1gina_1-300x212.png 300w, https:\/\/blogsaverroes.juntadeandalucia.es\/colegioandalucia\/files\/2017\/01\/Programa-2019_P\u00e1gina_1-768x543.png 768w, https:\/\/blogsaverroes.juntadeandalucia.es\/colegioandalucia\/files\/2017\/01\/Programa-2019_P\u00e1gina_1-1024x724.png 1024w, https:\/\/blogsaverroes.juntadeandalucia.es\/colegioandalucia\/files\/2017\/01\/Programa-2019_P\u00e1gina_1-24x17.png 24w, https:\/\/blogsaverroes.juntadeandalucia.es\/colegioandalucia\/files\/2017\/01\/Programa-2019_P\u00e1gina_1-36x25.png 36w, https:\/\/blogsaverroes.juntadeandalucia.es\/colegioandalucia\/files\/2017\/01\/Programa-2019_P\u00e1gina_1-48x34.png 48w\" sizes=\"(max-width: 2339px) 100vw, 2339px\" \/><\/p>\n<p>&nbsp;<\/p>\n<p><span style=\"color: #ff0000\"><b>Resumen de la celebraci\u00f3n del D\u00eda de Andaluc\u00eda 2019 en nuestro Centro, <\/b><b>Pr\u00f3ximamente<\/b><b>&#8230;.<\/b><\/span><\/p>\n","protected":false},"excerpt":{"rendered":"<p>Concurso de preguntas Bases del concurso Cuaderno de preguntas &nbsp; PROGRAMA DEL D\u00cdA DE ANDALUC\u00cdA 2019 &nbsp; Resumen de la celebraci\u00f3n del D\u00eda de Andaluc\u00eda 2019 en nuestro Centro, Pr\u00f3ximamente&#8230;.<\/p>\n","protected":false},"author":2050,"featured_media":0,"parent":0,"menu_order":0,"comment_status":"closed","ping_status":"open","template":"","meta":{"footnotes":""},"aioseo_notices":[],"_links":{"self":[{"href":"https:\/\/blogsaverroes.juntadeandalucia.es\/colegioandalucia\/wp-json\/wp\/v2\/pages\/425"}],"collection":[{"href":"https:\/\/blogsaverroes.juntadeandalucia.es\/colegioandalucia\/wp-json\/wp\/v2\/pages"}],"about":[{"href":"https:\/\/blogsaverroes.juntadeandalucia.es\/colegioandalucia\/wp-json\/wp\/v2\/types\/page"}],"author":[{"embeddable":true,"href":"https:\/\/blogsaverroes.juntadeandalucia.es\/colegioandalucia\/wp-json\/wp\/v2\/users\/2050"}],"replies":[{"embeddable":true,"href":"https:\/\/blogsaverroes.juntadeandalucia.es\/colegioandalucia\/wp-json\/wp\/v2\/comments?post=425"}],"version-history":[{"count":9,"href":"https:\/\/blogsaverroes.juntadeandalucia.es\/colegioandalucia\/wp-json\/wp\/v2\/pages\/425\/revisions"}],"predecessor-version":[{"id":1014,"href":"https:\/\/blogsaverroes.juntadeandalucia.es\/colegioandalucia\/wp-json\/wp\/v2\/pages\/425\/revisions\/1014"}],"wp:attachment":[{"href":"https:\/\/blogsaverroes.juntadeandalucia.es\/colegioandalucia\/wp-json\/wp\/v2\/media?parent=425"}],"curies":[{"name":"wp","href":"https:\/\/api.w.org\/{rel}","templated":true}]}}