{"id":707,"date":"2017-08-29T13:59:28","date_gmt":"2017-08-29T11:59:28","guid":{"rendered":"http:\/\/blogsaverroes.juntadeandalucia.es\/colegioandalucia\/?page_id=707"},"modified":"2025-06-26T18:07:13","modified_gmt":"2025-06-26T16:07:13","slug":"material-de-uso-personal-y-libros-de-texto","status":"publish","type":"page","link":"https:\/\/blogsaverroes.juntadeandalucia.es\/colegioandalucia\/material-de-uso-personal-y-libros-de-texto\/","title":{"rendered":"Material de uso personal y libros de texto"},"content":{"rendered":"<p><a href=\"https:\/\/blogsaverroes.juntadeandalucia.es\/colegioandalucia\/files\/2017\/06\/material-escolar.jpg\"><img loading=\"lazy\" decoding=\"async\" class=\"aligncenter wp-image-675 \" src=\"https:\/\/blogsaverroes.juntadeandalucia.es\/colegioandalucia\/files\/2017\/06\/material-escolar-300x133.jpg\" alt=\"\" width=\"422\" height=\"187\" srcset=\"https:\/\/blogsaverroes.juntadeandalucia.es\/colegioandalucia\/files\/2017\/06\/material-escolar-300x133.jpg 300w, https:\/\/blogsaverroes.juntadeandalucia.es\/colegioandalucia\/files\/2017\/06\/material-escolar-768x341.jpg 768w, https:\/\/blogsaverroes.juntadeandalucia.es\/colegioandalucia\/files\/2017\/06\/material-escolar-24x11.jpg 24w, https:\/\/blogsaverroes.juntadeandalucia.es\/colegioandalucia\/files\/2017\/06\/material-escolar-36x16.jpg 36w, https:\/\/blogsaverroes.juntadeandalucia.es\/colegioandalucia\/files\/2017\/06\/material-escolar-48x21.jpg 48w, https:\/\/blogsaverroes.juntadeandalucia.es\/colegioandalucia\/files\/2017\/06\/material-escolar.jpg 800w\" sizes=\"(max-width: 422px) 100vw, 422px\" \/><\/a><\/p>\n<p>&nbsp;<\/p>\n<h2 style=\"text-align: center\"><strong>Las Libretas personalizadas del colegio para este nuevo curso 25-26 y las agendas se podr\u00e1n recoger en nuestra AMPA<\/strong><\/h2>\n<p>&nbsp;<\/p>\n<p><strong>Desc\u00e1rgate la lista de materiales pinchando aqu\u00ed: <a href=\"https:\/\/drive.google.com\/file\/d\/12VHnsyongZRrXgqQZfhvlrhGsoXqbY1z\/view?usp=sharing\">Lista de Materiales curso 2025-26<img loading=\"lazy\" decoding=\"async\" class=\"aligncenter size-full wp-image-2049\" src=\"https:\/\/blogsaverroes.juntadeandalucia.es\/colegioandalucia\/files\/2025\/06\/Material-de-Uso-Personal-Alumno-2025-26-DEFINITIVO_Pagina_6.jpg\" alt=\"\" width=\"2339\" height=\"1653\" srcset=\"https:\/\/blogsaverroes.juntadeandalucia.es\/colegioandalucia\/files\/2025\/06\/Material-de-Uso-Personal-Alumno-2025-26-DEFINITIVO_Pagina_6.jpg 1600w, https:\/\/blogsaverroes.juntadeandalucia.es\/colegioandalucia\/files\/2025\/06\/Material-de-Uso-Personal-Alumno-2025-26-DEFINITIVO_Pagina_6-300x212.jpg 300w, https:\/\/blogsaverroes.juntadeandalucia.es\/colegioandalucia\/files\/2025\/06\/Material-de-Uso-Personal-Alumno-2025-26-DEFINITIVO_Pagina_6-1024x724.jpg 1024w, https:\/\/blogsaverroes.juntadeandalucia.es\/colegioandalucia\/files\/2025\/06\/Material-de-Uso-Personal-Alumno-2025-26-DEFINITIVO_Pagina_6-768x543.jpg 768w, https:\/\/blogsaverroes.juntadeandalucia.es\/colegioandalucia\/files\/2025\/06\/Material-de-Uso-Personal-Alumno-2025-26-DEFINITIVO_Pagina_6-1536x1086.jpg 1536w, https:\/\/blogsaverroes.juntadeandalucia.es\/colegioandalucia\/files\/2025\/06\/Material-de-Uso-Personal-Alumno-2025-26-DEFINITIVO_Pagina_6-2048x1447.jpg 2048w\" sizes=\"(max-width: 2339px) 100vw, 2339px\" \/><\/a><\/strong><\/p>\n<p>&nbsp;<\/p>\n<p><a href=\"https:\/\/drive.google.com\/file\/d\/12VHnsyongZRrXgqQZfhvlrhGsoXqbY1z\/view?usp=sharing\"><img loading=\"lazy\" decoding=\"async\" class=\"aligncenter size-full wp-image-2066\" src=\"https:\/\/blogsaverroes.juntadeandalucia.es\/colegioandalucia\/files\/2025\/06\/Material-de-Uso-Personal-Alumno-2025-26-DEFINITIVO_Pagina_1-2.jpg\" alt=\"\" width=\"1653\" height=\"2339\" srcset=\"https:\/\/blogsaverroes.juntadeandalucia.es\/colegioandalucia\/files\/2025\/06\/Material-de-Uso-Personal-Alumno-2025-26-DEFINITIVO_Pagina_1-2.jpg 1131w, https:\/\/blogsaverroes.juntadeandalucia.es\/colegioandalucia\/files\/2025\/06\/Material-de-Uso-Personal-Alumno-2025-26-DEFINITIVO_Pagina_1-2-212x300.jpg 212w, https:\/\/blogsaverroes.juntadeandalucia.es\/colegioandalucia\/files\/2025\/06\/Material-de-Uso-Personal-Alumno-2025-26-DEFINITIVO_Pagina_1-2-724x1024.jpg 724w, https:\/\/blogsaverroes.juntadeandalucia.es\/colegioandalucia\/files\/2025\/06\/Material-de-Uso-Personal-Alumno-2025-26-DEFINITIVO_Pagina_1-2-768x1087.jpg 768w, https:\/\/blogsaverroes.juntadeandalucia.es\/colegioandalucia\/files\/2025\/06\/Material-de-Uso-Personal-Alumno-2025-26-DEFINITIVO_Pagina_1-2-1086x1536.jpg 1086w, https:\/\/blogsaverroes.juntadeandalucia.es\/colegioandalucia\/files\/2025\/06\/Material-de-Uso-Personal-Alumno-2025-26-DEFINITIVO_Pagina_1-2-1447x2048.jpg 1447w\" sizes=\"(max-width: 1653px) 100vw, 1653px\" \/><\/a> <img loading=\"lazy\" decoding=\"async\" class=\"aligncenter size-full wp-image-2067\" src=\"https:\/\/blogsaverroes.juntadeandalucia.es\/colegioandalucia\/files\/2025\/06\/Material-de-Uso-Personal-Alumno-2025-26-DEFINITIVO_Pagina_2-2.jpg\" alt=\"\" width=\"1653\" height=\"2339\" srcset=\"https:\/\/blogsaverroes.juntadeandalucia.es\/colegioandalucia\/files\/2025\/06\/Material-de-Uso-Personal-Alumno-2025-26-DEFINITIVO_Pagina_2-2.jpg 1653w, https:\/\/blogsaverroes.juntadeandalucia.es\/colegioandalucia\/files\/2025\/06\/Material-de-Uso-Personal-Alumno-2025-26-DEFINITIVO_Pagina_2-2-212x300.jpg 212w, https:\/\/blogsaverroes.juntadeandalucia.es\/colegioandalucia\/files\/2025\/06\/Material-de-Uso-Personal-Alumno-2025-26-DEFINITIVO_Pagina_2-2-724x1024.jpg 724w, https:\/\/blogsaverroes.juntadeandalucia.es\/colegioandalucia\/files\/2025\/06\/Material-de-Uso-Personal-Alumno-2025-26-DEFINITIVO_Pagina_2-2-768x1087.jpg 768w, https:\/\/blogsaverroes.juntadeandalucia.es\/colegioandalucia\/files\/2025\/06\/Material-de-Uso-Personal-Alumno-2025-26-DEFINITIVO_Pagina_2-2-1086x1536.jpg 1086w, https:\/\/blogsaverroes.juntadeandalucia.es\/colegioandalucia\/files\/2025\/06\/Material-de-Uso-Personal-Alumno-2025-26-DEFINITIVO_Pagina_2-2-1447x2048.jpg 1447w\" sizes=\"(max-width: 1653px) 100vw, 1653px\" \/> <img loading=\"lazy\" decoding=\"async\" class=\"aligncenter size-full wp-image-2068\" src=\"https:\/\/blogsaverroes.juntadeandalucia.es\/colegioandalucia\/files\/2025\/06\/Material-de-Uso-Personal-Alumno-2025-26-DEFINITIVO_Pagina_3-2.jpg\" alt=\"\" width=\"1653\" height=\"2339\" srcset=\"https:\/\/blogsaverroes.juntadeandalucia.es\/colegioandalucia\/files\/2025\/06\/Material-de-Uso-Personal-Alumno-2025-26-DEFINITIVO_Pagina_3-2.jpg 1131w, https:\/\/blogsaverroes.juntadeandalucia.es\/colegioandalucia\/files\/2025\/06\/Material-de-Uso-Personal-Alumno-2025-26-DEFINITIVO_Pagina_3-2-212x300.jpg 212w, https:\/\/blogsaverroes.juntadeandalucia.es\/colegioandalucia\/files\/2025\/06\/Material-de-Uso-Personal-Alumno-2025-26-DEFINITIVO_Pagina_3-2-724x1024.jpg 724w, https:\/\/blogsaverroes.juntadeandalucia.es\/colegioandalucia\/files\/2025\/06\/Material-de-Uso-Personal-Alumno-2025-26-DEFINITIVO_Pagina_3-2-768x1087.jpg 768w, https:\/\/blogsaverroes.juntadeandalucia.es\/colegioandalucia\/files\/2025\/06\/Material-de-Uso-Personal-Alumno-2025-26-DEFINITIVO_Pagina_3-2-1086x1536.jpg 1086w, https:\/\/blogsaverroes.juntadeandalucia.es\/colegioandalucia\/files\/2025\/06\/Material-de-Uso-Personal-Alumno-2025-26-DEFINITIVO_Pagina_3-2-1447x2048.jpg 1447w\" sizes=\"(max-width: 1653px) 100vw, 1653px\" \/> <img loading=\"lazy\" decoding=\"async\" class=\"aligncenter size-full wp-image-2069\" src=\"https:\/\/blogsaverroes.juntadeandalucia.es\/colegioandalucia\/files\/2025\/06\/Material-de-Uso-Personal-Alumno-2025-26-DEFINITIVO_Pagina_4-3.jpg\" alt=\"\" width=\"1653\" height=\"2339\" srcset=\"https:\/\/blogsaverroes.juntadeandalucia.es\/colegioandalucia\/files\/2025\/06\/Material-de-Uso-Personal-Alumno-2025-26-DEFINITIVO_Pagina_4-3.jpg 1131w, https:\/\/blogsaverroes.juntadeandalucia.es\/colegioandalucia\/files\/2025\/06\/Material-de-Uso-Personal-Alumno-2025-26-DEFINITIVO_Pagina_4-3-212x300.jpg 212w, https:\/\/blogsaverroes.juntadeandalucia.es\/colegioandalucia\/files\/2025\/06\/Material-de-Uso-Personal-Alumno-2025-26-DEFINITIVO_Pagina_4-3-724x1024.jpg 724w, https:\/\/blogsaverroes.juntadeandalucia.es\/colegioandalucia\/files\/2025\/06\/Material-de-Uso-Personal-Alumno-2025-26-DEFINITIVO_Pagina_4-3-768x1087.jpg 768w, https:\/\/blogsaverroes.juntadeandalucia.es\/colegioandalucia\/files\/2025\/06\/Material-de-Uso-Personal-Alumno-2025-26-DEFINITIVO_Pagina_4-3-1086x1536.jpg 1086w, https:\/\/blogsaverroes.juntadeandalucia.es\/colegioandalucia\/files\/2025\/06\/Material-de-Uso-Personal-Alumno-2025-26-DEFINITIVO_Pagina_4-3-1447x2048.jpg 1447w\" sizes=\"(max-width: 1653px) 100vw, 1653px\" \/><\/p>\n<p>&nbsp;<\/p>\n<h1 style=\"text-align: center\"><span style=\"text-decoration: underline\"><span style=\"color: #339966;text-decoration: underline\">Relaci\u00f3n de libros usados en cada materia<\/span><\/span><\/h1>\n<p>&nbsp;<\/p>\n<p>&nbsp;<\/p>\n<p><img loading=\"lazy\" decoding=\"async\" class=\"aligncenter size-full wp-image-1761\" src=\"https:\/\/blogsaverroes.juntadeandalucia.es\/colegioandalucia\/files\/2023\/07\/Relacion_de_libros_usados_en_cada_materia_1.jpg\" alt=\"\" width=\"1123\" height=\"793\" srcset=\"https:\/\/blogsaverroes.juntadeandalucia.es\/colegioandalucia\/files\/2023\/07\/Relacion_de_libros_usados_en_cada_materia_1.jpg 1123w, https:\/\/blogsaverroes.juntadeandalucia.es\/colegioandalucia\/files\/2023\/07\/Relacion_de_libros_usados_en_cada_materia_1-300x212.jpg 300w, https:\/\/blogsaverroes.juntadeandalucia.es\/colegioandalucia\/files\/2023\/07\/Relacion_de_libros_usados_en_cada_materia_1-1024x723.jpg 1024w, https:\/\/blogsaverroes.juntadeandalucia.es\/colegioandalucia\/files\/2023\/07\/Relacion_de_libros_usados_en_cada_materia_1-768x542.jpg 768w\" sizes=\"(max-width: 1123px) 100vw, 1123px\" \/> <img loading=\"lazy\" decoding=\"async\" class=\"aligncenter size-full wp-image-1762\" src=\"https:\/\/blogsaverroes.juntadeandalucia.es\/colegioandalucia\/files\/2023\/07\/Relacion_de_libros_usados_en_cada_materia_2.jpg\" alt=\"\" width=\"1123\" height=\"793\" srcset=\"https:\/\/blogsaverroes.juntadeandalucia.es\/colegioandalucia\/files\/2023\/07\/Relacion_de_libros_usados_en_cada_materia_2.jpg 1123w, https:\/\/blogsaverroes.juntadeandalucia.es\/colegioandalucia\/files\/2023\/07\/Relacion_de_libros_usados_en_cada_materia_2-300x212.jpg 300w, https:\/\/blogsaverroes.juntadeandalucia.es\/colegioandalucia\/files\/2023\/07\/Relacion_de_libros_usados_en_cada_materia_2-1024x723.jpg 1024w, https:\/\/blogsaverroes.juntadeandalucia.es\/colegioandalucia\/files\/2023\/07\/Relacion_de_libros_usados_en_cada_materia_2-768x542.jpg 768w\" sizes=\"(max-width: 1123px) 100vw, 1123px\" \/> <img loading=\"lazy\" decoding=\"async\" class=\"aligncenter size-full wp-image-1763\" src=\"https:\/\/blogsaverroes.juntadeandalucia.es\/colegioandalucia\/files\/2023\/07\/Relacion_de_libros_usados_en_cada_materia_3.jpg\" alt=\"\" width=\"1123\" height=\"793\" srcset=\"https:\/\/blogsaverroes.juntadeandalucia.es\/colegioandalucia\/files\/2023\/07\/Relacion_de_libros_usados_en_cada_materia_3.jpg 1123w, https:\/\/blogsaverroes.juntadeandalucia.es\/colegioandalucia\/files\/2023\/07\/Relacion_de_libros_usados_en_cada_materia_3-300x212.jpg 300w, https:\/\/blogsaverroes.juntadeandalucia.es\/colegioandalucia\/files\/2023\/07\/Relacion_de_libros_usados_en_cada_materia_3-1024x723.jpg 1024w, https:\/\/blogsaverroes.juntadeandalucia.es\/colegioandalucia\/files\/2023\/07\/Relacion_de_libros_usados_en_cada_materia_3-768x542.jpg 768w\" sizes=\"(max-width: 1123px) 100vw, 1123px\" \/><\/p>\n<p>&nbsp;<\/p>\n<p>&nbsp;<\/p>\n<p>&nbsp;<\/p>\n<p>&nbsp;<\/p>\n<p>&nbsp;<\/p>\n<p>&nbsp;<\/p>\n<p>&nbsp;<\/p>\n<p>&nbsp;<\/p>\n","protected":false},"excerpt":{"rendered":"<p>&nbsp; Las Libretas personalizadas del colegio para este nuevo curso 25-26 y las agendas se podr\u00e1n recoger en nuestra AMPA &nbsp; Desc\u00e1rgate la lista de materiales pinchando aqu\u00ed: Lista de Materiales curso 2025-26 &nbsp;&#46;&#46;&#46;<\/p>\n","protected":false},"author":2050,"featured_media":0,"parent":0,"menu_order":0,"comment_status":"closed","ping_status":"closed","template":"","meta":{"footnotes":""},"aioseo_notices":[],"_links":{"self":[{"href":"https:\/\/blogsaverroes.juntadeandalucia.es\/colegioandalucia\/wp-json\/wp\/v2\/pages\/707"}],"collection":[{"href":"https:\/\/blogsaverroes.juntadeandalucia.es\/colegioandalucia\/wp-json\/wp\/v2\/pages"}],"about":[{"href":"https:\/\/blogsaverroes.juntadeandalucia.es\/colegioandalucia\/wp-json\/wp\/v2\/types\/page"}],"author":[{"embeddable":true,"href":"https:\/\/blogsaverroes.juntadeandalucia.es\/colegioandalucia\/wp-json\/wp\/v2\/users\/2050"}],"replies":[{"embeddable":true,"href":"https:\/\/blogsaverroes.juntadeandalucia.es\/colegioandalucia\/wp-json\/wp\/v2\/comments?post=707"}],"version-history":[{"count":27,"href":"https:\/\/blogsaverroes.juntadeandalucia.es\/colegioandalucia\/wp-json\/wp\/v2\/pages\/707\/revisions"}],"predecessor-version":[{"id":2070,"href":"https:\/\/blogsaverroes.juntadeandalucia.es\/colegioandalucia\/wp-json\/wp\/v2\/pages\/707\/revisions\/2070"}],"wp:attachment":[{"href":"https:\/\/blogsaverroes.juntadeandalucia.es\/colegioandalucia\/wp-json\/wp\/v2\/media?parent=707"}],"curies":[{"name":"wp","href":"https:\/\/api.w.org\/{rel}","templated":true}]}}