{"id":82,"date":"2015-03-16T06:59:55","date_gmt":"2015-03-16T06:59:55","guid":{"rendered":"http:\/\/blogsaverroes.juntadeandalucia.es\/pre\/ceip\/?page_id=82"},"modified":"2024-12-01T18:10:38","modified_gmt":"2024-12-01T18:10:38","slug":"horarios","status":"publish","type":"page","link":"https:\/\/blogsaverroes.juntadeandalucia.es\/colegioandersen\/?page_id=82","title":{"rendered":"Horarios"},"content":{"rendered":"<p><span style=\"background-color: #ffffff\"><strong>ENTRADA AL CENTRO:<\/strong><\/span><\/p>\n<p><span style=\"background-color: #ffffff\"><strong>El centro abrir\u00e1 sus puertas a las 9:00 para la entrada del alumnado y se cerrar\u00e1n a las 9:05 horas. Este a\u00f1o es de especial importancia la puntualidad.<\/strong><\/span><\/p>\n<p><span style=\"background-color: #ffffff\"><strong>En caso de llegar tarde el acceso se realizar\u00e1 por la puerta de administraci\u00f3n y deber\u00e1n esperar a que un miembro del equipo directivo o del equipo docente se dirijan a ustedes, recoja al alumno\/a y lo lleve a su aula.<\/strong><\/span><\/p>\n<p><span style=\"background-color: #ffffff\"><strong>El horario de docencia sigue siendo en Educaci\u00f3n Infantil y Primaria de 9:00 a 14:00 horas.<\/strong><\/span><\/p>\n<p><span style=\"background-color: #ffffff\"><strong>SALIDA DEL CENTRO:<\/strong><\/span><\/p>\n<p><span style=\"background-color: #ffffff\"><strong>A las 14 horas.<\/strong><\/span><\/p>\n<p>&nbsp;<\/p>\n","protected":false},"excerpt":{"rendered":"<p>ENTRADA AL CENTRO: El centro abrir\u00e1 sus puertas a las 9:00 para la entrada del alumnado y se cerrar\u00e1n a las 9:05 horas. Este a\u00f1o es de especial importancia la puntualidad. En caso de&#46;&#46;&#46;<\/p>\n","protected":false},"author":1,"featured_media":0,"parent":0,"menu_order":0,"comment_status":"closed","ping_status":"open","template":"","meta":{"ngg_post_thumbnail":0,"footnotes":"","_mc_calendar":[]},"aioseo_notices":[],"_links":{"self":[{"href":"https:\/\/blogsaverroes.juntadeandalucia.es\/colegioandersen\/index.php?rest_route=\/wp\/v2\/pages\/82"}],"collection":[{"href":"https:\/\/blogsaverroes.juntadeandalucia.es\/colegioandersen\/index.php?rest_route=\/wp\/v2\/pages"}],"about":[{"href":"https:\/\/blogsaverroes.juntadeandalucia.es\/colegioandersen\/index.php?rest_route=\/wp\/v2\/types\/page"}],"author":[{"embeddable":true,"href":"https:\/\/blogsaverroes.juntadeandalucia.es\/colegioandersen\/index.php?rest_route=\/wp\/v2\/users\/1"}],"replies":[{"embeddable":true,"href":"https:\/\/blogsaverroes.juntadeandalucia.es\/colegioandersen\/index.php?rest_route=%2Fwp%2Fv2%2Fcomments&post=82"}],"version-history":[{"count":15,"href":"https:\/\/blogsaverroes.juntadeandalucia.es\/colegioandersen\/index.php?rest_route=\/wp\/v2\/pages\/82\/revisions"}],"predecessor-version":[{"id":3256,"href":"https:\/\/blogsaverroes.juntadeandalucia.es\/colegioandersen\/index.php?rest_route=\/wp\/v2\/pages\/82\/revisions\/3256"}],"wp:attachment":[{"href":"https:\/\/blogsaverroes.juntadeandalucia.es\/colegioandersen\/index.php?rest_route=%2Fwp%2Fv2%2Fmedia&parent=82"}],"curies":[{"name":"wp","href":"https:\/\/api.w.org\/{rel}","templated":true}]}}